INSERT INTO `move_type` (`moveid`, `typeid`) VALUES
(82176, 14),
(82177, 2),
(82178, 14),
(82179, 14),
(82180, 14),
(82181, 14),
(82182, 14),
(82183, 14),
(82184, 15),
(82185, 14),
(82186, 14),
(82187, 14),
(82188, 14),
(82189, 4),
(82190, 14),
(82191, 14),
(82192, 15),
(82193, 18),
(82194, 19),
(82195, 14),
(82196, 14),
(82198, 18),
(82199, 14),
(82200, 14),
(82201, 14),
(82202, 19),
(82203, 2),
(82204, 2),
(82205, 14),
(82206, 14),
(82207, 14),
(82208, 14),
(82209, 2),
(82210, 14),
(82211, 14),
(82212, 14),
(82213, 14),
(82214, 14),
(82215, 19),
(82216, 14),
(82217, 14),
(82218, 14),
(82219, 14),
(82220, 14),
(82221, 14),
(82222, 14),
(82223, 14),
(82224, 14),
(82225, 14),
(82226, 14),
(82227, 14),
(82228, 4),
(82229, 14),
(82230, 14),
(82233, 14),
(82234, 2),
(82235, 4),
(82236, 14),
(82237, 5),
(82238, 14),
(82239, 14),
(82240, 23),
(82241, 14),
(82242, 4),
(82243, 14),
(82244, 14),
(82245, 14),
(82246, 14),
(82247, 14),
(82248, 14),
(82249, 14),
(82250, 14),
(82251, 4),
(82252, 14),
(82253, 14),
(82254, 14),
(82255, 14),
(82257, 14),
(82258, 19),
(82259, 14),
(82261, 4),
(82262, 14),
(82263, 14),
(82264, 14),
(82265, 14),
(82266, 14),
(82267, 14),
(82268, 19),
(82269, 14),
(82270, 14),
(82271, 14),
(82272, 2),
(82273, 14),
(82274, 14),
(82275, 14),
(82276, 14),
(82277, 14),
(82278, 14),
(82279, 19),
(82280, 14),
(82281, 18),
(82282, 14),
(82283, 14),
(82284, 4),
(82285, 2),
(82286, 4),
(82287, 14),
(82288, 14),
(82289, 14),
(82290, 14),
(82291, 14),
(82292, 14),
(82293, 14),
(82294, 14),
(82295, 14),
(82296, 4),
(82297, 14),
(82298, 4),
(82299, 4),
(82300, 5),
(82301, 14),
(82302, 14),
(82303, 14),
(82304, 4),
(82305, 15),
(82306, 14),
(82307, 14),
(82308, 19),
(82309, 15),
(82310, 14),
(82311, 14),
(82312, 18),
(82313, 4),
(82314, 14),
(82315, 14),
(82316, 21),
(82317, 14),
(82318, 14),
(82320, 5),
(82321, 14),
(82322, 14),
(82323, 14),
(82324, 15),
(82325, 14),
(82326, 14),
(82327, 2),
(82329, 14),
(82331, 4),
(82332, 14),
(82333, 14),
(82334, 2),
(82335, 14),
(82336, 14),
(82337, 14),
(82338, 2),
(82339, 14),
(82340, 14),
(82341, 14),
(82342, 5),
(82343, 14),
(82344, 14),
(82345, 2),
(82346, 14),
(82347, 14),
(82348, 14),
(82349, 14),
(82350, 14),
(82351, 14),
(82352, 4),
(82353, 14),
(82354, 4),
(82355, 14),
(82356, 14),
(82357, 4),
(82358, 4),
(82359, 14),
(82360, 14),
(82361, 14),
(82362, 14),
(82363, 2),
(82365, 4),
(82366, 14),
(82367, 5),
(82368, 14),
(82369, 14),
(82370, 14),
(82371, 14),
(82372, 4),
(82373, 4),
(82374, 4),
(82375, 14),
(82376, 14),
(82377, 14),
(82378, 4),
(82379, 2),
(82381, 5),
(82383, 14),
(82384, 2),
(82385, 14),
(82386, 14),
(82387, 4),
(82388, 4),
(82389, 14),
(82390, 14),
(82391, 14),
(82392, 14),
(82393, 2),
(82394, 14),
(82395, 14),
(82396, 2),
(82397, 19),
(82398, 14),
(82400, 14),
(82401, 2),
(82402, 14),
(82403, 14),
(82404, 14),
(82405, 5),
(82406, 14),
(82407, 14),
(82408, 5),
(82409, 4),
(82410, 14),
(82411, 4),
(82412, 4),
(82413, 4),
(82414, 14),
(82415, 14),
(82416, 4),
(82417, 14),
(82418, 14),
(82419, 14),
(82420, 14),
(82421, 2),
(82422, 14),
(82423, 14),
(82424, 14),
(82425, 14),
(82426, 15),
(82427, 14),
(82428, 11),
(82429, 14),
(82430, 14),
(82431, 14),
(82432, 14),
(82433, 14),
(82434, 14),
(82435, 15),
(82436, 14),
(82437, 18),
(82438, 14),
(82439, 14),
(82440, 14),
(82441, 14),
(82442, 14),
(82443, 4),
(82444, 15),
(82445, 15),
(82446, 11),
(82447, 14),
(82448, 14),
(82449, 14),
(82450, 15),
(82451, 15),
(82452, 21),
(82453, 14),
(82454, 14),
(82455, 14),
(82456, 14),
(82457, 2),
(82458, 14),
(82459, 5),
(82460, 14),
(82461, 14),
(82462, 14),
(82463, 4),
(82464, 14),
(82465, 14),
(82466, 14),
(82467, 14),
(82468, 14),
(82469, 19),
(82470, 14),
(82471, 14),
(82472, 14),
(82473, 14),
(82475, 14),
(82476, 14),
(82477, 2),
(82478, 14),
(82479, 14),
(82480, 14),
(82481, 14),
(82482, 15),
(82483, 14),
(82484, 14),
(82485, 14),
(82486, 14),
(82487, 2),
(82488, 21),
(82489, 2),
(82490, 4),
(82491, 15),
(82492, 14),
(82493, 14),
(82494, 14),
(82495, 15),
(82496, 14),
(82497, 14),
(82498, 14),
(82499, 14),
(82500, 14),
(82501, 14),
(82502, 14),
(82503, 18),
(82504, 14),
(82505, 14),
(82506, 14),
(82507, 4),
(82508, 14),
(82509, 4),
(82510, 14),
(82511, 4),
(82512, 19),
(82513, 14),
(82514, 14),
(82515, 4),
(82516, 2),
(82517, 14),
(82518, 14),
(82519, 14),
(82520, 14),
(82521, 14),
(82522, 14),
(82523, 14),
(82524, 14),
(82525, 14),
(82526, 14),
(82527, 11),
(82528, 2),
(82529, 14),
(82530, 14),
(82531, 14),
(82532, 19),
(82533, 14),
(82534, 4),
(82535, 4),
(82536, 14),
(82537, 18),
(82538, 14),
(82539, 14),
(82540, 14),
(82541, 14),
(82542, 14),
(82543, 14),
(82544, 14),
(82545, 15),
(82546, 4),
(82547, 15),
(82548, 15),
(82549, 15),
(82550, 14),
(82551, 14),
(82552, 15),
(82553, 18),
(82554, 14),
(82555, 18),
(82556, 15),
(82557, 14),
(82558, 4),
(82559, 18),
(82560, 14),
(82561, 15),
(82562, 4),
(82563, 4),
(82564, 14),
(82565, 14),
(82566, 14),
(82567, 14),
(82568, 14),
(82569, 14),
(82570, 4),
(82571, 2),
(82572, 14),
(82573, 14),
(82574, 14),
(82575, 14),
(82576, 4),
(82577, 14),
(82578, 14),
(82579, 14),
(82580, 14),
(82581, 18),
(82582, 14),
(82583, 14),
(82584, 4),
(82585, 5),
(82586, 14),
(82587, 14),
(82588, 4),
(82589, 4),
(82591, 14),
(82592, 14),
(82593, 14),
(82594, 14),
(82595, 14),
(82596, 14),
(82597, 4),
(82598, 14),
(82599, 14),
(82600, 14),
(82601, 8),
(82602, 4),
(82603, 14),
(82604, 4),
(82605, 2),
(82607, 14),
(82608, 14),
(82609, 14),
(82610, 4),
(82611, 4),
(82612, 14),
(82613, 14),
(82614, 14),
(82615, 14),
(82616, 14),
(82617, 15),
(82618, 14),
(82619, 15),
(82620, 4),
(82621, 15),
(82622, 4),
(82623, 4),
(82624, 14),
(82625, 14),
(82626, 14),
(82627, 14),
(82628, 14),
(82629, 14),
(82631, 4),
(82632, 4),
(82633, 14),
(82634, 14),
(82635, 14),
(82636, 14),
(82637, 14),
(82638, 14),
(82639, 14),
(82640, 14),
(82641, 14),
(82642, 14),
(82643, 14),
(82644, 14),
(82645, 14),
(82646, 23),
(82647, 4),
(82648, 14),
(82649, 14),
(82650, 14),
(82651, 14),
(82652, 14),
(82653, 14),
(82654, 19),
(82655, 19),
(82656, 14),
(82657, 14),
(82658, 4),
(82659, 5),
(82660, 14),
(82661, 14),
(82662, 5),
(82663, 4),
(82664, 4),
(82665, 14),
(82666, 14),
(82667, 14),
(82668, 14),
(82669, 14),
(82670, 19),
(82671, 14),
(82672, 14),
(82673, 14),
(82674, 4),
(82675, 14),
(82676, 14),
(82677, 14),
(82678, 14),
(82679, 14),
(82680, 14),
(82681, 11),
(82682, 4),
(82683, 4),
(82684, 14),
(82685, 2),
(82686, 19),
(82687, 2),
(82688, 14),
(82689, 14),
(82690, 14),
(82691, 14),
(82692, 15),
(82693, 19),
(82694, 14),
(82695, 4),
(82696, 4),
(82697, 14),
(82698, 18),
(82699, 4),
(82700, 14),
(82701, 4),
(82702, 4),
(82703, 16),
(82704, 14),
(82705, 14),
(82706, 14),
(82707, 14),
(82708, 4),
(82709, 14),
(82710, 14),
(82711, 2),
(82712, 4),
(82713, 2),
(82714, 14),
(82715, 4),
(82716, 4),
(82717, 14),
(82718, 14),
(82719, 14),
(82720, 14),
(82721, 14),
(82722, 14),
(82723, 14),
(82724, 14),
(82725, 14),
(82726, 14),
(82727, 14),
(82728, 14),
(82729, 4),
(82730, 4),
(82731, 14),
(82732, 14),
(82733, 4),
(82734, 14),
(82735, 13),
(82736, 14),
(82737, 14),
(82738, 19),
(82739, 4),
(82740, 14),
(82741, 14),
(82742, 14),
(82743, 14),
(82744, 14),
(82745, 14),
(82746, 14),
(82747, 14),
(82748, 16),
(82749, 14),
(82750, 14),
(82751, 2),
(82752, 14),
(82753, 4),
(82754, 14),
(82755, 18),
(82756, 14),
(82757, 14),
(82758, 4),
(82759, 2),
(82760, 14),
(82761, 14),
(82762, 4),
(82763, 4),
(82764, 18),
(82765, 2),
(82766, 16),
(82767, 2),
(82768, 2),
(82769, 14),
(82770, 14),
(82771, 4),
(82772, 2),
(82773, 4),
(82774, 18),
(82775, 4),
(82776, 18),
(82777, 14),
(82778, 14),
(82779, 4),
(82780, 14),
(82782, 14),
(82783, 4),
(82784, 4),
(82785, 14),
(82786, 14),
(82787, 14),
(82788, 18),
(82789, 14),
(82790, 14),
(82791, 14),
(82792, 14),
(82794, 14),
(82795, 14),
(82796, 14),
(82797, 14),
(82798, 18),
(82799, 19),
(82800, 14),
(82801, 14),
(82802, 4),
(82803, 18),
(82804, 14),
(82805, 19),
(82806, 14),
(82807, 14),
(82809, 14),
(82810, 14),
(82811, 18),
(82812, 14),
(82813, 19),
(82814, 14),
(82815, 14),
(82816, 14),
(82817, 2),
(82818, 14),
(82820, 14),
(82821, 14),
(82822, 14),
(82823, 14),
(82824, 14),
(82825, 14),
(82826, 19),
(82827, 4),
(82828, 2),
(82829, 14),
(82830, 14),
(82831, 14),
(82832, 14),
(82833, 14),
(82834, 4),
(82835, 4),
(82836, 14),
(82837, 14),
(82841, 5),
(82842, 18),
(82843, 18),
(82844, 4),
(82845, 4),
(82846, 15),
(82847, 13),
(82848, 4),
(82849, 14),
(82850, 15),
(82851, 19),
(82852, 15),
(82853, 14),
(82854, 14),
(82855, 14),
(82856, 14),
(82857, 14),
(82858, 14),
(82859, 14),
(82861, 14),
(82862, 16),
(82863, 2),
(82864, 14),
(82865, 14),
(82866, 4),
(82867, 14),
(82868, 14),
(82869, 14),
(82870, 15),
(82871, 14),
(82872, 14),
(82873, 14),
(82874, 14),
(82875, 14),
(82876, 14),
(82877, 14),
(82878, 14),
(82879, 2),
(82881, 2),
(82882, 4),
(82883, 14),
(82884, 14),
(82885, 14),
(82886, 15),
(82887, 14),
(82888, 14),
(82889, 14),
(82890, 14),
(82891, 14),
(82893, 14),
(82894, 2),
(82895, 14),
(82896, 14),
(82897, 14),
(82898, 14),
(82899, 14),
(82900, 4),
(82901, 4),
(82902, 21),
(82903, 2),
(82904, 14),
(82905, 14),
(82906, 4),
(82907, 14),
(82908, 14),
(82909, 14),
(82910, 14),
(82911, 14),
(82912, 14),
(82913, 14),
(82914, 14),
(82915, 14),
(82916, 14),
(82917, 14),
(82918, 14),
(82919, 4),
(82920, 14),
(82921, 14),
(82922, 14),
(82923, 14),
(82924, 2),
(82925, 11),
(82926, 2),
(82927, 2),
(82928, 2),
(82929, 4),
(82930, 14),
(82931, 14),
(82932, 14),
(82933, 14),
(82934, 14),
(82935, 14),
(82936, 14),
(82937, 14),
(82938, 4),
(82939, 14),
(82940, 14),
(82941, 14),
(82942, 4),
(82943, 14),
(82944, 14),
(82945, 14),
(82946, 14),
(82947, 4),
(82948, 14),
(82949, 19),
(82950, 19),
(82951, 2),
(82952, 14),
(82953, 14),
(82954, 14),
(82955, 14),
(82956, 14),
(82957, 4),
(82958, 4),
(82959, 14),
(82960, 14),
(82961, 14),
(82962, 14),
(82963, 14),
(82964, 14),
(82965, 18),
(82966, 14),
(82967, 14),
(82968, 14),
(82969, 4),
(82970, 14),
(82972, 14),
(82973, 2),
(82974, 18),
(82978, 19),
(82979, 2),
(82980, 14),
(82981, 14),
(82982, 14),
(82983, 14),
(82984, 2),
(82985, 14),
(82986, 14),
(82987, 14),
(82988, 14),
(82989, 14),
(82990, 14),
(82991, 14),
(82992, 4),
(82993, 4),
(82994, 4),
(82995, 14),
(82996, 14),
(82997, 14),
(82998, 14),
(82999, 14),
(83000, 4),
(83001, 14),
(83002, 19),
(83003, 2),
(83004, 14),
(83005, 14),
(83006, 18),
(83007, 18),
(83008, 21),
(83009, 21),
(83010, 4),
(83011, 14),
(83012, 14),
(83013, 14),
(83014, 14),
(83015, 18),
(83016, 14),
(83017, 14),
(83018, 14),
(83019, 14),
(83020, 14),
(83021, 14),
(83022, 14),
(83023, 14),
(83024, 14),
(83025, 2),
(83026, 14),
(83027, 14),
(83028, 11),
(83029, 14),
(83030, 14),
(83031, 18),
(83032, 4),
(83033, 4),
(83034, 14),
(83035, 2),
(83036, 14),
(83037, 14),
(83038, 11),
(83039, 4),
(83040, 14),
(83041, 14),
(83042, 23),
(83043, 14),
(83044, 14),
(83045, 18),
(83046, 14),
(83047, 14),
(83048, 14),
(83049, 4),
(83050, 15),
(83051, 15),
(83052, 14),
(83053, 14),
(83054, 4),
(83055, 4),
(83056, 14),
(83057, 14),
(83058, 19),
(83059, 14),
(83060, 15),
(83061, 14),
(83062, 18),
(83063, 4),
(83064, 21),
(83065, 4),
(83066, 14),
(83067, 11),
(83068, 14),
(83069, 14),
(83070, 14),
(83071, 14),
(83072, 14),
(83073, 14),
(83074, 14),
(83075, 14),
(83076, 14),
(83077, 14),
(83078, 4),
(83079, 14),
(83080, 14),
(83081, 4),
(83082, 4),
(83083, 4),
(83084, 14),
(83086, 14),
(83087, 4),
(83089, 4),
(83090, 15),
(83091, 2),
(83092, 2),
(83093, 14),
(83095, 2),
(83096, 14),
(83097, 14),
(83098, 4),
(83099, 14),
(83100, 14),
(83101, 14),
(83102, 14),
(83103, 14),
(83104, 14),
(83105, 19),
(83106, 14),
(83107, 4),
(83108, 4),
(83109, 14),
(83110, 14),
(83111, 4),
(83112, 4),
(83113, 18),
(83114, 14),
(83115, 18),
(83116, 4),
(83117, 14),
(83118, 23),
(83119, 2),
(83120, 2),
(83121, 14),
(83122, 14),
(83123, 14),
(83124, 14),
(83125, 14),
(83126, 14),
(83127, 14),
(83128, 14),
(83129, 14),
(83130, 4),
(83131, 4),
(83133, 4),
(83135, 14),
(83136, 14),
(83137, 14),
(83138, 14),
(83139, 14),
(83140, 14),
(83142, 4),
(83143, 14),
(83145, 4),
(83146, 14),
(83147, 14),
(83148, 19),
(83149, 4),
(83150, 14),
(83151, 5),
(83152, 14),
(83153, 14),
(83154, 14),
(83155, 4),
(83156, 14),
(83157, 4),
(83158, 4),
(83159, 14),
(83160, 14),
(83161, 14),
(83162, 2),
(83163, 4),
(83164, 14),
(83165, 15),
(83166, 15),
(83167, 14),
(83169, 14),
(83170, 14),
(83171, 14),
(83172, 14),
(83173, 18),
(83174, 14),
(83175, 18),
(83176, 14),
(83177, 19),
(83178, 14),
(83179, 14),
(83180, 14),
(83181, 4),
(83182, 14),
(83183, 16),
(83184, 14),
(83185, 14),
(83186, 14),
(83187, 18),
(83188, 14),
(83189, 14),
(83190, 19),
(83191, 2),
(83192, 14),
(83193, 14),
(83194, 14),
(83195, 2),
(83196, 14),
(83197, 14),
(83198, 4),
(83199, 14),
(83200, 10),
(83201, 4),
(83202, 14),
(83203, 14),
(83204, 2),
(83205, 14),
(83206, 14),
(83207, 2),
(83208, 4),
(83209, 14),
(83210, 14),
(83211, 14),
(83212, 18),
(83213, 14),
(83214, 14),
(83215, 18),
(83216, 19),
(83217, 4),
(83218, 14),
(83219, 14),
(83220, 14),
(83221, 14),
(83222, 14),
(83223, 14),
(83224, 14),
(83225, 14),
(83226, 2),
(83227, 14),
(83228, 14),
(83229, 19),
(83230, 2),
(83231, 14),
(83232, 14),
(83233, 14),
(83234, 14),
(83235, 14),
(83236, 14),
(83237, 14),
(83238, 14),
(83239, 15),
(83240, 14),
(83241, 14),
(83242, 14),
(83243, 14),
(83244, 14),
(83245, 14),
(83246, 14),
(83247, 14),
(83248, 14),
(83249, 4),
(83250, 14),
(83251, 14),
(83252, 14),
(83253, 4),
(83254, 21),
(83255, 4),
(83256, 4),
(83257, 14),
(83258, 14),
(83259, 4),
(83260, 14),
(83261, 14),
(83262, 14),
(83263, 14),
(83264, 4),
(83265, 14),
(83266, 14),
(83267, 19),
(83268, 14),
(83269, 15),
(83270, 14),
(83271, 14),
(83272, 14),
(83273, 14),
(83274, 14),
(83275, 4),
(83276, 14),
(83277, 14),
(83279, 11),
(83280, 18),
(83281, 18),
(83282, 14),
(83283, 14),
(83284, 14),
(83285, 14),
(83286, 14),
(83287, 14),
(83288, 14),
(83289, 18),
(83290, 14),
(83291, 14),
(83292, 14),
(83293, 14),
(83294, 14),
(83295, 19),
(83296, 14),
(83297, 14),
(83298, 14),
(83299, 14),
(83300, 14),
(83301, 14),
(83302, 14),
(83303, 4),
(83304, 18),
(83305, 14),
(83306, 4),
(83307, 14),
(83308, 19),
(83309, 14),
(83310, 23),
(83311, 19),
(83312, 14),
(83313, 4),
(83314, 14),
(83315, 14),
(83316, 4),
(83317, 14),
(83318, 14),
(83319, 14),
(83320, 14),
(83321, 5),
(83322, 14),
(83323, 14),
(83324, 14),
(83325, 14),
(83326, 14),
(83327, 14),
(83328, 19),
(83329, 14),
(83330, 4),
(83331, 23),
(83333, 14),
(83334, 4),
(83335, 14),
(83336, 14),
(83337, 14),
(83338, 14),
(83339, 2),
(83340, 2),
(83341, 14),
(83342, 14),
(83343, 11),
(83344, 14),
(83345, 14),
(83346, 14),
(83347, 14),
(83348, 14),
(83349, 14),
(83350, 2),
(83351, 14),
(83352, 14),
(83353, 4),
(83354, 14),
(83355, 14),
(83356, 14),
(83357, 2),
(83358, 14),
(83359, 14),
(83360, 14),
(83361, 18),
(83362, 14),
(83363, 18),
(83364, 14),
(83365, 4),
(83366, 14),
(83367, 4),
(83368, 14),
(83369, 14),
(83370, 14),
(83371, 14),
(83372, 14),
(83373, 14),
(83374, 14),
(83375, 15),
(83376, 14),
(83377, 14),
(83378, 14),
(83379, 14),
(83380, 14),
(83381, 19),
(83382, 14),
(83383, 4),
(83384, 4),
(83385, 14),
(83386, 2),
(83387, 14),
(83388, 14),
(83389, 4),
(83390, 14),
(83391, 4),
(83392, 14),
(83393, 4),
(83394, 4),
(83395, 4),
(83396, 14),
(83397, 2),
(83398, 4),
(83399, 14),
(83400, 14),
(83401, 14),
(83402, 14),
(83403, 14),
(83404, 14),
(83405, 14),
(83406, 14),
(83407, 4),
(83408, 16),
(83409, 14),
(83410, 14),
(83411, 4),
(83412, 14),
(83413, 14),
(83414, 14),
(83415, 14),
(83416, 14),
(83417, 10),
(83418, 14),
(83419, 14),
(83420, 14),
(83421, 14),
(83422, 14),
(83423, 2),
(83424, 14),
(83425, 14),
(83426, 14),
(83427, 4),
(83428, 4),
(83429, 14),
(83430, 14),
(83431, 14),
(83432, 2),
(83433, 2),
(83434, 4),
(83435, 14),
(83437, 19),
(83438, 14),
(83439, 4),
(83440, 14),
(83441, 19),
(83442, 14),
(83443, 4),
(83444, 4),
(83445, 14),
(83446, 4),
(83447, 14),
(83448, 14),
(83449, 14),
(83450, 14),
(83451, 14),
(83452, 4),
(83453, 4),
(83454, 4),
(83455, 14),
(83456, 14),
(83457, 14),
(83458, 14),
(83459, 14),
(83460, 14),
(83461, 14),
(83462, 14),
(83463, 14),
(83464, 14),
(83465, 14),
(83466, 4),
(83467, 14),
(83468, 14),
(83469, 18),
(83470, 14),
(83471, 4),
(83472, 5),
(83473, 2),
(83474, 2),
(83475, 14),
(83476, 14),
(83477, 14),
(83478, 14),
(83479, 15),
(83480, 19),
(83481, 14),
(83482, 14),
(83483, 14),
(83484, 14),
(83485, 4),
(83486, 14),
(83487, 14),
(83488, 2),
(83489, 2),
(83490, 19),
(83491, 14),
(83492, 14),
(83493, 14),
(83494, 14),
(83496, 14),
(83498, 14),
(83499, 4),
(83500, 14),
(83501, 5),
(83502, 4),
(83503, 14),
(83504, 14),
(83505, 18),
(83506, 14),
(83507, 2),
(83508, 2),
(83509, 14),
(83510, 4),
(83511, 4),
(83512, 14),
(83513, 14),
(83514, 4),
(83515, 14),
(83516, 14),
(83517, 4),
(83518, 14),
(83519, 4),
(83520, 18),
(83522, 14),
(83524, 5),
(83525, 4),
(83526, 4),
(83527, 14),
(83528, 14),
(83529, 14),
(83530, 14),
(83531, 14),
(83532, 14),
(83533, 14),
(83534, 14),
(83535, 2),
(83537, 14),
(83538, 14),
(83539, 14),
(83540, 2),
(83541, 14),
(83542, 4),
(83543, 19),
(83544, 14),
(83545, 14),
(83546, 14),
(83547, 21),
(83548, 14),
(83549, 4),
(83550, 14),
(83551, 14),
(83552, 14),
(83553, 14),
(83554, 14),
(83555, 4),
(83556, 2),
(83557, 14),
(83558, 14),
(83559, 14),
(83560, 14),
(83561, 14),
(83562, 19),
(83563, 14),
(83564, 6),
(83565, 14),
(83566, 4),
(83567, 4),
(83568, 15),
(83569, 14),
(83570, 14),
(83571, 2),
(83572, 14),
(83573, 14),
(83574, 14),
(83575, 23),
(83576, 14),
(83577, 4),
(83578, 14),
(83579, 15),
(83580, 15),
(83581, 14),
(83582, 16),
(83583, 4),
(83584, 15),
(83585, 2),
(83586, 14),
(83587, 14),
(83588, 5),
(83589, 14),
(83590, 14),
(83591, 14),
(83592, 14),
(83593, 14),
(83594, 14),
(83595, 4),
(83596, 4),
(83597, 18),
(83598, 15),
(83599, 14),
(83600, 14),
(83601, 14),
(83602, 14),
(83603, 14),
(83604, 4),
(83606, 14),
(83607, 15),
(83608, 14),
(83609, 14),
(83610, 15),
(83611, 4),
(83613, 14),
(83614, 14),
(83615, 14),
(83616, 14),
(83617, 14),
(83618, 14),
(83619, 14),
(83620, 15),
(83621, 14),
(83622, 14),
(83623, 14),
(83624, 15),
(83625, 14),
(83626, 4),
(83627, 15),
(83628, 14),
(83629, 14),
(83630, 14),
(83631, 4),
(83632, 15),
(83633, 15),
(83634, 21),
(83635, 14),
(83636, 21),
(83637, 4),
(83638, 4),
(83639, 14),
(83640, 14),
(83641, 14),
(83642, 14),
(83643, 14),
(83644, 14),
(83645, 23),
(83646, 14),
(83647, 18),
(83648, 14),
(83649, 14),
(83650, 14),
(83651, 14),
(83652, 14),
(83653, 14),
(83654, 4),
(83655, 4),
(83656, 14),
(83657, 2),
(83658, 2),
(83659, 19),
(83660, 4),
(83661, 19),
(83662, 19),
(83663, 14),
(83664, 14),
(83665, 14),
(83666, 14),
(83667, 14),
(83668, 14),
(83669, 14),
(83670, 23),
(83671, 14),
(83672, 14),
(83673, 14),
(83674, 18),
(83675, 14),
(83676, 14),
(83677, 4),
(83678, 2),
(83679, 15),
(83680, 14),
(83681, 2),
(83682, 14),
(83683, 4),
(83684, 14),
(83685, 14),
(83686, 14),
(83687, 14),
(83688, 14),
(83689, 14),
(83690, 4),
(83691, 11),
(83692, 4),
(83693, 4),
(83694, 14),
(83695, 14),
(83696, 14),
(83697, 14),
(83698, 2),
(83699, 14),
(83700, 14),
(83701, 14),
(83702, 14),
(83703, 15),
(83704, 5),
(83705, 14),
(83706, 14),
(83707, 14),
(83709, 19),
(83710, 19),
(83711, 2),
(83712, 18),
(83713, 14),
(83714, 23),
(83715, 2),
(83716, 23),
(83717, 4),
(83718, 14),
(83719, 14),
(83720, 11),
(83721, 14),
(83722, 14),
(83723, 14),
(83724, 4),
(83725, 4),
(83726, 21),
(83727, 14),
(83728, 14),
(83729, 11),
(83730, 14),
(83731, 14),
(83732, 14),
(83733, 19),
(83734, 14),
(83735, 4),
(83736, 4),
(83737, 19),
(83738, 14),
(83739, 14),
(83740, 14),
(83741, 4),
(83742, 14),
(83743, 14),
(83744, 14),
(83745, 10),
(83746, 5),
(83747, 14),
(83748, 4),
(83749, 14),
(83750, 14),
(83751, 11),
(83752, 14),
(83753, 14),
(83754, 4),
(83755, 14),
(83756, 14),
(83757, 14),
(83758, 15),
(83759, 4),
(83760, 14),
(83761, 14),
(83762, 14),
(83763, 14),
(83764, 14),
(83765, 14),
(83766, 5),
(83767, 14),
(83768, 14),
(83769, 2),
(83770, 18),
(83771, 23),
(83773, 14),
(83774, 14),
(83775, 14),
(83776, 4),
(83777, 14),
(83778, 4),
(83779, 14),
(83780, 14),
(83781, 2),
(83782, 2),
(83783, 14),
(83784, 14),
(83785, 14),
(83786, 14),
(83787, 14),
(83788, 14),
(83789, 2),
(83790, 4),
(83791, 14),
(83792, 14),
(83793, 14),
(83794, 14),
(83795, 14),
(83796, 14),
(83797, 14),
(83798, 14),
(83799, 14),
(83800, 14),
(83801, 23),
(83802, 14),
(83803, 14),
(83804, 14),
(83805, 14),
(83806, 23),
(83807, 23),
(83808, 4),
(83809, 21),
(83810, 14),
(83811, 14),
(83812, 14),
(83813, 14),
(83814, 14),
(83815, 14),
(83816, 14),
(83817, 2),
(83818, 14),
(83819, 5),
(83820, 14),
(83821, 14),
(83822, 14),
(83823, 4),
(83824, 2),
(83825, 14),
(83826, 14),
(83827, 14),
(83828, 14),
(83829, 4),
(83830, 14),
(83831, 14),
(83832, 4),
(83834, 4),
(83835, 2),
(83836, 14),
(83837, 2),
(83838, 14),
(83839, 14),
(83840, 14),
(83841, 14),
(83842, 14),
(83843, 14),
(83844, 14),
(83845, 21),
(83846, 14),
(83847, 14),
(83848, 14),
(83849, 14),
(83850, 4),
(83851, 14),
(83852, 14),
(83853, 14),
(83854, 14),
(83855, 14),
(83857, 14),
(83858, 4),
(83859, 19),
(83860, 15),
(83861, 11),
(83862, 14),
(83863, 14),
(83864, 14),
(83865, 14),
(83866, 4),
(83867, 15),
(83868, 14),
(83869, 14),
(83870, 14),
(83871, 14),
(83872, 4),
(83873, 14),
(83874, 19),
(83875, 15),
(83876, 14),
(83877, 14),
(83878, 19),
(83879, 4),
(83880, 14),
(83881, 2),
(83882, 14),
(83883, 14),
(83884, 14),
(83885, 14),
(83886, 2),
(83887, 18),
(83888, 4),
(83889, 14),
(83890, 14),
(83891, 14),
(83892, 14),
(83893, 14),
(83894, 4),
(83895, 5),
(83896, 14),
(83897, 14),
(83898, 4),
(83899, 4),
(83900, 4),
(83901, 4),
(83902, 14),
(83903, 14),
(83904, 14),
(83905, 15),
(83906, 15),
(83907, 14),
(83908, 14),
(83909, 15),
(83910, 15),
(83911, 14),
(83912, 14),
(83913, 18),
(83914, 14),
(83915, 14),
(83916, 18),
(83917, 14),
(83918, 19),
(83919, 15),
(83920, 14),
(83921, 14),
(83922, 5),
(83923, 4),
(83924, 14),
(83925, 14),
(83926, 4),
(83927, 14),
(83928, 14),
(83929, 14),
(83930, 14),
(83931, 2),
(83932, 14),
(83933, 19),
(83934, 19),
(83935, 14),
(83936, 14),
(83937, 14),
(83938, 14),
(83939, 19),
(83940, 14),
(83941, 14),
(83942, 4),
(83943, 21),
(83944, 19),
(83945, 5),
(83946, 5),
(83947, 23),
(83948, 15),
(83949, 14),
(83950, 14),
(83951, 14),
(83952, 14),
(83953, 14),
(83954, 14),
(83955, 5),
(83956, 14),
(83957, 14),
(83958, 18),
(83959, 5),
(83960, 14),
(83961, 14),
(83962, 14),
(83963, 14),
(83964, 14),
(83965, 14),
(83966, 14),
(83967, 15),
(83968, 14),
(83969, 18),
(83970, 10),
(83971, 4),
(83972, 14),
(83973, 14),
(83974, 19),
(83975, 11),
(83976, 14),
(83977, 14),
(83978, 2),
(83979, 2),
(83980, 14),
(83981, 14),
(83982, 14),
(83983, 2),
(83984, 14),
(83985, 18),
(83986, 5),
(83987, 11),
(83988, 14),
(83989, 14),
(83990, 14),
(83991, 4),
(83992, 4),
(83993, 4),
(83994, 14),
(83995, 14),
(83996, 4),
(83997, 14),
(83998, 4),
(83999, 4),
(84000, 14),
(84001, 5),
(84002, 14),
(84003, 4),
(84004, 14),
(84005, 14),
(84006, 4),
(84007, 14),
(84008, 14),
(84009, 14),
(84010, 14),
(84011, 14),
(84012, 14),
(84013, 4),
(84014, 14),
(84015, 14),
(84016, 14),
(84017, 14),
(84018, 14),
(84019, 11),
(84020, 14),
(84021, 18),
(84022, 4),
(84023, 5),
(84024, 4),
(84025, 4),
(84026, 14),
(84027, 14),
(84028, 14),
(84029, 5),
(84030, 5),
(84031, 15),
(84032, 14),
(84033, 19),
(84034, 4),
(84035, 15),
(84036, 14),
(84037, 14),
(84038, 15),
(84039, 19),
(84040, 14),
(84041, 15),
(84042, 15),
(84043, 2),
(84044, 6),
(84045, 19),
(84046, 14),
(84047, 14),
(84048, 14),
(84049, 19),
(84050, 14),
(84051, 14),
(84052, 4),
(84053, 4),
(84054, 19),
(84055, 4),
(84056, 14),
(84057, 4),
(84058, 14),
(84059, 19),
(84060, 14),
(84061, 14),
(84062, 14),
(84063, 23),
(84064, 15),
(84065, 14),
(84066, 14),
(84067, 14),
(84068, 14),
(84069, 14),
(84070, 14),
(84071, 14),
(84072, 14),
(84073, 14),
(84074, 6),
(84075, 6),
(84076, 14),
(84077, 14),
(84078, 14),
(84079, 14),
(84080, 14),
(84081, 14),
(84082, 4),
(84083, 4),
(84084, 4),
(84086, 4),
(84087, 14),
(84088, 14),
(84089, 14),
(84090, 14),
(84091, 19),
(84092, 19),
(84093, 14),
(84094, 14),
(84095, 2),
(84097, 4),
(84098, 14),
(84099, 14),
(84100, 14),
(84101, 2),
(84102, 14),
(84103, 4),
(84104, 14),
(84105, 14),
(84106, 14),
(84109, 14),
(84110, 14),
(84111, 14),
(84112, 14),
(84113, 18),
(84114, 14),
(84115, 14),
(84116, 14),
(84117, 14),
(84118, 4),
(84119, 14),
(84120, 14),
(84121, 5),
(84122, 5),
(84128, 14),
(84129, 5),
(84130, 14),
(84131, 14),
(84132, 14),
(84133, 14),
(84134, 14),
(84135, 15),
(84137, 4),
(84138, 14),
(84139, 14),
(84140, 14),
(84141, 4),
(84142, 14),
(84143, 14),
(84144, 14),
(84145, 14),
(84146, 4),
(84147, 4),
(84148, 4),
(84149, 14),
(84150, 4),
(84151, 14),
(84152, 14),
(84153, 19),
(84154, 14),
(84155, 14),
(84156, 14),
(84157, 14),
(84158, 14),
(84159, 14),
(84160, 14),
(84161, 14),
(84162, 14),
(84163, 19),
(84164, 14),
(84165, 18),
(84166, 14),
(84167, 14),
(84168, 14),
(84169, 19),
(84170, 14),
(84171, 14),
(84172, 4),
(84173, 5),
(84174, 14),
(84175, 15),
(84177, 14),
(84179, 14),
(84180, 14),
(84181, 14),
(84182, 14),
(84183, 15),
(84184, 19),
(84185, 18),
(84186, 14),
(84187, 19),
(84188, 14),
(84189, 14),
(84191, 14),
(84192, 14),
(84193, 14),
(84194, 4),
(84195, 4),
(84196, 2),
(84197, 14),
(84198, 4),
(84199, 14),
(84200, 14),
(84201, 14),
(84202, 4),
(84203, 14),
(84204, 2),
(84206, 14),
(84207, 19),
(84208, 4),
(84209, 14),
(84210, 4),
(84211, 6),
(84212, 14),
(84213, 14),
(84214, 14),
(84215, 14),
(84216, 14),
(84217, 18),
(84218, 14),
(84219, 14),
(84220, 14),
(84221, 14),
(84222, 14),
(84223, 14),
(84224, 2),
(84225, 14),
(84226, 15),
(84227, 2),
(84228, 14),
(84229, 14),
(84230, 14),
(84231, 14),
(84232, 14),
(84234, 14),
(84235, 2),
(84236, 14),
(84237, 14),
(84238, 14),
(84239, 4),
(84240, 14),
(84241, 14),
(84242, 14),
(84243, 14),
(84244, 14),
(84245, 14),
(84246, 14),
(84247, 14),
(84248, 14),
(84249, 14),
(84250, 14),
(84251, 14),
(84252, 14),
(84254, 14),
(84255, 14),
(84256, 14),
(84257, 14),
(84258, 14),
(84259, 4),
(84260, 2),
(84261, 14),
(84262, 14),
(84263, 14),
(84264, 14),
(84266, 14),
(84267, 18),
(84268, 15),
(84269, 14),
(84270, 14),
(84271, 18),
(84272, 2),
(84273, 2),
(84274, 18),
(84275, 14),
(84276, 15),
(84277, 15),
(84278, 14),
(84279, 14),
(84280, 23),
(84282, 14),
(84283, 14),
(84284, 4),
(84285, 5),
(84286, 14),
(84287, 18),
(84288, 14),
(84289, 14),
(84290, 4),
(84291, 4),
(84292, 4),
(84293, 14),
(84294, 11),
(84295, 14),
(84296, 18),
(84297, 14),
(84298, 14),
(84299, 4),
(84300, 14),
(84301, 14),
(84302, 14),
(84303, 4),
(84304, 14),
(84305, 14),
(84306, 4),
(84307, 14),
(84308, 14),
(84309, 14),
(84310, 14),
(84311, 14),
(84312, 14),
(84313, 18),
(84314, 14),
(84315, 14),
(84316, 14),
(84317, 14),
(84318, 4),
(84319, 16),
(84320, 14),
(84321, 2),
(84322, 14),
(84323, 14),
(84324, 14),
(84326, 14),
(84327, 2),
(84328, 14),
(84329, 2),
(84330, 14),
(84331, 14),
(84332, 4),
(84333, 14),
(84334, 14),
(84335, 2),
(84336, 4),
(84337, 14),
(84338, 14),
(84339, 14),
(84340, 15),
(84341, 15),
(84342, 4),
(84343, 4),
(84344, 2),
(84345, 11),
(84346, 19),
(84347, 4),
(84348, 14),
(84349, 14),
(84350, 14),
(84351, 15),
(84352, 19),
(84353, 14),
(84354, 14),
(84355, 14),
(84356, 4),
(84357, 14),
(84358, 14),
(84359, 14),
(84360, 14),
(84361, 15),
(84362, 14),
(84363, 2),
(84364, 14),
(84365, 14),
(84366, 14),
(84367, 14),
(84368, 14),
(84369, 14),
(84370, 14),
(84371, 14),
(84372, 14),
(84373, 14),
(84374, 14),
(84375, 14),
(84376, 14),
(84377, 14),
(84378, 5),
(84379, 14),
(84380, 14),
(84381, 4),
(84382, 4),
(84383, 2),
(84384, 14),
(84385, 19),
(84386, 14),
(84387, 4),
(84388, 14),
(84389, 14),
(84390, 14),
(84391, 18),
(84392, 14),
(84393, 19),
(84394, 4),
(84395, 4),
(84396, 4),
(84397, 4),
(84398, 14),
(84399, 4),
(84400, 5),
(84401, 14),
(84402, 14),
(84403, 4),
(84404, 4),
(84405, 21),
(84406, 14),
(84407, 14),
(84408, 14),
(84409, 4),
(84410, 2),
(84411, 14),
(84412, 14),
(84413, 14),
(84414, 15),
(84415, 14),
(84416, 4),
(84417, 4),
(84418, 14),
(84419, 11),
(84420, 4),
(84421, 14),
(84422, 14),
(84423, 14),
(84424, 14),
(84425, 5),
(84426, 14),
(84427, 14),
(84428, 14),
(84429, 14),
(84430, 14),
(84431, 14),
(84432, 14),
(84433, 14),
(84434, 18),
(84435, 14),
(84436, 14),
(84437, 14),
(84438, 14),
(84439, 14),
(84440, 14),
(84441, 14),
(84442, 14),
(84443, 14),
(84444, 16),
(84445, 4),
(84446, 14),
(84447, 14),
(84448, 14),
(84449, 14),
(84450, 4),
(84451, 15),
(84452, 19),
(84453, 14),
(84454, 14),
(84455, 14),
(84456, 14),
(84457, 14),
(84458, 14),
(84459, 14),
(84460, 14),
(84461, 4),
(84462, 5),
(84463, 14),
(84464, 14),
(84465, 4),
(84466, 5),
(84467, 2),
(84468, 4),
(84469, 14),
(84470, 14),
(84471, 4),
(84472, 4),
(84473, 14),
(84474, 14),
(84475, 14),
(84476, 4),
(84477, 4),
(84478, 14),
(84479, 21),
(84480, 19),
(84481, 14),
(84482, 14),
(84483, 14),
(84484, 14),
(84485, 14),
(84486, 14),
(84487, 14),
(84488, 19),
(84489, 14),
(84490, 14),
(84491, 14),
(84492, 15),
(84493, 14),
(84494, 14),
(84495, 14),
(84496, 14),
(84497, 14),
(84498, 15),
(84499, 14),
(84500, 14),
(84501, 19),
(84502, 14),
(84503, 14),
(84504, 14),
(84505, 14),
(84506, 14),
(84508, 14),
(84509, 5),
(84510, 19),
(84511, 19),
(84512, 2),
(84513, 14),
(84515, 2),
(84516, 14),
(84517, 19),
(84518, 19),
(84519, 5),
(84520, 14),
(84521, 2),
(84522, 14),
(84523, 19),
(84524, 14),
(84525, 14),
(84526, 14),
(84528, 14),
(84529, 19),
(84530, 14),
(84531, 14),
(84532, 14),
(84533, 19),
(84534, 4),
(84535, 23),
(84536, 15),
(84538, 14),
(84539, 14),
(84540, 14),
(84541, 18),
(84542, 18),
(84543, 14),
(84544, 14),
(84545, 14),
(84546, 4),
(84547, 14),
(84548, 15),
(84549, 14),
(84550, 23),
(84551, 14),
(84552, 14),
(84553, 14),
(84554, 14),
(84555, 19),
(84556, 14),
(84557, 14),
(84558, 14),
(84559, 14),
(84560, 19),
(84561, 14),
(84562, 23),
(84563, 18),
(84564, 14),
(84565, 14),
(84566, 2),
(84567, 14),
(84568, 14),
(84569, 14),
(84570, 19),
(84571, 19),
(84572, 14),
(84573, 5),
(84574, 14),
(84575, 14),
(84576, 14),
(84577, 14),
(84578, 15),
(84579, 14),
(84580, 4),
(84581, 14),
(84582, 4),
(84583, 4),
(84584, 6),
(84585, 16),
(84586, 4),
(84587, 14),
(84588, 19),
(84589, 14),
(84590, 4),
(84591, 14),
(84592, 2),
(84593, 2),
(84594, 2),
(84596, 14),
(84597, 5),
(84598, 14),
(84599, 14),
(84600, 4),
(84601, 14),
(84602, 19),
(84603, 14),
(84604, 14),
(84605, 19),
(84606, 19),
(84607, 14),
(84608, 14),
(84609, 14),
(84610, 14),
(84611, 14),
(84612, 14),
(84613, 14),
(84614, 14),
(84615, 18),
(84616, 14),
(84617, 4),
(84618, 14),
(84619, 4),
(84620, 14),
(84621, 14),
(84622, 4),
(84623, 21),
(84624, 19),
(84625, 14),
(84626, 19),
(84627, 4),
(84628, 19),
(84629, 14),
(84630, 15),
(84631, 14),
(84632, 14),
(84633, 14),
(84634, 4),
(84635, 14),
(84636, 4),
(84637, 14),
(84638, 14),
(84639, 15),
(84640, 14),
(84641, 14),
(84642, 14),
(84643, 18),
(84644, 14),
(84645, 10),
(84646, 19),
(84647, 14),
(84648, 14),
(84649, 4),
(84650, 4),
(84651, 14),
(84653, 19),
(84654, 19),
(84655, 19),
(84656, 19),
(84658, 14),
(84659, 14),
(84660, 14),
(84661, 14),
(84662, 5),
(84663, 5),
(84664, 14),
(84665, 14),
(84666, 14),
(84667, 14),
(84668, 14),
(84669, 14),
(84670, 14),
(84671, 4),
(84672, 14),
(84673, 19),
(84674, 4),
(84675, 14),
(84676, 14),
(84677, 14),
(84678, 19),
(84679, 14),
(84680, 18),
(84682, 14),
(84683, 14),
(84684, 14),
(84685, 14),
(84687, 16),
(84688, 14),
(84689, 18),
(84690, 14),
(84691, 14),
(84692, 4),
(84693, 8),
(84694, 14),
(84695, 14),
(84696, 14),
(84698, 14),
(84699, 14),
(84700, 14),
(84701, 14),
(84702, 14),
(84703, 14),
(84704, 14),
(84705, 14),
(84706, 4),
(84707, 14),
(84708, 14),
(84709, 2),
(84710, 14),
(84711, 15),
(84712, 15),
(84713, 19),
(84714, 19),
(84715, 19),
(84716, 14),
(84717, 14),
(84718, 14),
(84719, 14),
(84720, 14),
(84721, 14),
(84722, 14),
(84723, 14),
(84724, 19),
(84725, 19),
(84726, 4),
(84727, 15),
(84728, 14),
(84729, 19),
(84730, 15),
(84731, 14),
(84732, 14),
(84733, 4),
(84734, 5),
(84735, 14),
(84736, 16),
(84737, 4),
(84738, 14),
(84739, 14),
(84740, 14),
(84741, 14),
(84742, 4),
(84743, 14),
(84745, 4),
(84746, 15),
(84747, 15),
(84748, 14),
(84749, 4),
(84750, 14),
(84751, 14),
(84752, 4),
(84753, 14),
(84754, 14),
(84755, 15),
(84756, 14),
(84757, 16),
(84758, 14),
(84759, 4),
(84760, 15),
(84761, 19),
(84762, 14),
(84763, 14),
(84764, 14),
(84765, 14),
(84766, 14),
(84767, 14),
(84768, 14),
(84769, 14),
(84770, 14),
(84771, 14),
(84772, 14),
(84773, 14),
(84774, 2),
(84775, 14),
(84776, 14),
(84777, 4),
(84778, 14),
(84779, 14),
(84781, 14),
(84782, 23),
(84783, 19),
(84784, 14),
(84785, 14),
(84786, 14),
(84787, 14),
(84788, 14),
(84789, 14),
(84790, 4),
(84791, 4),
(84792, 14),
(84793, 21),
(84794, 2),
(84795, 14),
(84796, 14),
(84797, 14),
(84798, 19),
(84799, 15),
(84800, 14),
(84801, 14),
(84802, 2),
(84803, 14),
(84804, 14),
(84805, 4),
(84806, 14),
(84807, 14),
(84808, 14),
(84809, 14),
(84810, 5),
(84811, 14),
(84812, 14),
(84813, 14),
(84814, 4),
(84815, 14),
(84816, 14),
(84817, 4),
(84818, 4),
(84819, 2),
(84820, 2),
(84821, 14),
(84822, 14),
(84823, 14),
(84824, 18),
(84825, 2),
(84826, 14),
(84827, 14),
(84828, 4),
(84829, 14),
(84830, 14),
(84831, 14),
(84832, 14),
(84833, 14),
(84834, 14),
(84835, 14),
(84836, 14),
(84838, 14),
(84839, 14),
(84840, 14),
(84841, 14),
(84842, 14),
(84843, 14),
(84844, 14),
(84845, 21),
(84846, 14),
(84847, 21),
(84848, 14),
(84849, 19),
(84850, 14),
(84851, 14),
(84852, 14),
(84853, 14),
(84854, 14),
(84855, 14),
(84856, 14),
(84857, 14),
(84858, 4),
(84859, 4),
(84860, 14),
(84861, 18),
(84862, 14),
(84863, 4),
(84864, 14),
(84865, 4),
(84866, 14),
(84867, 14),
(84868, 14),
(84869, 14),
(84870, 14),
(84871, 14),
(84873, 23),
(84874, 2),
(84875, 19),
(84876, 4),
(84877, 2),
(84878, 4),
(84879, 14),
(84880, 21),
(84881, 18),
(84882, 14),
(84883, 14),
(84884, 21),
(84885, 4),
(84886, 4),
(84887, 4),
(84888, 14),
(84889, 14),
(84890, 14),
(84891, 14),
(84892, 14),
(84893, 14),
(84894, 14),
(84895, 14),
(84896, 14),
(84897, 14),
(84898, 4),
(84899, 19),
(84900, 14),
(84901, 14),
(84902, 14),
(84904, 14),
(84905, 14),
(84906, 14),
(84907, 2),
(84908, 5),
(84909, 14),
(84910, 2),
(84911, 14),
(84912, 19),
(84913, 2),
(84914, 14),
(84915, 19),
(84916, 4),
(84917, 14),
(84918, 14),
(84919, 14),
(84920, 18),
(84921, 14),
(84922, 19),
(84923, 14),
(84924, 14),
(84925, 14),
(84926, 4),
(84927, 5),
(84928, 5),
(84930, 14),
(84932, 14),
(84933, 2),
(84934, 11),
(84935, 14),
(84936, 11),
(84937, 14),
(84938, 14),
(84939, 14),
(84940, 14),
(84941, 14),
(84942, 19),
(84943, 14),
(84944, 14),
(84945, 14),
(84946, 14),
(84947, 14),
(84948, 21),
(84949, 14),
(84950, 19),
(84951, 10),
(84952, 15),
(84953, 5),
(84954, 14),
(84955, 5),
(84956, 4),
(84957, 14),
(84958, 14),
(84959, 14),
(84960, 14),
(84961, 19),
(84962, 14),
(84963, 14),
(84964, 14),
(84965, 18),
(84966, 18),
(84967, 18),
(84968, 18),
(84969, 14),
(84970, 14),
(84971, 14),
(84972, 14),
(84973, 5),
(84974, 4),
(84975, 5),
(84976, 14),
(84977, 4),
(84978, 14),
(84979, 14),
(84980, 14),
(84981, 14),
(84982, 14),
(84983, 14),
(84984, 14),
(84985, 14),
(84986, 2),
(84987, 14),
(84988, 14),
(84989, 11),
(84990, 2),
(84991, 2),
(84992, 14),
(84993, 11),
(84994, 14),
(84995, 2),
(84996, 14),
(84997, 14),
(84998, 14),
(84999, 14),
(85000, 14),
(85001, 14),
(85002, 4),
(85003, 14),
(85004, 14),
(85005, 14),
(85006, 15),
(85007, 14),
(85008, 14),
(85009, 14),
(85010, 18),
(85011, 14),
(85012, 14),
(85013, 14),
(85014, 16),
(85015, 14),
(85016, 14),
(85017, 14),
(85018, 4),
(85019, 14),
(85020, 14),
(85021, 10),
(85022, 14),
(85023, 14),
(85024, 14),
(85025, 14),
(85026, 10),
(85027, 14),
(85028, 2),
(85029, 11),
(85030, 14),
(85031, 14),
(85032, 14),
(85033, 14),
(85034, 14),
(85035, 23),
(85036, 14),
(85037, 14),
(85038, 14),
(85039, 21),
(85040, 14),
(85041, 14),
(85042, 14),
(85043, 14),
(85044, 14),
(85045, 14),
(85046, 14),
(85047, 14),
(85048, 14),
(85049, 14),
(85050, 14),
(85051, 14),
(85052, 5),
(85053, 14),
(85054, 14),
(85055, 5),
(85056, 14),
(85057, 19),
(85058, 14),
(85059, 4),
(85060, 14),
(85061, 14),
(85062, 14),
(85063, 14),
(85064, 14),
(85065, 18),
(85067, 14),
(85068, 14),
(85069, 14),
(85070, 14),
(85071, 14),
(85072, 14),
(85073, 4),
(85074, 4),
(85075, 2),
(85076, 21),
(85077, 4),
(85078, 15),
(85079, 14),
(85080, 14),
(85081, 14),
(85082, 14),
(85083, 14),
(85084, 14),
(85085, 14),
(85086, 14),
(85087, 14),
(85088, 4),
(85089, 15),
(85090, 14),
(85091, 5),
(85092, 2),
(85096, 14),
(85097, 14),
(85098, 14),
(85099, 4),
(85100, 2),
(85101, 14),
(85102, 14),
(85103, 14),
(85104, 14),
(85105, 19),
(85106, 4),
(85107, 4),
(85108, 14),
(85109, 15),
(85110, 14),
(85111, 19),
(85112, 14),
(85113, 14),
(85114, 14),
(85115, 14),
(85116, 14),
(85117, 2),
(85118, 4),
(85119, 14),
(85120, 4),
(85121, 4),
(85122, 4),
(85123, 2),
(85124, 14),
(85125, 14),
(85126, 19),
(85127, 14),
(85128, 14),
(85129, 14),
(85130, 4),
(85131, 14),
(85132, 14),
(85133, 14),
(85134, 19),
(85135, 19),
(85136, 14),
(85137, 14),
(85138, 14),
(85139, 14),
(85140, 15),
(85141, 14),
(85142, 14),
(85143, 14),
(85144, 14),
(85145, 14),
(85146, 14),
(85147, 14),
(85148, 14),
(85149, 14),
(85150, 14),
(85151, 14),
(85152, 14),
(85153, 14),
(85154, 14),
(85155, 14),
(85156, 14),
(85157, 14),
(85158, 14),
(85159, 4),
(85160, 14),
(85161, 4),
(85162, 14),
(85163, 15),
(85164, 18),
(85165, 4),
(85166, 14),
(85167, 14),
(85168, 2),
(85169, 15),
(85170, 14),
(85171, 14),
(85172, 14),
(85173, 14),
(85174, 18),
(85175, 14),
(85176, 19),
(85177, 14),
(85178, 14),
(85179, 14),
(85180, 14),
(85181, 19),
(85182, 14),
(85183, 14),
(85184, 5),
(85185, 4),
(85186, 14),
(85187, 14),
(85188, 14),
(85189, 14),
(85190, 14),
(85191, 14),
(85192, 14),
(85193, 14),
(85194, 14),
(85195, 14),
(85196, 14),
(85197, 14),
(85198, 14),
(85199, 14),
(85200, 14),
(85201, 14),
(85202, 14),
(85203, 14),
(85204, 14),
(85205, 14),
(85206, 14),
(85207, 14),
(85208, 14),
(85209, 14),
(85210, 14),
(85211, 14),
(85212, 5),
(85213, 14),
(85214, 2),
(85215, 11),
(85216, 4),
(85217, 14),
(85218, 4),
(85219, 2),
(85220, 14),
(85221, 4),
(85222, 14),
(85223, 14),
(85224, 14),
(85225, 14),
(85226, 14),
(85227, 14),
(85228, 14),
(85229, 4),
(85230, 5),
(85231, 14),
(85232, 15),
(85233, 14),
(85234, 14),
(85235, 14),
(85236, 4),
(85237, 14),
(85238, 14),
(85239, 19),
(85240, 14),
(85241, 14),
(85242, 14),
(85243, 14),
(85244, 14),
(85245, 14),
(85246, 14),
(85247, 14),
(85248, 5),
(85249, 14),
(85250, 14),
(85251, 14),
(85252, 14),
(85253, 14),
(85254, 14),
(85255, 14),
(85256, 4),
(85257, 14),
(85258, 14),
(85259, 11),
(85260, 14),
(85261, 14),
(85262, 14),
(85263, 14),
(85264, 14),
(85265, 14),
(85266, 14),
(85267, 14),
(85268, 2),
(85269, 14),
(85270, 14),
(85271, 14),
(85272, 14),
(85273, 2),
(85274, 14),
(85275, 2),
(85276, 5),
(85277, 14),
(85278, 14),
(85279, 15),
(85280, 14),
(85281, 2),
(85282, 14),
(85283, 14),
(85285, 14),
(85286, 14),
(85287, 14),
(85288, 14),
(85289, 14),
(85290, 14),
(85291, 14),
(85292, 14),
(85293, 14),
(85294, 14),
(85295, 14),
(85296, 14),
(85297, 14),
(85298, 14),
(85299, 19),
(85300, 14),
(85301, 14),
(85302, 2),
(85303, 14),
(85305, 14),
(85306, 14),
(85307, 2),
(85308, 4),
(85309, 4),
(85310, 14),
(85311, 14),
(85312, 14),
(85313, 14),
(85314, 18),
(85315, 19),
(85316, 4),
(85317, 14),
(85318, 14),
(85319, 5),
(85320, 14),
(85321, 4),
(85322, 14),
(85323, 14),
(85324, 14),
(85325, 4),
(85327, 2),
(85328, 14),
(85329, 14),
(85330, 14),
(85331, 14),
(85332, 14),
(85333, 14),
(85334, 14),
(85335, 14),
(85336, 14),
(85337, 4),
(85338, 14),
(85339, 19),
(85340, 14),
(85341, 14),
(85342, 14),
(85343, 14),
(85344, 14),
(85345, 19),
(85346, 4),
(85347, 14),
(85348, 14),
(85349, 14),
(85350, 14),
(85351, 14),
(85352, 14),
(85353, 14),
(85354, 15),
(85355, 14),
(85356, 4),
(85357, 14),
(85358, 4),
(85359, 4),
(85360, 14),
(85361, 2),
(85362, 4),
(85363, 14),
(85364, 10),
(85365, 15),
(85366, 14),
(85367, 2),
(85368, 14),
(85369, 14),
(85370, 19),
(85371, 19),
(85372, 19),
(85373, 14),
(85374, 14),
(85375, 4),
(85376, 14),
(85377, 4),
(85378, 5),
(85379, 14),
(85380, 14),
(85381, 4),
(85382, 14),
(85383, 14),
(85384, 14),
(85385, 14),
(85386, 19),
(85387, 14),
(85388, 14),
(85389, 14),
(85390, 14),
(85391, 4),
(85392, 14),
(85393, 14),
(85394, 14),
(85395, 14),
(85396, 14),
(85397, 23),
(85398, 14),
(85399, 14),
(85400, 2),
(85401, 2),
(85402, 23),
(85404, 19),
(85405, 14),
(85406, 14),
(85407, 14),
(85409, 14),
(85410, 14),
(85411, 14),
(85412, 14),
(85413, 14),
(85414, 14),
(85415, 14),
(85416, 14),
(85417, 14),
(85418, 18),
(85419, 14),
(85420, 14),
(85421, 14),
(85422, 14),
(85423, 14),
(85424, 14),
(85425, 14),
(85426, 14),
(85427, 5),
(85428, 5),
(85429, 14),
(85430, 4),
(85431, 4),
(85432, 5),
(85433, 4),
(85434, 14),
(85435, 14),
(85437, 11),
(85438, 5),
(85439, 14),
(85440, 14),
(85441, 14),
(85442, 14),
(85443, 14),
(85444, 14),
(85445, 19),
(85446, 14),
(85447, 2),
(85448, 14),
(85449, 14),
(85450, 4),
(85451, 4),
(85452, 14),
(85453, 14),
(85454, 18),
(85455, 4),
(85456, 14),
(85457, 14),
(85458, 14),
(85459, 4),
(85460, 14),
(85461, 14),
(85462, 4),
(85463, 14),
(85464, 2),
(85465, 14),
(85466, 4),
(85467, 4),
(85468, 14),
(85469, 4),
(85470, 18),
(85471, 14),
(85472, 18),
(85473, 18),
(85474, 19),
(85475, 4),
(85476, 19),
(85477, 18),
(85478, 14),
(85479, 14),
(85480, 14),
(85481, 4),
(85482, 14),
(85483, 14),
(85484, 14),
(85485, 14),
(85486, 14),
(85487, 14),
(85488, 14),
(85489, 14),
(85490, 4),
(85491, 4),
(85492, 14),
(85493, 14),
(85494, 14),
(85495, 4),
(85496, 14),
(85497, 14),
(85498, 14),
(85499, 18),
(85500, 14),
(85501, 4),
(85502, 14),
(85503, 14),
(85504, 14),
(85505, 2),
(85506, 14),
(85507, 14),
(85508, 14),
(85509, 5),
(85510, 14),
(85511, 14),
(85512, 14),
(85513, 14),
(85514, 15),
(85515, 15),
(85516, 14),
(85517, 14),
(85518, 14),
(85519, 4),
(85520, 4),
(85521, 14),
(85522, 14),
(85523, 4),
(85524, 2),
(85525, 4),
(85526, 14),
(85527, 4),
(85528, 14),
(85529, 18),
(85530, 14),
(85531, 21),
(85532, 4),
(85533, 2),
(85534, 2),
(85535, 4),
(85536, 11),
(85537, 14),
(85538, 11),
(85539, 14),
(85540, 14),
(85541, 14),
(85542, 14),
(85543, 14),
(85544, 14),
(85545, 14),
(85546, 4),
(85547, 14),
(85548, 15),
(85549, 15),
(85550, 4),
(85551, 5),
(85553, 18),
(85554, 2),
(85555, 14),
(85556, 21),
(85557, 14),
(85558, 14),
(85559, 14),
(85560, 11),
(85561, 14),
(85562, 14),
(85563, 4),
(85565, 2),
(85566, 14),
(85567, 14),
(85568, 14),
(85569, 14),
(85570, 15),
(85571, 15),
(85572, 18),
(85573, 18),
(85574, 14),
(85575, 14),
(85576, 2),
(85577, 14),
(85578, 4),
(85579, 4),
(85580, 14),
(85581, 14),
(85582, 11),
(85583, 14),
(85584, 2),
(85585, 14),
(85586, 14),
(85587, 14),
(85588, 14),
(85589, 14),
(85590, 14),
(85591, 4),
(85592, 5),
(85593, 4),
(85594, 4),
(85595, 14),
(85596, 4),
(85597, 19),
(85598, 15),
(85599, 2),
(85600, 4),
(85601, 14),
(85602, 14),
(85603, 14),
(85604, 14),
(85605, 14),
(85606, 14),
(85607, 4),
(85608, 14),
(85609, 14),
(85610, 14),
(85611, 2),
(85612, 4),
(85613, 2),
(85614, 14),
(85615, 14),
(85616, 14),
(85617, 14),
(85618, 14),
(85619, 4),
(85620, 4),
(85621, 4),
(85623, 4),
(85624, 4),
(85625, 4),
(85626, 4),
(85627, 14),
(85628, 14),
(85629, 14),
(85630, 14),
(85631, 18),
(85632, 14),
(85633, 19),
(85634, 14),
(85635, 14),
(85636, 4),
(85637, 14),
(85638, 18),
(85639, 4),
(85640, 2),
(85641, 2),
(85642, 14),
(85643, 14),
(85644, 23),
(85645, 14),
(85646, 14),
(85647, 19),
(85648, 4),
(85649, 14),
(85650, 14),
(85651, 14),
(85652, 14),
(85653, 4),
(85654, 4),
(85655, 19),
(85656, 16),
(85657, 14),
(85658, 14),
(85659, 4),
(85660, 14),
(85661, 14),
(85662, 14),
(85663, 14),
(85664, 14),
(85665, 19),
(85666, 14),
(85667, 14),
(85668, 14),
(85669, 15),
(85670, 14),
(85671, 14),
(85672, 14),
(85673, 14),
(85674, 14),
(85675, 14),
(85676, 14),
(85677, 14),
(85678, 14),
(85679, 5),
(85680, 14),
(85681, 14),
(85682, 19),
(85683, 4),
(85684, 4),
(85685, 4),
(85686, 4),
(85687, 14),
(85688, 14),
(85689, 14),
(85690, 14),
(85691, 14),
(85692, 14),
(85693, 14),
(85694, 4),
(85695, 4),
(85696, 5),
(85697, 23),
(85698, 15),
(85699, 2),
(85700, 15),
(85701, 2),
(85702, 11),
(85703, 14),
(85704, 14),
(85705, 2),
(85706, 14),
(85707, 23),
(85708, 14),
(85709, 15),
(85710, 2),
(85711, 4),
(85712, 14),
(85713, 19),
(85714, 14),
(85715, 14),
(85716, 4),
(85717, 19),
(85718, 2),
(85719, 2),
(85720, 14),
(85721, 19),
(85722, 2),
(85723, 19),
(85724, 19),
(85725, 15),
(85726, 14),
(85727, 18),
(85728, 5),
(85729, 15),
(85730, 14),
(85731, 4),
(85732, 15),
(85733, 14),
(85734, 14),
(85735, 14),
(85736, 14),
(85738, 14),
(85739, 14),
(85740, 14),
(85741, 14),
(85742, 14),
(85743, 14),
(85744, 14),
(85745, 14),
(85746, 14),
(85747, 15),
(85748, 14),
(85749, 4),
(85750, 14),
(85751, 14),
(85752, 14),
(85753, 14),
(85754, 4),
(85755, 4),
(85756, 11),
(85757, 4),
(85758, 6),
(85759, 14),
(85760, 4),
(85761, 4),
(85762, 14),
(85763, 14),
(85764, 14),
(85765, 4),
(85766, 14),
(85767, 19),
(85768, 2),
(85769, 14),
(85770, 14),
(85771, 18),
(85773, 4),
(85774, 11),
(85775, 18),
(85776, 14),
(85777, 14),
(85778, 14),
(85779, 14),
(85780, 14),
(85781, 14),
(85782, 14),
(85783, 14),
(85784, 14),
(85785, 14),
(85786, 2),
(85787, 11),
(85788, 14),
(85789, 14),
(85790, 14),
(85791, 14),
(85792, 15),
(85795, 4),
(85796, 14),
(85797, 14),
(85798, 18),
(85799, 14),
(85800, 14),
(85801, 2),
(85802, 19),
(85803, 4),
(85804, 4),
(85805, 14),
(85806, 14),
(85807, 14),
(85808, 14),
(85809, 15),
(85810, 14),
(85811, 14),
(85812, 14),
(85813, 2),
(85814, 4),
(85815, 4),
(85816, 14),
(85817, 14),
(85818, 14),
(85819, 14),
(85820, 14),
(85821, 19),
(85822, 14),
(85823, 2),
(85824, 14),
(85825, 14),
(85826, 14),
(85827, 14),
(85828, 4),
(85829, 14),
(85830, 14),
(85831, 14),
(85832, 14),
(85833, 4),
(85834, 14),
(85835, 14),
(85836, 4),
(85837, 4),
(85838, 4),
(85839, 14),
(85840, 14),
(85841, 14),
(85842, 14),
(85843, 4),
(85844, 14),
(85845, 14),
(85846, 14),
(85847, 14),
(85848, 14),
(85849, 14),
(85850, 14),
(85851, 4),
(85852, 14),
(85853, 14),
(85854, 2),
(85855, 2),
(85856, 11),
(85857, 14),
(85858, 14),
(85859, 14),
(85860, 4),
(85861, 19),
(85862, 14),
(85863, 14),
(85864, 14),
(85865, 14),
(85866, 19),
(85867, 19),
(85868, 4),
(85869, 14),
(85870, 14),
(85871, 5),
(85872, 19),
(85873, 14),
(85874, 4),
(85875, 14),
(85876, 14),
(85877, 14),
(85878, 14),
(85879, 14),
(85880, 14),
(85881, 14),
(85882, 14),
(85883, 15),
(85884, 4),
(85885, 2),
(85886, 23),
(85887, 14),
(85888, 4),
(85889, 4),
(85890, 14),
(85891, 4),
(85892, 4),
(85893, 14),
(85894, 14),
(85895, 14),
(85896, 4),
(85897, 14),
(85899, 14),
(85900, 14),
(85901, 14),
(85902, 19),
(85903, 14),
(85904, 14),
(85905, 14),
(85906, 14),
(85907, 14),
(85908, 19),
(85909, 14),
(85910, 4),
(85911, 4),
(85912, 15),
(85913, 14),
(85914, 14),
(85915, 2),
(85916, 14),
(85917, 14),
(85918, 14),
(85919, 14),
(85920, 2),
(85921, 14),
(85922, 2),
(85923, 2),
(85924, 14),
(85925, 15),
(85926, 4),
(85927, 11),
(85928, 5),
(85929, 4),
(85930, 14),
(85931, 14),
(85932, 14),
(85933, 14),
(85934, 15),
(85935, 15),
(85936, 4),
(85937, 4),
(85938, 4),
(85939, 4),
(85940, 4),
(85941, 11),
(85942, 14),
(85943, 11),
(85944, 15),
(85945, 15),
(85946, 15),
(85947, 15),
(85948, 14),
(85949, 14),
(85950, 14),
(85951, 15),
(85952, 14),
(85953, 14),
(85954, 14),
(85955, 14),
(85956, 14),
(85957, 14),
(85958, 4),
(85959, 14),
(85960, 14),
(85961, 14),
(85962, 14),
(85963, 15),
(85964, 19),
(85965, 14),
(85966, 14),
(85967, 4),
(85968, 7),
(85969, 4),
(85970, 7),
(85971, 7),
(85972, 7),
(85973, 7),
(85974, 7),
(85975, 7),
(85976, 7),
(85977, 15),
(85978, 14),
(85979, 14),
(85980, 2),
(85981, 23),
(85982, 4),
(85983, 14),
(85984, 4),
(85985, 15),
(85986, 4),
(85987, 14),
(85988, 14),
(85989, 4),
(85990, 14),
(85991, 14),
(85992, 14),
(85993, 14),
(85994, 2),
(85995, 14),
(85996, 15),
(85997, 15),
(85998, 14),
(85999, 14),
(86000, 14),
(86001, 14),
(86002, 14),
(86003, 19),
(86004, 4),
(86005, 14),
(86006, 7),
(86007, 4),
(86008, 14),
(86009, 4),
(86010, 4),
(86011, 14),
(86012, 18),
(86013, 14),
(86014, 18),
(86015, 14),
(86016, 14),
(86017, 14),
(86018, 14),
(86019, 14),
(86020, 14),
(86021, 14),
(86022, 2),
(86023, 2),
(86024, 19),
(86025, 14),
(86026, 7),
(86027, 4),
(86028, 2),
(86029, 14),
(86030, 14),
(86031, 19),
(86032, 19),
(86033, 23),
(86034, 14),
(86035, 19),
(86036, 14),
(86037, 14),
(86038, 14),
(86039, 14),
(86040, 14),
(86041, 19),
(86042, 14),
(86043, 14),
(86044, 14),
(86045, 14),
(86046, 4),
(86047, 4),
(86048, 14),
(86049, 4),
(86050, 2),
(86051, 14),
(86052, 14),
(86053, 14),
(86054, 14),
(86055, 14),
(86056, 14),
(86058, 14),
(86059, 14),
(86060, 14),
(86061, 14),
(86062, 2),
(86063, 2),
(86064, 19),
(86065, 14),
(86066, 14),
(86067, 14),
(86068, 19),
(86069, 14),
(86070, 14),
(86071, 14),
(86072, 14),
(86073, 4),
(86074, 4),
(86075, 19),
(86076, 14),
(86077, 4),
(86078, 14),
(86079, 19),
(86080, 14),
(86081, 18),
(86082, 14),
(86083, 14),
(86084, 14),
(86085, 14),
(86086, 14),
(86087, 21),
(86088, 14),
(86089, 2),
(86090, 19),
(86091, 19),
(86092, 14),
(86093, 14),
(86094, 14),
(86095, 14),
(86096, 14),
(86097, 14),
(86098, 14),
(86099, 14),
(86100, 14),
(86101, 14),
(86102, 4),
(86103, 4),
(86104, 2),
(86105, 14),
(86106, 14),
(86107, 14),
(86108, 4),
(86109, 14),
(86110, 14),
(86111, 11),
(86112, 14),
(86113, 14),
(86114, 14),
(86115, 19),
(86116, 14),
(86117, 14),
(86118, 14),
(86119, 4),
(86120, 14),
(86121, 21),
(86122, 2),
(86123, 4),
(86124, 4),
(86125, 14),
(86126, 14),
(86127, 14),
(86128, 14),
(86129, 14),
(86130, 14),
(86132, 14),
(86133, 14),
(86134, 14),
(86135, 14),
(86136, 2),
(86137, 14),
(86138, 11),
(86139, 15),
(86140, 23),
(86141, 19),
(86142, 18),
(86143, 14),
(86144, 14),
(86145, 14),
(86146, 2),
(86147, 4),
(86148, 18),
(86149, 4),
(86150, 4),
(86151, 14),
(86152, 15),
(86153, 15),
(86154, 14),
(86155, 14),
(86156, 4),
(86157, 4),
(86159, 4),
(86160, 14),
(86161, 14),
(86162, 14),
(86163, 14),
(86164, 14),
(86165, 14),
(86166, 14),
(86167, 14),
(86168, 14),
(86169, 14),
(86170, 14),
(86171, 14),
(86172, 14),
(86173, 18),
(86174, 14),
(86175, 14),
(86176, 14),
(86177, 14),
(86178, 14),
(86179, 21),
(86180, 14),
(86181, 14),
(86182, 19),
(86183, 14),
(86184, 14),
(86185, 14),
(86186, 2),
(86187, 14),
(86188, 18),
(86189, 14),
(86190, 14),
(86191, 14),
(86192, 14),
(86193, 14),
(86194, 14),
(86195, 14),
(86196, 4),
(86197, 2),
(86198, 10),
(86199, 14),
(86200, 14),
(86201, 14),
(86202, 14),
(86203, 14),
(86204, 14),
(86205, 14),
(86206, 14),
(86207, 4),
(86208, 11),
(86209, 14),
(86210, 14),
(86211, 14),
(86212, 14),
(86213, 14),
(86214, 14),
(86215, 14),
(86216, 14),
(86218, 14),
(86219, 14),
(86220, 2),
(86221, 4),
(86222, 4),
(86223, 14),
(86224, 4),
(86225, 19),
(86226, 14),
(86227, 14),
(86228, 14),
(86229, 14),
(86230, 19),
(86231, 14),
(86232, 14),
(86233, 14),
(86234, 18),
(86235, 2),
(86236, 14),
(86237, 4),
(86238, 14),
(86239, 15),
(86240, 19),
(86241, 19),
(86242, 4),
(86243, 14),
(86244, 14),
(86245, 14),
(86246, 4),
(86247, 14),
(86248, 14),
(86249, 14),
(86250, 14),
(86254, 4),
(86255, 14),
(86256, 14),
(86257, 14),
(86258, 14),
(86259, 18),
(86260, 14),
(86261, 14),
(86262, 14),
(86263, 4),
(86264, 18),
(86265, 14),
(86266, 19),
(86267, 14),
(86268, 14),
(86269, 2),
(86271, 4),
(86272, 4),
(86273, 4),
(86274, 4),
(86275, 4),
(86276, 14),
(86277, 14),
(86278, 14),
(86279, 14),
(86280, 10),
(86281, 14),
(86282, 14),
(86283, 14),
(86284, 14),
(86285, 21),
(86286, 14),
(86287, 14),
(86288, 14),
(86289, 14),
(86290, 14),
(86291, 14),
(86292, 4),
(86293, 4),
(86294, 14),
(86295, 14),
(86296, 4),
(86297, 14),
(86298, 14),
(86299, 14),
(86300, 14),
(86301, 14),
(86302, 14),
(86303, 4),
(86304, 2),
(86306, 14),
(86307, 14),
(86308, 2),
(86309, 2),
(86310, 18),
(86311, 14),
(86312, 14),
(86314, 4),
(86315, 4),
(86316, 18),
(86317, 4),
(86318, 2),
(86319, 4),
(86320, 14),
(86321, 4),
(86322, 14),
(86323, 14),
(86324, 14),
(86325, 15),
(86326, 14),
(86327, 18),
(86328, 4),
(86329, 4),
(86330, 4),
(86331, 4),
(86332, 4),
(86333, 4),
(86334, 14),
(86335, 14),
(86336, 14),
(86337, 14),
(86338, 14),
(86339, 14),
(86340, 14),
(86341, 14),
(86342, 14),
(86343, 14),
(86344, 18),
(86345, 4),
(86346, 21),
(86347, 4),
(86348, 4),
(86349, 4),
(86350, 14),
(86351, 4),
(86352, 14),
(86353, 4),
(86354, 14),
(86355, 14),
(86356, 14),
(86357, 14),
(86358, 14),
(86359, 14),
(86360, 14),
(86361, 4),
(86362, 14),
(86363, 4),
(86364, 14),
(86365, 14),
(86366, 14),
(86367, 14),
(86368, 23),
(86369, 4),
(86370, 4),
(86371, 4),
(86372, 4),
(86373, 14),
(86374, 14),
(86375, 14),
(86376, 14),
(86377, 21),
(86378, 14),
(86379, 14),
(86380, 14),
(86381, 14),
(86382, 15),
(86383, 4),
(86384, 14),
(86385, 18),
(86386, 2),
(86387, 14),
(86388, 4),
(86389, 14),
(86390, 14),
(86392, 4),
(86393, 14),
(86394, 14),
(86395, 14),
(86396, 4),
(86398, 14),
(86399, 4),
(86400, 4),
(86401, 4),
(86402, 14),
(86403, 14),
(86404, 14),
(86405, 4),
(86406, 14),
(86407, 14),
(86408, 4),
(86409, 14),
(86410, 11),
(86411, 14),
(86412, 19),
(86413, 7),
(86414, 7),
(86415, 14),
(86416, 14),
(86417, 14),
(86418, 14),
(86419, 14),
(86420, 14),
(86421, 14),
(86422, 4),
(86423, 14),
(86424, 14),
(86425, 14),
(86426, 14),
(86427, 2),
(86428, 4),
(86429, 5),
(86430, 5),
(86431, 14),
(86432, 14),
(86433, 14),
(86434, 14),
(86435, 14),
(86436, 14),
(86437, 14),
(86438, 14),
(86439, 5),
(86440, 5),
(86441, 14),
(86442, 14),
(86443, 4),
(86444, 14),
(86445, 14),
(86446, 14),
(86447, 2),
(86448, 14),
(86449, 14),
(86450, 14),
(86451, 14),
(86452, 4),
(86453, 14),
(86454, 21),
(86455, 14),
(86456, 14),
(86457, 14),
(86458, 4),
(86459, 14),
(86460, 14),
(86461, 14),
(86462, 18),
(86463, 14),
(86464, 14),
(86465, 4),
(86466, 14),
(86467, 14),
(86468, 21),
(86469, 4),
(86470, 4),
(86471, 2),
(86472, 2),
(86473, 10),
(86474, 14),
(86475, 4),
(86476, 14),
(86477, 14),
(86478, 14),
(86479, 2),
(86480, 5),
(86481, 14),
(86482, 14),
(86483, 14),
(86484, 11),
(86485, 14),
(86486, 19),
(86487, 14),
(86488, 14),
(86489, 14),
(86490, 4),
(86491, 4),
(86492, 14),
(86493, 14),
(86494, 14),
(86495, 14),
(86496, 14),
(86497, 4),
(86498, 14),
(86499, 14),
(86500, 4),
(86501, 7),
(86502, 14),
(86503, 14),
(86504, 14),
(86505, 14),
(86506, 4),
(86507, 4),
(86508, 14),
(86509, 14),
(86510, 14),
(86511, 14),
(86512, 2),
(86513, 14),
(86514, 14),
(86515, 18),
(86516, 4),
(86517, 14),
(86518, 14),
(86519, 4),
(86520, 14),
(86521, 18),
(86522, 18),
(86523, 14),
(86524, 14),
(86525, 14),
(86526, 14),
(86527, 2),
(86528, 14),
(86529, 14),
(86530, 4),
(86531, 14),
(86532, 4),
(86533, 5),
(86534, 21),
(86535, 21),
(86536, 14),
(86537, 14),
(86538, 14),
(86539, 14),
(86540, 14),
(86541, 14),
(86542, 14),
(86543, 14),
(86544, 4),
(86545, 14),
(86546, 14),
(86547, 14),
(86548, 7),
(86549, 7),
(86550, 21),
(86551, 14),
(86552, 19),
(86553, 14),
(86554, 4),
(86555, 4),
(86556, 14),
(86557, 15),
(86558, 23),
(86559, 4),
(86560, 2),
(86561, 14),
(86562, 14),
(86563, 14),
(86564, 2),
(86565, 14),
(86566, 14),
(86567, 14),
(86568, 18),
(86569, 18),
(86570, 23),
(86571, 4),
(86572, 14),
(86573, 14),
(86574, 14),
(86575, 14),
(86576, 14),
(86577, 14),
(86579, 10),
(86580, 14),
(86581, 14),
(86582, 4),
(86583, 4),
(86584, 14),
(86586, 11),
(86587, 2),
(86588, 2),
(86589, 2),
(86590, 4),
(86591, 14),
(86592, 14),
(86593, 14),
(86594, 14),
(86595, 14),
(86596, 2),
(86597, 14),
(86598, 14),
(86599, 14),
(86600, 14),
(86601, 14),
(86602, 14),
(86603, 4),
(86604, 4),
(86605, 14),
(86606, 14),
(86607, 4),
(86608, 14),
(86609, 14),
(86610, 14),
(86611, 14),
(86612, 18),
(86613, 14),
(86614, 4),
(86615, 14),
(86616, 14),
(86617, 4),
(86618, 14),
(86619, 14),
(86620, 4),
(86621, 14),
(86622, 14),
(86623, 2),
(86624, 2),
(86625, 14),
(86626, 14),
(86627, 14),
(86628, 2),
(86629, 4),
(86630, 14),
(86631, 4),
(86632, 14),
(86633, 14),
(86634, 2),
(86635, 14),
(86636, 14),
(86637, 14),
(86638, 4),
(86639, 14),
(86640, 14),
(86641, 14),
(86642, 23),
(86643, 2),
(86644, 14),
(86645, 4),
(86646, 14),
(86647, 4),
(86648, 14),
(86649, 4),
(86650, 14),
(86651, 14),
(86652, 11),
(86653, 14),
(86654, 18),
(86655, 14),
(86656, 14),
(86657, 14),
(86658, 14),
(86659, 14),
(86660, 14),
(86661, 11),
(86662, 14),
(86663, 14),
(86664, 14),
(86665, 14),
(86666, 14),
(86667, 14),
(86668, 14),
(86669, 18),
(86670, 14),
(86671, 14),
(86672, 18),
(86673, 14),
(86674, 4),
(86675, 14),
(86676, 14),
(86677, 14),
(86678, 18),
(86679, 14),
(86680, 14),
(86681, 14),
(86682, 4),
(86683, 4),
(86684, 14),
(86685, 14),
(86686, 14),
(86687, 14),
(86688, 14),
(86689, 14),
(86690, 14),
(86691, 14),
(86692, 19),
(86693, 14),
(86694, 14),
(86695, 14),
(86696, 14),
(86697, 14),
(86698, 14),
(86699, 14),
(86700, 14),
(86702, 23),
(86703, 5),
(86704, 4),
(86705, 14),
(86706, 14),
(86707, 14),
(86708, 14),
(86710, 4),
(86711, 14),
(86712, 14),
(86713, 4),
(86714, 14),
(86715, 4),
(86717, 15),
(86718, 4),
(86719, 5),
(86720, 2),
(86721, 14),
(86722, 14),
(86723, 14),
(86724, 14),
(86725, 14),
(86726, 14),
(86727, 14),
(86728, 14),
(86729, 14),
(86730, 14),
(86731, 14),
(86732, 5),
(86733, 5),
(86735, 4),
(86736, 14),
(86737, 14),
(86738, 14),
(86739, 14),
(86740, 14),
(86741, 14),
(86743, 14),
(86744, 7),
(86745, 2),
(86746, 14),
(86747, 14),
(86748, 14),
(86749, 15),
(86750, 19),
(86751, 14),
(86752, 14),
(86753, 14),
(86754, 14),
(86755, 18),
(86756, 5),
(86757, 14),
(86758, 14),
(86759, 2),
(86760, 14),
(86761, 14),
(86762, 14),
(86763, 14),
(86764, 5),
(86765, 14),
(86766, 14),
(86767, 14),
(86768, 15),
(86769, 2),
(86770, 4),
(86771, 14),
(86772, 2),
(86773, 2),
(86774, 14),
(86775, 14),
(86776, 14),
(86777, 2),
(86778, 14),
(86779, 4),
(86780, 4),
(86781, 14),
(86782, 14),
(86783, 19),
(86784, 14),
(86785, 4),
(86786, 14),
(86787, 14),
(86788, 4),
(86789, 2),
(86790, 14),
(86791, 14),
(86792, 11),
(86793, 14),
(86794, 14),
(86795, 14),
(86796, 14),
(86797, 14),
(86798, 14),
(86799, 18),
(86800, 14),
(86801, 14),
(86802, 14),
(86803, 15),
(86804, 19),
(86805, 21),
(86806, 14),
(86807, 14),
(86808, 14),
(86809, 14),
(86810, 14),
(86811, 14),
(86812, 14),
(86813, 14),
(86814, 23),
(86815, 14),
(86816, 14),
(86817, 15),
(86818, 15),
(86819, 14),
(86820, 19),
(86821, 14),
(86822, 14),
(86823, 14),
(86824, 14),
(86825, 14),
(86826, 4),
(86827, 14),
(86828, 14),
(86829, 14),
(86830, 14),
(86831, 14),
(86832, 14),
(86833, 4),
(86834, 14),
(86835, 14),
(86836, 14),
(86838, 4),
(86839, 4),
(86840, 4),
(86841, 14),
(86842, 14),
(86843, 14),
(86844, 14),
(86845, 4),
(86846, 2),
(86847, 18),
(86848, 14),
(86849, 23),
(86850, 4),
(86851, 14),
(86852, 14),
(86853, 14),
(86854, 14),
(86855, 14),
(86856, 14),
(86857, 14),
(86858, 14),
(86859, 5),
(86860, 2),
(86861, 4),
(86862, 4),
(86863, 14),
(86864, 14),
(86865, 14),
(86866, 14),
(86868, 15),
(86869, 15),
(86870, 14),
(86871, 14),
(86872, 15),
(86873, 14),
(86874, 14),
(86875, 15),
(86876, 14),
(86877, 14),
(86878, 14),
(86879, 14),
(86880, 5),
(86881, 14),
(86882, 14),
(86883, 14),
(86884, 5),
(86885, 16),
(86886, 14),
(86887, 4),
(86888, 15),
(86889, 14),
(86891, 14),
(86892, 15),
(86893, 14),
(86894, 15),
(86895, 14),
(86896, 14),
(86897, 14),
(86898, 14),
(86899, 15),
(86900, 14),
(86901, 14),
(86902, 14),
(86903, 21),
(86904, 14),
(86905, 15),
(86906, 15),
(86907, 14),
(86908, 14),
(86909, 5),
(86910, 15),
(86911, 14),
(86912, 14),
(86913, 4),
(86914, 14),
(86915, 4),
(86916, 14),
(86917, 23),
(86918, 14),
(86919, 14),
(86920, 14),
(86921, 15),
(86922, 14),
(86923, 14),
(86924, 15),
(86925, 15),
(86926, 14),
(86928, 14),
(86929, 13),
(86930, 14),
(86931, 14),
(86932, 14),
(86933, 14),
(86934, 14),
(86935, 14),
(86936, 4),
(86937, 4),
(86938, 4),
(86939, 14);
INSERT INTO `move_type` (`moveid`, `typeid`) VALUES
(86940, 15),
(86941, 4),
(86942, 4),
(86943, 4),
(86944, 7),
(86946, 18),
(86947, 14),
(86948, 14),
(86949, 14),
(86950, 2),
(86951, 14),
(86952, 14),
(86953, 14),
(86954, 14),
(86955, 14),
(86956, 4),
(86957, 14),
(86958, 14),
(86959, 14),
(86960, 14),
(86961, 14),
(86962, 14),
(86963, 14),
(86964, 19),
(86965, 14),
(86966, 2),
(86967, 5),
(86968, 14),
(86969, 14),
(86970, 2),
(86971, 14),
(86972, 14),
(86973, 14),
(86974, 14),
(86975, 14),
(86976, 14),
(86977, 14),
(86978, 14),
(86979, 14),
(86980, 18),
(86981, 14),
(86982, 14),
(86983, 14),
(86984, 4),
(86985, 14),
(86986, 15),
(86987, 14),
(86988, 14),
(86989, 14),
(86990, 14),
(86991, 14),
(86992, 21),
(86993, 19),
(86994, 4),
(86995, 14),
(86996, 14),
(86997, 4),
(86998, 5),
(86999, 14),
(87000, 14),
(87001, 14),
(87002, 14),
(87003, 14),
(87004, 14),
(87005, 19),
(87006, 14),
(87007, 14),
(87008, 14),
(87010, 5),
(87011, 14),
(87012, 16),
(87013, 16),
(87014, 16),
(87015, 14),
(87016, 14),
(87017, 2),
(87018, 14),
(87019, 14),
(87020, 14),
(87021, 14),
(87022, 14),
(87023, 4),
(87024, 14),
(87025, 14),
(87026, 14),
(87027, 15),
(87028, 14),
(87029, 4),
(87030, 4),
(87031, 14),
(87032, 19),
(87033, 14),
(87034, 14),
(87035, 14),
(87036, 14),
(87037, 14),
(87038, 14),
(87039, 14),
(87040, 5),
(87041, 14),
(87042, 2),
(87043, 14),
(87044, 14),
(87045, 14),
(87046, 14),
(87047, 14),
(87048, 19),
(87049, 14),
(87050, 19),
(87051, 5),
(87052, 14),
(87054, 14),
(87055, 14),
(87056, 14),
(87057, 4),
(87058, 14),
(87059, 14),
(87060, 14),
(87061, 2),
(87062, 2),
(87063, 14),
(87064, 14),
(87065, 2),
(87066, 14),
(87067, 4),
(87068, 4),
(87069, 4),
(87070, 21),
(87071, 14),
(87072, 14),
(87074, 14),
(87075, 14),
(87076, 14),
(87077, 14),
(87078, 18),
(87079, 14),
(87080, 14),
(87081, 4),
(87082, 14),
(87083, 4),
(87084, 2),
(87085, 14),
(87086, 14),
(87087, 21),
(87088, 2),
(87089, 15),
(87090, 21),
(87091, 14),
(87093, 14),
(87094, 14),
(87095, 4),
(87096, 5),
(87097, 14),
(87098, 14),
(87099, 14),
(87100, 14),
(87101, 14),
(87102, 5),
(87104, 5),
(87105, 14),
(87106, 14),
(87107, 14),
(87108, 4),
(87109, 2),
(87110, 4),
(87111, 14),
(87112, 14),
(87113, 4),
(87114, 4),
(87115, 14),
(87116, 7),
(87117, 7),
(87118, 21),
(87119, 14),
(87120, 4),
(87121, 4),
(87122, 4),
(87123, 4),
(87124, 14),
(87125, 14),
(87126, 14),
(87127, 14),
(87128, 14),
(87129, 14),
(87130, 14),
(87131, 18),
(87132, 14),
(87133, 14),
(87134, 14),
(87135, 4),
(87136, 14),
(87137, 5),
(87140, 14),
(87141, 14),
(87142, 14),
(87143, 14),
(87144, 14),
(87145, 4),
(87146, 14),
(87147, 4),
(87149, 14),
(87150, 14),
(87152, 2),
(87153, 2),
(87154, 14),
(87155, 5),
(87156, 4),
(87157, 4),
(87158, 14),
(87159, 15),
(87160, 14),
(87161, 4),
(87162, 4),
(87163, 18),
(87164, 18),
(87165, 14),
(87166, 18),
(87167, 21),
(87168, 16),
(87169, 16),
(87170, 21),
(87171, 14),
(87172, 5),
(87173, 2),
(87174, 19),
(87175, 14),
(87176, 14),
(87177, 2),
(87178, 14),
(87179, 14),
(87180, 14),
(87181, 2),
(87182, 14),
(87183, 14),
(87184, 14),
(87185, 14),
(87186, 14),
(87187, 2),
(87188, 2),
(87189, 14),
(87190, 4),
(87191, 4),
(87192, 14),
(87193, 14),
(87194, 5),
(87195, 14),
(87196, 14),
(87197, 4),
(87198, 14),
(87199, 14),
(87200, 14),
(87201, 2),
(87202, 2),
(87203, 2),
(87204, 14),
(87205, 14),
(87206, 14),
(87207, 14),
(87208, 14),
(87209, 14),
(87210, 18),
(87211, 14),
(87212, 4),
(87213, 15),
(87214, 14),
(87215, 2),
(87216, 2),
(87217, 14),
(87218, 14),
(87219, 4),
(87220, 4),
(87221, 15),
(87222, 4),
(87223, 4),
(87224, 4),
(87225, 4),
(87226, 4),
(87227, 19),
(87228, 14),
(87229, 14),
(87230, 4),
(87231, 14),
(87232, 18),
(87233, 14),
(87234, 14),
(87235, 14),
(87236, 14),
(87239, 18),
(87240, 5),
(87241, 14),
(87242, 14),
(87243, 2),
(87244, 2),
(87245, 2),
(87246, 14),
(87247, 2),
(87248, 18),
(87249, 19),
(87250, 14),
(87251, 14),
(87252, 5),
(87253, 14),
(87254, 4),
(87255, 14),
(87256, 14),
(87257, 14),
(87258, 14),
(87259, 4),
(87260, 4),
(87261, 14),
(87262, 14),
(87263, 4),
(87264, 15),
(87265, 14),
(87266, 14),
(87267, 14),
(87268, 14),
(87269, 16),
(87270, 5),
(87271, 15),
(87272, 4),
(87273, 16),
(87274, 14),
(87275, 14),
(87276, 14),
(87277, 4),
(87278, 18),
(87279, 14),
(87280, 14),
(87281, 14),
(87282, 21),
(87283, 18),
(87285, 18),
(87286, 18),
(87287, 14),
(87288, 14),
(87289, 14),
(87290, 14),
(87291, 14),
(87292, 14),
(87293, 4),
(87294, 14),
(87295, 14),
(87296, 14),
(87297, 10),
(87298, 2),
(87299, 14),
(87300, 14),
(87301, 19),
(87302, 4),
(87303, 14),
(87304, 14),
(87305, 4),
(87306, 14),
(87307, 14),
(87308, 2),
(87309, 14),
(87310, 14),
(87311, 4),
(87312, 14),
(87314, 15),
(87315, 19),
(87316, 15),
(87317, 15),
(87318, 2),
(87319, 5),
(87320, 14),
(87321, 4),
(87322, 14),
(87323, 18),
(87324, 14),
(87325, 14),
(87326, 14),
(87327, 18),
(87328, 18),
(87329, 14),
(87330, 14),
(87331, 14),
(87332, 19),
(87333, 19),
(87334, 14),
(87335, 14),
(87336, 14),
(87337, 14),
(87338, 19),
(87339, 14),
(87340, 14),
(87341, 4),
(87342, 14),
(87344, 14),
(87345, 4),
(87346, 18),
(87347, 2),
(87348, 14),
(87349, 14),
(87350, 14),
(87351, 14),
(87352, 14),
(87353, 14),
(87354, 14),
(87355, 14),
(87356, 14),
(87357, 18),
(87358, 18),
(87359, 23),
(87360, 14),
(87361, 14),
(87362, 14),
(87363, 14),
(87364, 14),
(87365, 14),
(87366, 21),
(87367, 14),
(87368, 19),
(87369, 14),
(87370, 14),
(87371, 2),
(87372, 14),
(87373, 14),
(87374, 14),
(87375, 14),
(87376, 4),
(87377, 14),
(87378, 18),
(87379, 14),
(87380, 14),
(87381, 21),
(87382, 14),
(87383, 14),
(87384, 14),
(87385, 19),
(87386, 14),
(87387, 2),
(87388, 14),
(87389, 19),
(87390, 19),
(87391, 14),
(87392, 14),
(87393, 14),
(87394, 4),
(87395, 14),
(87396, 14),
(87397, 14),
(87398, 14),
(87399, 4),
(87400, 14),
(87401, 14),
(87402, 14),
(87403, 14),
(87404, 14),
(87405, 14),
(87406, 14),
(87407, 14),
(87408, 14),
(87409, 14),
(87410, 14),
(87411, 14),
(87412, 14),
(87413, 14),
(87414, 18),
(87415, 18),
(87416, 4),
(87417, 14),
(87418, 14),
(87419, 14),
(87420, 4),
(87421, 14),
(87422, 4),
(87423, 14),
(87424, 14),
(87425, 11),
(87426, 14),
(87427, 19),
(87428, 14),
(87429, 14),
(87430, 14),
(87431, 14),
(87432, 14),
(87433, 18),
(87434, 14),
(87435, 14),
(87436, 14),
(87437, 14),
(87438, 14),
(87439, 14),
(87440, 14),
(87441, 6),
(87442, 4),
(87443, 14),
(87444, 4),
(87445, 14),
(87446, 14),
(87447, 14),
(87448, 18),
(87449, 14),
(87450, 4),
(87451, 5),
(87452, 4),
(87453, 4),
(87454, 2),
(87455, 14),
(87456, 14),
(87457, 14),
(87458, 2),
(87459, 14),
(87460, 14),
(87461, 14),
(87462, 14),
(87463, 14),
(87464, 14),
(87465, 14),
(87466, 4),
(87467, 14),
(87468, 14),
(87469, 14),
(87470, 14),
(87471, 14),
(87472, 4),
(87473, 14),
(87474, 14),
(87475, 4),
(87476, 5),
(87477, 4),
(87478, 14),
(87479, 4),
(87480, 14),
(87481, 14),
(87482, 14),
(87483, 14),
(87484, 21),
(87485, 14),
(87486, 14),
(87487, 14),
(87488, 14),
(87489, 14),
(87490, 14),
(87491, 4),
(87492, 4),
(87493, 4),
(87494, 4),
(87495, 4),
(87496, 4),
(87497, 4),
(87498, 14),
(87499, 4),
(87500, 14),
(87501, 14),
(87502, 14),
(87503, 14),
(87504, 14),
(87505, 2),
(87506, 5),
(87507, 14),
(87508, 14),
(87509, 2),
(87510, 11),
(87511, 14),
(87512, 4),
(87513, 14),
(87514, 15),
(87515, 14),
(87516, 14),
(87517, 14),
(87518, 14),
(87519, 21),
(87520, 14),
(87521, 14),
(87522, 14),
(87523, 14),
(87524, 14),
(87525, 15),
(87526, 6),
(87527, 14),
(87528, 2),
(87529, 14),
(87530, 14),
(87531, 14),
(87532, 14),
(87533, 11),
(87534, 14),
(87535, 14),
(87536, 4),
(87537, 14),
(87538, 14),
(87539, 14),
(87540, 14),
(87541, 14),
(87542, 14),
(87543, 14),
(87544, 14),
(87545, 14),
(87546, 14),
(87547, 14),
(87548, 14),
(87549, 14),
(87550, 14),
(87551, 14),
(87552, 14),
(87553, 19),
(87554, 14),
(87555, 14),
(87556, 4),
(87557, 4),
(87558, 15),
(87559, 2),
(87560, 4),
(87561, 19),
(87562, 14),
(87563, 19),
(87564, 14),
(87565, 4),
(87566, 14),
(87567, 14),
(87568, 23),
(87569, 14),
(87570, 14),
(87571, 23),
(87572, 15),
(87573, 14),
(87574, 14),
(87575, 14),
(87576, 14),
(87577, 14),
(87578, 14),
(87579, 14),
(87580, 14),
(87581, 4),
(87582, 14),
(87583, 14),
(87584, 14),
(87585, 14),
(87586, 14),
(87587, 2),
(87588, 14),
(87589, 14),
(87590, 14),
(87591, 14),
(87592, 14),
(87593, 5),
(87594, 16),
(87595, 16),
(87596, 14),
(87597, 14),
(87598, 19),
(87599, 14),
(87600, 14),
(87601, 14),
(87602, 14),
(87603, 4),
(87604, 18),
(87605, 14),
(87606, 14),
(87607, 16),
(87608, 14),
(87609, 14),
(87610, 14),
(87611, 14),
(87612, 4),
(87613, 14),
(87614, 14),
(87615, 14),
(87616, 4),
(87617, 14),
(87618, 14),
(87619, 14),
(87620, 2),
(87621, 14),
(87622, 14),
(87623, 14),
(87624, 14),
(87625, 15),
(87626, 2),
(87627, 2),
(87628, 14),
(87629, 14),
(87630, 14),
(87631, 15),
(87632, 19),
(87633, 15),
(87634, 19),
(87636, 15),
(87637, 14),
(87638, 14),
(87639, 16),
(87640, 14),
(87641, 14),
(87642, 15),
(87643, 19),
(87644, 14),
(87645, 4),
(87646, 4),
(87647, 4),
(87648, 15),
(87649, 15),
(87650, 14),
(87651, 14),
(87652, 2),
(87653, 5),
(87654, 14),
(87655, 14),
(87656, 14),
(87657, 15),
(87658, 14),
(87659, 15),
(87660, 15),
(87661, 14),
(87662, 14),
(87663, 14),
(87664, 14),
(87665, 15),
(87667, 18),
(87668, 2),
(87669, 15),
(87670, 14),
(87671, 15),
(87672, 14),
(87673, 14),
(87674, 11),
(87675, 14),
(87676, 5),
(87677, 14),
(87678, 14),
(87679, 14),
(87680, 14),
(87681, 15),
(87682, 15),
(87683, 15),
(87684, 14),
(87685, 15),
(87686, 15),
(87687, 14),
(87688, 14),
(87690, 14),
(87691, 15),
(87692, 14),
(87693, 14),
(87694, 15),
(87695, 2),
(87696, 14),
(87697, 15),
(87698, 14),
(87699, 4),
(87700, 4),
(87701, 14),
(87702, 14),
(87703, 14),
(87704, 14),
(87705, 19),
(87706, 14),
(87707, 14),
(87708, 14),
(87709, 14),
(87710, 19),
(87711, 14),
(87712, 14),
(87713, 14),
(87714, 11),
(87715, 16),
(87716, 4),
(87717, 14),
(87718, 14),
(87719, 4),
(87720, 14),
(87721, 14),
(87722, 14),
(87723, 14),
(87724, 14),
(87725, 14),
(87726, 14),
(87727, 14),
(87728, 14),
(87729, 14),
(87730, 14),
(87731, 14),
(87732, 14),
(87733, 14),
(87734, 14),
(87735, 4),
(87736, 14),
(87737, 2),
(87738, 14),
(87739, 15),
(87740, 2),
(87741, 4),
(87742, 4),
(87743, 4),
(87744, 14),
(87745, 4),
(87746, 14),
(87747, 14),
(87748, 14),
(87749, 4),
(87750, 14);

-- --------------------------------------------------------

--
-- Table structure for table `news`
--

CREATE TABLE `news` (
  `id` int(11) NOT NULL,
  `date` int(8) NOT NULL DEFAULT '0',
  `subject` varchar(100) DEFAULT NULL,
  `author` varchar(20) DEFAULT NULL,
  `summary` text,
  `body` text,
  `url` varchar(80) DEFAULT NULL,
  `img` varchar(80) DEFAULT NULL,
  `highlight` int(1) DEFAULT NULL,
  `categoryID` int(10) NOT NULL DEFAULT '0'
) ENGINE=MyISAM DEFAULT CHARSET=latin1;

--
-- Dumping data for table `news`
--

INSERT INTO `news` (`id`, `date`, `subject`, `author`, `summary`, `body`, `url`, `img`, `highlight`, `categoryID`) VALUES
(1, 20031218, 'Christmas', '', '', '', '', '', 0, 1),
(2, 20031218, 'new year', '', '', '', '', '', 0, 3),
(3, 20031218, 'sunday', '', '', '', '', '', 0, 2),
(4, 20021010, 'Photonics World 2002', 'Burger King', 'It\'s a road show by APP Systems & Services Pte Ltd at Singapore Expo.', 'It\'s a road show by APP Systems & Services Pte Ltd at Singapore Expo. In this event, a lot of companies come together and display their products.', '', '', 0, 1),
(5, 20020618, 'Nepcon Penang 2002', 'Hanburgerler', 'Trade show at Penang International Sports Arena (PISA).', 'Trade show at Penang International Sports Arena (PISA).Trade show at Penang International Sports Arena (PISA).Trade show at Penang International Sports Arena (PISA).Trade show at Penang International Sports Arena (PISA).Trade show at Penang International Sports Arena (PISA).', '', '', 0, 1),
(6, 20030507, 'Semicon Singapore 2002', 'Oohlala', 'Trade show at Suntec Singapore International Convention and Exhibition Centre (SSICEC)', 'Trade show at Suntec Singapore International Convention and Exhibition Centre (SSICEC)Trade show at Suntec Singapore International Convention and Exhibition Centre (SSICEC)Trade show at Suntec Singapore International Convention and Exhibition Centre (SSICEC)Trade show at Suntec Singapore International Convention and Exhibition Centre (SSICEC)', '', 'uploads/app_reception.jpg', 0, 2);

-- --------------------------------------------------------

--
-- Table structure for table `news_category`
--

CREATE TABLE `news_category` (
  `categoryID` int(10) NOT NULL,
  `categoryName` varchar(100) NOT NULL DEFAULT '',
  `categoryDescrip` varchar(255) DEFAULT NULL
) ENGINE=MyISAM DEFAULT CHARSET=latin1;

--
-- Dumping data for table `news_category`
--

INSERT INTO `news_category` (`categoryID`, `categoryName`, `categoryDescrip`) VALUES
(1, 'General', ''),
(2, 'very general', ''),
(3, 'not very general', '');

-- --------------------------------------------------------

--
-- Table structure for table `products`
--

CREATE TABLE `products` (
  `productid` int(20) NOT NULL,
  `productname` varchar(100) NOT NULL DEFAULT '',
  `productdesc` text NOT NULL,
  `productpic` varchar(255) NOT NULL DEFAULT '',
  `catid` int(10) NOT NULL DEFAULT '0'
) ENGINE=MyISAM DEFAULT CHARSET=latin1;

-- --------------------------------------------------------

--
-- Table structure for table `room`
--

CREATE TABLE `room` (
  `roomid` int(10) NOT NULL,
  `roomname` varchar(250) NOT NULL DEFAULT '',
  `descr` varchar(250) NOT NULL DEFAULT ''
) ENGINE=MyISAM DEFAULT CHARSET=latin1;

--
-- Dumping data for table `room`
--

INSERT INTO `room` (`roomid`, `roomname`, `descr`) VALUES
(1, 'Conference Room', ''),
(2, 'Service Meeting Room', ''),
(5, 'FujiFilm Digital Camera', ''),
(7, 'Epson Portable Projector', '');

-- --------------------------------------------------------

--
-- Table structure for table `roombook`
--

CREATE TABLE `roombook` (
  `bookid` int(20) NOT NULL,
  `roomid` int(10) NOT NULL DEFAULT '0',
  `staffid` int(10) NOT NULL DEFAULT '0',
  `kt` int(10) NOT NULL DEFAULT '0',
  `jt` int(10) NOT NULL DEFAULT '0',
  `sd` varchar(255) NOT NULL DEFAULT '',
  `ld` text NOT NULL
) ENGINE=MyISAM DEFAULT CHARSET=latin1;

--
-- Dumping data for table `roombook`
--

INSERT INTO `roombook` (`bookid`, `roomid`, `staffid`, `kt`, `jt`, `sd`, `ld`) VALUES
(1, 1, 45, 1086768022, 1086771622, 'meeting', ''),
(2, 1, 45, 1087200022, 1087205422, 'meeting', ''),
(3, 2, 45, 1087200022, 1087202722, 'fsdf', ''),
(4, 1, 45, 1087205422, 1087209022, 'ds', ''),
(5, 1, 45, 1087286422, 1087291822, 'jhuhuhu', ''),
(6, 1, 45, 1087383622, 1087389022, 'sleeping', ''),
(7, 2, 46, 1088560800, 1088564400, 'meeting', ''),
(9, 1, 9, 1090198800, 1090220400, 'Principal visit', ''),
(10, 1, 9, 1090371600, 1090393200, 'Principal visit', ''),
(11, 1, 9, 1090458000, 1090479600, 'Tuthill Kinney visit', ''),
(1206, 1, 9, 1185933600, 1185937200, 'Interview', ''),
(1218, 1, 10, 1186448400, 1186477200, 'Meeting', ''),
(1203, 2, 7, 1185516000, 1185519600, 'Neslab Meeting', ''),
(6564, 1, 302, 1657778400, 1657782000, 'Meeting', ''),
(35, 2, 7, 1089270000, 1089275400, 'Conduct Interview', ''),
(36, 2, 7, 1089334800, 1089340200, 'Conduct Interview', ''),
(37, 2, 7, 1089352800, 1089360000, 'Conduct Interview', ''),
(1322, 1, 10, 1193799600, 1193814000, 'Meeting', ''),
(3200, 1, 233, 1409126400, 1409130000, 'Meeting with Software Vendor - EcNet', ''),
(44, 1, 65, 1089853200, 1089865800, 'Meeting with CTI Service Engineer(Taiwan)', ''),
(48, 2, 7, 1089939600, 1089952200, 'Meeting with CTI Service Engineer(Taiwan)', ''),
(1263, 2, 9, 1189663200, 1189677600, 'Interview', ''),
(927, 2, 66, 1160449200, 1160452800, 'ERP MEETING - SVC MODULE', ''),
(6563, 2, 123, 1657677600, 1657684800, 'Monthly Service Meeting', ''),
(3110, 2, 102, 1393207200, 1393214400, 'Meeting', ''),
(3199, 1, 233, 1409122800, 1409126400, 'Meeting with Software Vendor - EcNet', ''),
(63, 1, 10, 1090825200, 1090828800, 'Meeting', ''),
(1401, 2, 7, 1204264800, 1204272000, 'Interview', ''),
(72, 1, 7, 1091001600, 1091008800, 'Conference Call', ''),
(76, 1, 10, 1091584800, 1091588400, 'Meeting', ''),
(78, 2, 9, 1091581200, 1091602800, 'Conduct Interview', ''),
(79, 2, 9, 1091692800, 1091700000, 'Conduct Interview', ''),
(80, 2, 9, 1091844000, 1091847600, 'Conduct Interview', ''),
(81, 2, 9, 1091689200, 1091692800, 'Conduct Interview', ''),
(5712, 2, 302, 1598338800, 1598342400, 'Interview - For Cheok', ''),
(5711, 1, 302, 1598338800, 1598342400, 'Sign LOA', ''),
(1196, 2, 7, 1184896800, 1184904000, 'Meeting', ''),
(6495, 1, 302, 1652252400, 1652256000, 'Interview - For CP', ''),
(91, 2, 21, 1091667600, 1091671200, 'Conduct Interview', ''),
(6494, 1, 123, 1651629600, 1651636800, 'Monthly Service Meeting', ''),
(93, 2, 9, 1091671200, 1091674800, 'Conduct Interview', ''),
(100, 1, 9, 1091772000, 1091782800, 'Conduct Interview', ''),
(1255, 1, 9, 1190010600, 1190017800, 'Interview', ''),
(1195, 1, 10, 1184119200, 1184126400, 'Meeting', ''),
(107, 1, 9, 1092276000, 1092279600, 'Conduct Interview', ''),
(1552, 2, 26, 1214557200, 1214560800, 'APP Lifestyle Committee Meeting', ''),
(3214, 1, 137, 1412748000, 1412751600, 'CIP Meeting', ''),
(1253, 1, 9, 1189492200, 1189504800, 'Interview', ''),
(6562, 1, 302, 1659333600, 1659340800, 'Orientation', ''),
(1551, 2, 26, 1214553600, 1214557200, 'APP Lifestyle Committee Meeting', ''),
(3207, 1, 233, 1411531200, 1411549200, 'Vendor Demo for Syteline', ''),
(3206, 1, 233, 1411527600, 1411531200, 'Vendor Demo for Syteline', ''),
(134, 1, 9, 1093586400, 1093591800, 'Conduct Interview', ''),
(5720, 2, 302, 1599012000, 1599015600, 'Interview - For Cheok', ''),
(5707, 2, 302, 1597975200, 1597978800, 'Interview - For Thiva', ''),
(5706, 2, 10, 1597890600, 1597896000, 'Discussion', ''),
(5708, 1, 255, 1598234400, 1598238000, 'Meeting', ''),
(139, 2, 9, 1094018400, 1094023800, 'Conduct Interview', ''),
(3205, 1, 233, 1411524000, 1411527600, 'Vendor Demo for Syteline', ''),
(141, 1, 48, 1094104800, 1094110200, 'Appointment', ''),
(144, 2, 21, 1094454000, 1094457600, 'Conduct Interview', ''),
(3204, 1, 251, 1410397200, 1410429600, 'Guest', ''),
(149, 2, 23, 1094536800, 1094549400, 'Conduct Interview', ''),
(3203, 2, 10, 1409106600, 1409113800, 'Meeting', ''),
(3202, 1, 251, 1409101200, 1409112000, 'Discussion with training vendor', ''),
(3201, 1, 7, 1408946400, 1408950000, 'DAS Meeting', ''),
(5429, 2, 302, 1567652400, 1567656000, 'Interview - For Ronnie', ''),
(1413, 2, 66, 1204686000, 1204689600, 'LEYBOLD MEETING', ''),
(1461, 1, 66, 1208919600, 1208923200, 'CTI SALES/SERVICE MEETING', ''),
(170, 1, 9, 1095667200, 1095676200, 'Conduct Interview', ''),
(175, 1, 9, 1095840000, 1095843600, 'Sign Appt Letter', ''),
(6561, 2, 313, 1657090800, 1657096200, 'Meeting with Aemulus', ''),
(5428, 2, 302, 1567130400, 1567134000, 'Interview - For Thiva', ''),
(7762, 1, 313, 1736434800, 1736445600, 'Meeting with New Principal XTPL Poland', ''),
(5604, 2, 302, 1582529400, 1582533000, 'Interview - For CP', ''),
(5426, 1, 10, 1567130400, 1567139400, 'Training of OP Team', ''),
(1400, 2, 7, 1204246800, 1204254000, 'Interview', ''),
(5283, 1, 65, 1556604000, 1556611200, 'Meeting', ''),
(197, 1, 21, 1096938000, 1096943400, 'Conference Call', ''),
(1248, 1, 137, 1188788400, 1188792000, 'Presentation Preview', ''),
(5425, 2, 302, 1567058400, 1567065600, 'Interview - For Ronnie', ''),
(5704, 1, 197, 1597888800, 1597892400, 'Meeting', ''),
(6496, 1, 130, 1651815000, 1651824000, 'Meeting with customer (Vanguard)', ''),
(923, 1, 20, 1160013600, 1160017200, 'DBS', ''),
(1617, 2, 83, 1219046400, 1219050000, 'Interview', ''),
(243, 2, 9, 1099098000, 1099103400, 'Conduct Interview', ''),
(1398, 2, 21, 1203926400, 1203930000, 'Interview', ''),
(229, 1, 65, 1099015200, 1099018800, 'Meeting', ''),
(230, 2, 65, 1099018800, 1099026000, 'Meeting', ''),
(231, 2, 9, 1099033200, 1099042200, 'Conduct Interview', ''),
(233, 2, 9, 1099447200, 1099454400, 'Conduct Interview', ''),
(234, 1, 7, 1096678800, 1096682400, 'Service Meeting', ''),
(253, 2, 7, 1099875600, 1099879200, 'Meeting with Principal', ''),
(1384, 2, 23, 1201658400, 1201662000, 'Interview', ''),
(3095, 1, 83, 1390784400, 1390795200, 'Meeting', ''),
(5420, 1, 302, 1566777600, 1566788400, 'Orientation', ''),
(247, 2, 21, 1099288800, 1099294200, 'Meeting', ''),
(5424, 2, 302, 1567389600, 1567393200, 'Interview - For Kian', ''),
(5423, 2, 313, 1566810000, 1566813600, 'KLA Concall', ''),
(263, 1, 10, 1101110400, 1101114000, 'Lifestyle Meeting', ''),
(5422, 2, 302, 1566975600, 1566979200, 'Interview - For Kian', ''),
(5421, 1, 316, 1566795600, 1566802800, 'ALMIG Meeting', ''),
(1416, 1, 10, 1204594200, 1204614000, 'V-Tek Product Meeting', ''),
(7761, 2, 313, 1736179200, 1736186400, 'Meeting with Buhler Germany', ''),
(1373, 2, 7, 1200535200, 1200556800, 'Interview', ''),
(291, 1, 83, 1102464000, 1102471200, 'conference call', ''),
(1620, 2, 29, 1219039200, 1219046400, 'Interview', ''),
(1419, 1, 7, 1205283600, 1205296200, 'Interview', ''),
(313, 2, 7, 1104998400, 1105005600, 'Lifestyle Meeting', ''),
(342, 1, 9, 1106787600, 1106812800, 'Helix US Principal Visit', ''),
(1247, 1, 10, 1188885600, 1188896400, 'Discussion with Dr Wiemer (CEO - Pfeiffer Vacuum) & Mr Markus Stoiber', ''),
(3092, 2, 147, 1390197600, 1390212000, 'Meeting', ''),
(8000, 2, 313, 1745402400, 1745406000, 'Meeting with Opto Tay', ''),
(3091, 1, 10, 1390190400, 1390212000, 'Training', ''),
(336, 1, 7, 1106618400, 1106625600, 'Meeting', ''),
(3088, 1, 7, 1390269600, 1390273200, 'Briefing', ''),
(338, 1, 7, 1106629200, 1106640000, 'Meeting', ''),
(343, 2, 7, 1106874000, 1106884800, 'Meeting', ''),
(344, 2, 7, 1106892000, 1106902800, 'Meeting', ''),
(542, 2, 66, 1125477000, 1125482400, 'Lifestyle Meeting', ''),
(1360, 1, 10, 1199412000, 1199419200, 'Meeting', ''),
(7760, 2, 123, 1736157600, 1736164800, 'Monthly Service meeting', ''),
(359, 1, 66, 1109577600, 1109584800, 'Meeting', ''),
(360, 1, 9, 1109228400, 1109239200, 'Meeting with Thermo Neslab Principal', ''),
(3087, 1, 7, 1390266000, 1390269600, 'Briefing', ''),
(364, 1, 66, 1109660400, 1109671200, 'Lifestyle Meeting', ''),
(7759, 1, 233, 1736931600, 1736942400, 'Meeting', ''),
(3086, 1, 7, 1390183200, 1390186800, 'Briefing', ''),
(374, 1, 10, 1110765600, 1110774600, 'Meeting with Principal', ''),
(3085, 1, 7, 1390179600, 1390183200, 'Briefing', ''),
(3084, 1, 7, 1389920400, 1389924000, 'Briefing', ''),
(389, 2, 66, 1111559400, 1111564800, 'Service Meeting', ''),
(397, 2, 29, 1112151600, 1112176800, 'Interview by CP Lee', ''),
(396, 2, 29, 1112338800, 1112344200, 'Interview by CP Lee', ''),
(1304, 1, 9, 1192514400, 1192519800, 'Interview', ''),
(1305, 2, 137, 1192169700, 1192173300, 'Meeting', ''),
(5380, 1, 251, 1563847200, 1563852600, 'Meeting', ''),
(4873, 1, 7, 1523847600, 1523851200, 'BROOKS AUTOMATION', ''),
(1366, 2, 9, 1199858400, 1199863800, 'Interview', ''),
(6560, 1, 302, 1656990000, 1656993600, 'Call with NTU', ''),
(6559, 2, 313, 1656988200, 1656993600, 'KLA Meeting', ''),
(1232, 2, 23, 1187834400, 1187838000, 'Interview', ''),
(1231, 2, 9, 1187848800, 1187852400, 'Interview', ''),
(1492, 2, 7, 1212458400, 1212487200, 'Interviews', ''),
(7021, 2, 367, 1691420400, 1691424000, 'interview - CP Lee', ''),
(1303, 1, 9, 1192500000, 1192505400, 'Interview', ''),
(7020, 2, 367, 1691506800, 1691510400, 'interview - CP Lee', ''),
(1482, 1, 10, 1211328000, 1211364300, 'Principal Visit', ''),
(436, 2, 66, 1114763400, 1114768800, 'Service Meeting', ''),
(1356, 2, 9, 1198735200, 1198746000, 'Interview', ''),
(1354, 2, 9, 1198720800, 1198726200, 'Interview', ''),
(1486, 2, 7, 1211439600, 1211443200, 'Brooks Meeting', ''),
(1352, 2, 9, 1198216800, 1198225800, 'Interview', ''),
(3784, 1, 233, 1460509200, 1460521800, 'Meeting', ''),
(443, 1, 7, 1115166600, 1115175600, 'Conference Duane of Noah', ''),
(444, 2, 83, 1115168400, 1115182800, 'Meeting with AE US Principal', ''),
(2946, 1, 76, 1377072000, 1377077400, 'Meeting', ''),
(5374, 1, 302, 1564378200, 1564390800, 'ISO 9001:2015 QMS Requirement & Internal Audit Training', ''),
(1485, 2, 7, 1211436000, 1211439600, 'Brooks Meeting', ''),
(1484, 1, 10, 1211414400, 1211450700, 'Principal Visit', ''),
(2945, 2, 29, 1377154800, 1377162000, 'Meeting', ''),
(460, 1, 9, 1117004400, 1117015200, 'Meeting', ''),
(2944, 1, 233, 1377050400, 1377057600, 'Meeting', ''),
(921, 1, 20, 1159840800, 1159844400, 'SCB', ''),
(3783, 1, 233, 1460444400, 1460455200, 'Meeting', ''),
(466, 1, 66, 1117436400, 1117447200, 'Lifestyle Meeting', ''),
(922, 1, 20, 1159929000, 1159932600, 'OCBC', ''),
(919, 2, 66, 1159858800, 1159862400, 'ERP MEETING - SERVICE MODULE', ''),
(3081, 1, 7, 1389578400, 1389582000, 'Biz Safe Briefing', ''),
(794, 2, 7, 1148536800, 1148547600, 'Interview', ''),
(1744, 1, 137, 1239944400, 1239949800, 'CP, Lim Pei Lin (Corporate folder meeting)', ''),
(952, 1, 66, 1161914400, 1161918000, 'ERP DISCUSSION ON SERVICE MODULE', ''),
(484, 2, 66, 1119837600, 1119844800, 'Meeting', ''),
(3079, 1, 233, 1389321000, 1389324600, 'Meeting OCBC RM', ''),
(3080, 1, 7, 1389574800, 1389578400, 'Biz Safe Briefing', ''),
(4816, 1, 7, 1519891200, 1519894800, 'CTI Training', ''),
(2942, 1, 233, 1376881200, 1376888400, 'Meeting with Info', ''),
(1414, 2, 66, 1204689600, 1204693200, 'LEYBOLD MEETING', ''),
(500, 1, 7, 1121992200, 1122006600, 'For OBIS Implant Training', ''),
(1410, 1, 66, 1206493200, 1206500400, 'SAP Training', ''),
(1349, 2, 7, 1197334800, 1197352800, 'For Brooks', ''),
(1350, 2, 7, 1197421200, 1197453600, 'For Brooks', ''),
(1348, 2, 7, 1197248400, 1197280800, 'For Brooks', ''),
(3121, 1, 233, 1395284400, 1395288000, 'Meeting with CP & Andrew', ''),
(918, 2, 66, 1159855200, 1159858800, 'ERP MEETING - SERVICE MODULE', ''),
(4815, 1, 7, 1519887600, 1519891200, 'CTI Training', ''),
(3077, 1, 10, 1389592800, 1389607200, 'Meeting with Pfeiffer Principal', ''),
(522, 2, 7, 1123034400, 1123038000, 'Noah Meeting', ''),
(1162, 1, 83, 1179799200, 1179802800, 'Meeting', ''),
(1223, 1, 10, 1188954000, 1188986400, 'Meeting', ''),
(530, 1, 66, 1124263800, 1124269200, 'lifestyle meeting', ''),
(1438, 1, 21, 1206424800, 1206435600, 'Meeting', ''),
(1612, 1, 9, 1218528000, 1218531600, 'Meeting', ''),
(1429, 2, 83, 1206000000, 1206007200, 'APP Lifestyle Committee Meeting', ''),
(5375, 1, 302, 1564551000, 1564563600, 'ISO 9001:2015 QMS Requirement & Internal Audit Training', ''),
(535, 2, 23, 1124344800, 1124348400, 'Interview', ''),
(2940, 1, 76, 1376532000, 1376542800, 'Meeting', ''),
(6491, 1, 302, 1651212000, 1651219200, 'Signing of LOA', ''),
(1481, 1, 10, 1211241600, 1211277900, 'Principal Visit', ''),
(2939, 1, 76, 1376445600, 1376454600, 'Meeting', ''),
(1343, 2, 9, 1197352800, 1197358200, 'Interview', ''),
(5702, 1, 302, 1597892400, 1597896000, 'Interview - For BC', ''),
(579, 1, 9, 1126576800, 1126587600, 'Meeting with Principal', ''),
(583, 1, 7, 1126832400, 1126839600, 'Meeting', ''),
(5701, 2, 302, 1597971600, 1597975200, 'Interview - For BC', ''),
(1473, 1, 26, 1209362400, 1209367800, 'Meeting with Event Organiser', ''),
(1474, 2, 9, 1209362400, 1209367800, 'Interview', ''),
(2938, 1, 29, 1376373600, 1376377200, 'Meeting with Pitney Bowes', ''),
(607, 1, 83, 1127973600, 1127988300, 'Training', ''),
(2937, 2, 66, 1375754400, 1375761600, 'Meeting', ''),
(2935, 1, 76, 1375682400, 1375689600, 'Meeting', ''),
(5700, 2, 302, 1597885200, 1597888800, 'Interview - For BC', ''),
(1613, 2, 26, 1219111200, 1219118400, 'Lifestyle meeting', ''),
(616, 1, 7, 1128578400, 1128585600, 'Meeting', ''),
(1506, 1, 48, 1213866000, 1213869600, 'Interview', ''),
(1527, 2, 9, 1214380800, 1214384400, 'Interview', ''),
(1528, 1, 9, 1214186400, 1214190000, 'Meeting', ''),
(1529, 1, 9, 1214190000, 1214193600, 'Meeting', ''),
(625, 2, 9, 1129680000, 1129716000, 'Meeting with Thermo Neslab Principal', ''),
(631, 2, 7, 1129528800, 1129532400, 'Interview', ''),
(632, 2, 7, 1129532400, 1129536000, 'Interview', ''),
(633, 2, 21, 1129615200, 1129624200, 'Interview', ''),
(634, 2, 21, 1129631400, 1129635000, 'Interview', ''),
(5699, 2, 302, 1597978800, 1597982400, 'Interview - For BC', ''),
(638, 2, 7, 1130288400, 1130295600, 'Meeting', ''),
(1469, 2, 66, 1209088800, 1209092400, 'SAP TRAINING', ''),
(1505, 2, 7, 1213664400, 1213668000, 'Service Meeting', ''),
(1504, 2, 137, 1213254000, 1213257600, 'LIM Pei Lin', ''),
(643, 2, 7, 1130374800, 1130382000, 'Noah Meeting', ''),
(4814, 1, 7, 1519884000, 1519887600, 'CTI Training', ''),
(647, 2, 23, 1130382000, 1130383800, 'Interview', ''),
(1138, 1, 10, 1177028400, 1177063500, 'Leybold Optics Training', ''),
(1468, 2, 66, 1209085200, 1209088800, 'SAP TRAINING', ''),
(6490, 2, 251, 1651201200, 1651204800, 'Meeting', ''),
(1465, 2, 7, 1208998800, 1209009600, 'Interview', ''),
(1464, 2, 7, 1209020400, 1209031500, 'Interview', ''),
(1462, 2, 7, 1208826000, 1208838600, 'Interview', ''),
(661, 1, 7, 1131670800, 1131703200, 'Meeting', ''),
(662, 1, 7, 1131325200, 1131357600, 'Meeting', ''),
(663, 2, 7, 1131411600, 1131422400, 'Service  Meeting', ''),
(1336, 2, 9, 1196820000, 1196825400, 'Interview', ''),
(665, 2, 23, 1131498000, 1131501600, 'Interview', ''),
(6558, 1, 251, 1657609200, 1657614600, 'Interview', ''),
(1137, 1, 10, 1176942000, 1176977100, 'Leybold Optics Training', ''),
(5343, 2, 302, 1561428000, 1561431600, 'Interview - For BC', ''),
(4635, 1, 7, 1509440400, 1509444000, 'CTI Meeting', ''),
(1332, 1, 10, 1195783200, 1195790400, 'Meeting', ''),
(1460, 1, 66, 1208916000, 1208919600, 'CTI SALES/SERVICE MEETING', ''),
(2931, 1, 233, 1375322400, 1375326000, 'by John - Meeting with SME Trade Finance Assist', ''),
(1459, 1, 66, 1208484000, 1208487600, 'AE SAP TRAINING', ''),
(4634, 1, 7, 1509436800, 1509440400, 'CTI Meeting', ''),
(1458, 1, 66, 1208480400, 1208484000, 'AE SAP TRAINING', ''),
(1136, 1, 10, 1176855600, 1176890700, 'Leybold Optics Training', ''),
(686, 1, 83, 1132621200, 1132653600, 'Meeting', ''),
(688, 2, 83, 1132707600, 1132740000, 'Meeting', ''),
(953, 1, 66, 1161918000, 1161921600, 'ERP DISCUSSION ON SERVICE MODULE', ''),
(1135, 1, 10, 1176769200, 1176804300, 'Leybold Optics Training', ''),
(1456, 2, 26, 1208246400, 1208253900, 'Lifestyle Committee Meeting', ''),
(1455, 1, 29, 1208314800, 1208318400, 'Meeting', ''),
(3780, 1, 197, 1460102400, 1460109600, 'Meeting', ''),
(1134, 1, 10, 1176682800, 1176710700, 'Leybold Optics Training', ''),
(705, 2, 10, 1133748000, 1133755200, 'PFEIFFER VACUUM', ''),
(1290, 1, 9, 1191477600, 1191483000, 'Interview', ''),
(1133, 2, 21, 1175752800, 1175760000, 'Interview', ''),
(711, 2, 7, 1134349200, 1134378000, 'Neslab Training for Protec', ''),
(4813, 1, 7, 1519880400, 1519884000, 'CTI Training', ''),
(1627, 2, 26, 1220320800, 1220328000, 'Committee meeting', ''),
(1127, 1, 83, 1174528800, 1174532400, 'Interview', ''),
(1451, 1, 66, 1207879200, 1207882800, 'SAP TRAINING', ''),
(1175, 2, 10, 1183518000, 1183521600, 'Optics Group Meeting', ''),
(1174, 1, 10, 1183341600, 1183350600, 'Meeting with Mr Cornel (Vtek) & Kelwin Chan', ''),
(721, 2, 32, 1134615600, 1134619200, 'Meeting', ''),
(5396, 2, 7, 1563937200, 1563940800, 'CTI Quality Meeting with Steven', ''),
(1452, 2, 26, 1207796400, 1207801800, 'APP Lifestyle Committee Meeting', ''),
(1293, 2, 10, 1192086000, 1192096800, 'Meeting for V-Tek', ''),
(7017, 2, 367, 1690551000, 1690554600, 'interview - ong pei lin', ''),
(733, 2, 7, 1134977400, 1134984600, 'SSMC Meeting Internal', ''),
(1294, 1, 10, 1192168800, 1192183200, 'Meeting', ''),
(6557, 2, 302, 1657159200, 1657162800, 'Interview - For James', ''),
(6556, 1, 251, 1657681200, 1657684800, 'Interview', ''),
(742, 2, 7, 1135216800, 1135238400, 'Interview', ''),
(5698, 2, 302, 1598238000, 1598241600, 'Interview - For Cheok', ''),
(3188, 1, 29, 1406851200, 1406865600, 'Health Screening for Staff', ''),
(1502, 2, 10, 1213250400, 1213254000, 'Interview', ''),
(1501, 2, 21, 1213236000, 1213239600, 'Interview', ''),
(1291, 1, 10, 1192084200, 1192096800, 'Meeting', ''),
(758, 1, 9, 1145325600, 1145329200, 'Interview', ''),
(1500, 2, 21, 1213171200, 1213174800, 'Interview', ''),
(1122, 2, 83, 1174456800, 1174460400, 'Interview', ''),
(760, 2, 9, 1145340000, 1145350800, 'Interview', ''),
(5397, 1, 137, 1564369200, 1564372800, 'Meeting with CP', ''),
(1219, 1, 10, 1186534800, 1186563600, 'Meeting', ''),
(764, 2, 9, 1145584800, 1145588400, 'Interview', ''),
(1125, 2, 83, 1174467600, 1174471200, 'Interview', ''),
(766, 2, 9, 1145847600, 1145851200, 'Interview', ''),
(767, 2, 9, 1145862000, 1145869200, 'Interview', ''),
(1274, 1, 9, 1190358000, 1190361600, 'Interview', ''),
(1450, 1, 66, 1207875600, 1207879200, 'SAP TRAINING', ''),
(779, 1, 10, 1146704400, 1146708000, 'Meeting', ''),
(3065, 2, 175, 1386313200, 1386324000, 'Conf Call', ''),
(3064, 2, 175, 1386304200, 1386313200, 'Conf Call', ''),
(1116, 2, 10, 1174287600, 1174291200, 'Interview', ''),
(821, 2, 23, 1152151200, 1152156600, 'Interview', ''),
(3063, 2, 175, 1386288000, 1386304200, 'Conf Call', ''),
(7758, 1, 40, 1735912800, 1735916400, 'Meeting', ''),
(826, 2, 7, 1153188000, 1153195200, 'Interview', ''),
(827, 2, 7, 1153202400, 1153207800, 'Interview', ''),
(828, 2, 7, 1153299600, 1153303200, 'Interview', ''),
(1155, 1, 10, 1177912800, 1177927200, 'Internal Discussion with Mr Oliver Mayfarth (Pfeiffer Vacuum)', ''),
(831, 2, 23, 1153270800, 1153299600, 'Interview', ''),
(832, 1, 7, 1153292400, 1153303200, 'Interview', ''),
(1172, 2, 7, 1183424400, 1183449600, 'Interview', ''),
(1110, 1, 10, 1173423600, 1173427200, 'Interview', ''),
(3061, 1, 175, 1386547200, 1386565200, 'CTI Training', ''),
(3057, 1, 76, 1386034200, 1386039600, 'Meeting', ''),
(2928, 1, 83, 1375232400, 1375236000, 'Conference Call', ''),
(7784, 2, 367, 1737540000, 1737543600, 'Interview - Ronald', ''),
(1115, 1, 83, 1173751200, 1173776400, 'Meeting', ''),
(861, 2, 23, 1155690000, 1155700800, 'Interview', ''),
(5697, 2, 302, 1597730400, 1597734000, 'Interview - For Cheok', ''),
(862, 2, 23, 1155704400, 1155709800, 'Interview', ''),
(6555, 1, 251, 1657076400, 1657080000, 'Interview', ''),
(6554, 1, 251, 1656903600, 1656907200, 'Interview', ''),
(7757, 1, 341, 1735902000, 1735905600, 'Amat customer meeting', ''),
(928, 2, 66, 1160452800, 1160456400, 'ERP MEETING - SVC MODULE', ''),
(1144, 2, 9, 1176690600, 1176694200, 'Interview', ''),
(2926, 1, 233, 1375169400, 1375173000, 'Meeting', ''),
(879, 1, 10, 1156917600, 1156924800, 'Meeting', ''),
(5696, 2, 302, 1598234400, 1598238000, 'Interview - For Cheok', ''),
(5363, 1, 302, 1563246000, 1563249600, 'Interview - For CP', ''),
(5695, 2, 302, 1597624200, 1597629600, 'Orientation', ''),
(900, 2, 7, 1158544800, 1158548400, 'Meeting', ''),
(3053, 1, 83, 1385604000, 1385611200, 'Meeting', ''),
(5362, 2, 302, 1563246000, 1563249600, 'Signing of LOE', ''),
(5361, 1, 102, 1562914800, 1562922000, 'Meeting', ''),
(905, 2, 20, 1159322400, 1159326000, 'MEETING', ''),
(5358, 2, 251, 1562745600, 1562749200, 'Meeting', ''),
(908, 1, 7, 1159754400, 1159776000, 'CTI', ''),
(909, 2, 7, 1159923600, 1159956000, 'CTI', ''),
(2922, 1, 126, 1374213600, 1374224400, 'Meeting', ''),
(2921, 1, 233, 1374024600, 1374030000, 'Meeting', ''),
(3052, 1, 233, 1386313200, 1386324000, 'Meeting', ''),
(914, 2, 7, 1160118000, 1160128800, 'CTI', ''),
(3015, 1, 66, 1381384800, 1381388400, 'BizSafe meeting', ''),
(5694, 2, 313, 1597370400, 1597374000, 'KLA Meeting', ''),
(1284, 1, 9, 1191564000, 1191569400, 'Interview', ''),
(950, 2, 66, 1161846000, 1161849600, 'ERP DISCUSSION ON SERVICE MODULE', ''),
(951, 2, 66, 1161849600, 1161853200, 'ERP DISCUSSION ON SERVICE MODULE', ''),
(1404, 1, 66, 1204765200, 1204772400, 'SAP Training', ''),
(966, 1, 7, 1162530000, 1162540800, 'Meeting (Neslab)', ''),
(967, 1, 7, 1162540800, 1162548000, 'Meeting (Neslab)', ''),
(1267, 1, 9, 1190172600, 1190176200, 'Interview', ''),
(5693, 1, 40, 1597298400, 1597305600, 'Meeting', ''),
(2918, 1, 29, 1373526000, 1373529600, 'Meeting with Pitney Bowes', ''),
(5692, 2, 302, 1597629600, 1597633200, 'Interview - For Cheok', ''),
(994, 2, 23, 1164157200, 1164168000, 'Interview', ''),
(995, 2, 23, 1164175200, 1164189600, 'Interview', ''),
(4872, 1, 7, 1523844000, 1523847600, 'BROOKS AUTOMATION', ''),
(1168, 1, 10, 1182733200, 1182762000, 'Sales Budget Meeting with Pfeiffer Vacuum with Mr Markus Stoiber', ''),
(2255, 1, 70, 1301994000, 1301997600, 'Interview - Mr Lee', ''),
(1003, 1, 66, 1164952800, 1164956400, 'ERP Meeting - Service Module', ''),
(1004, 1, 66, 1164956400, 1164960000, 'ERP Meeting - Service Module', ''),
(1005, 1, 66, 1164960000, 1164963600, 'ERP Meeting - Service Module', ''),
(2916, 1, 233, 1373443200, 1373450400, 'Meeting', ''),
(2914, 1, 7, 1373511600, 1373515200, 'Thermofisher Training', ''),
(1014, 1, 10, 1165989600, 1166004000, 'Meeting', ''),
(1017, 1, 10, 1166058000, 1166090400, 'Meeting', ''),
(1016, 1, 10, 1166144400, 1166158800, 'Meeting', ''),
(3051, 1, 233, 1386140400, 1386147600, 'Meeting', ''),
(1022, 2, 7, 1166752800, 1166761800, 'Interview', ''),
(1023, 2, 7, 1166767200, 1166772600, 'Interview', ''),
(1625, 2, 83, 1220346000, 1220349600, 'Interview', ''),
(3058, 1, 233, 1386057600, 1386064800, 'Budget Meeting', ''),
(1039, 1, 21, 1168243200, 1168250400, 'Interview', ''),
(1268, 1, 137, 1190167200, 1190170800, 'Appt with Booth Designers', ''),
(1215, 1, 9, 1186380000, 1186385400, 'Interview', ''),
(2913, 1, 7, 1373508000, 1373511600, 'Thermofisher Training', ''),
(1063, 2, 23, 1170225000, 1170228600, 'Interview', ''),
(1426, 2, 7, 1205888400, 1205895600, 'Service Group Meeting', ''),
(1066, 2, 10, 1170828000, 1170831600, 'Interview', ''),
(1061, 2, 23, 1170212400, 1170216000, 'Interview', ''),
(1062, 1, 10, 1170226800, 1170230400, 'Interview', ''),
(1064, 2, 10, 1170723600, 1170736200, 'Interview', ''),
(1423, 1, 10, 1205722800, 1205726400, 'Meeting', ''),
(1071, 2, 83, 1171332000, 1171335600, 'Interview', ''),
(1072, 2, 83, 1171353600, 1171357200, 'Interview', ''),
(1073, 2, 83, 1171526400, 1171530000, 'Interview', ''),
(1074, 1, 21, 1171353600, 1171357200, 'Interview', ''),
(1623, 2, 7, 1219888800, 1219917600, 'Meeting', ''),
(3049, 1, 233, 1386039600, 1386046800, 'Meeting', ''),
(1083, 1, 83, 1171504800, 1171508400, 'Interview', ''),
(1084, 2, 83, 1172473200, 1172476800, 'Interview', ''),
(1087, 2, 83, 1172646000, 1172649600, 'Interview', ''),
(2912, 1, 7, 1373504400, 1373508000, 'Thermofisher training', ''),
(5356, 2, 175, 1562724000, 1562727600, 'Discussion', ''),
(2910, 1, 7, 1372820400, 1372824000, 'Training', ''),
(2909, 1, 7, 1372816800, 1372820400, 'Training', ''),
(1574, 1, 9, 1215068400, 1215072000, 'Interview', ''),
(6488, 1, 302, 1651201200, 1651204800, 'Interview - For CP', ''),
(1585, 2, 7, 1215585000, 1215588600, 'Interview', ''),
(1583, 2, 7, 1215572400, 1215576000, 'Interview', ''),
(1586, 2, 9, 1215568800, 1215572400, 'Interview', ''),
(1587, 2, 9, 1215658800, 1215662400, 'Interview', ''),
(1588, 2, 9, 1215669600, 1215673200, 'interview', ''),
(4628, 1, 175, 1509494400, 1509505200, 'Conf Call', ''),
(1592, 1, 10, 1215997200, 1216029600, 'Meeting', ''),
(1593, 2, 10, 1216083600, 1216116000, 'Meeting', ''),
(4626, 2, 175, 1508889600, 1508904000, 'Conf Call', ''),
(2907, 1, 233, 1372748400, 1372755600, 'Meeting', ''),
(2908, 1, 7, 1372813200, 1372816800, 'Training', ''),
(6487, 1, 307, 1651107600, 1651114800, 'Meeting', ''),
(1650, 2, 7, 1225933200, 1225936800, 'Brooks meeting', ''),
(1651, 2, 7, 1225936800, 1225940400, 'Brooks meeting', ''),
(1652, 2, 7, 1225940400, 1225944000, 'Brooks meeting', ''),
(1653, 2, 7, 1225944000, 1225947600, 'Brooks meeting', ''),
(1654, 2, 7, 1225947600, 1225951200, 'Brooks meeting', ''),
(1655, 2, 7, 1225951200, 1225954800, 'Brooks meeting', ''),
(1656, 2, 7, 1225954800, 1225958400, 'Brooks meeting', ''),
(1657, 2, 7, 1225958400, 1225962000, 'Brooks meeting', ''),
(1659, 2, 7, 1226275200, 1226304000, 'BROOKS', ''),
(1660, 2, 7, 1226365200, 1226397600, 'BROOKS', ''),
(1662, 2, 26, 1226624400, 1226628000, 'Lifestyle Meeting', ''),
(5691, 2, 302, 1597280400, 1597284000, 'Interview - For BC', ''),
(1668, 1, 126, 1226973600, 1226977200, 'HRM Demo', ''),
(1669, 1, 126, 1226991600, 1226995200, 'HRM Demo', ''),
(1670, 1, 126, 1227060000, 1227063600, 'HRM Demo', ''),
(1671, 1, 7, 1226970000, 1226973600, 'Pfeiffer Training', ''),
(1672, 1, 7, 1226977200, 1226980800, 'Pfeiffer Training', ''),
(1673, 1, 7, 1226980800, 1226984400, 'Pfeiffer Training', ''),
(1674, 1, 7, 1226984400, 1226991600, 'Pfeiffer Training', ''),
(1675, 1, 7, 1226995200, 1226998800, 'Pfeiffer Training', ''),
(1676, 2, 7, 1227056400, 1227088800, 'Pfeiffer', ''),
(1677, 2, 7, 1227142800, 1227175200, 'Pfeiffer', ''),
(1678, 2, 7, 1227229200, 1227261600, 'Pfeiffer', ''),
(1679, 2, 7, 1227574800, 1227582000, 'Inteview', ''),
(1683, 1, 126, 1227229200, 1227232800, 'HRM Demo', ''),
(1684, 1, 126, 1227232800, 1227236400, 'HRM Demo', ''),
(4820, 2, 251, 1519974000, 1519977600, 'Meeting', ''),
(7016, 1, 313, 1690538400, 1690545600, 'KLA Meeting for Sunpower Project', ''),
(1690, 1, 126, 1227839400, 1227843000, 'HRM demo', ''),
(5355, 2, 251, 1562569200, 1562572800, 'Meeting', ''),
(3404, 2, 7, 1433818800, 1433822400, 'CTI Service Meeting', ''),
(4625, 1, 251, 1508983200, 1508986800, 'Meeting', ''),
(1694, 1, 126, 1228356000, 1228359600, 'HRM demo', ''),
(1695, 2, 126, 1228356000, 1228359600, 'HRM Demo', ''),
(5353, 2, 302, 1562306400, 1562310000, 'For Sandy', ''),
(1697, 1, 137, 1228874400, 1228878000, 'meeting with Royal Fly', ''),
(2037, 2, 7, 1280728800, 1280732400, 'CTI Service Meeting', ''),
(2038, 2, 7, 1280732400, 1280736000, 'CTI Service Meeting', ''),
(1805, 1, 7, 1251784800, 1251792000, 'Meeting', ''),
(2036, 2, 7, 1280725200, 1280728800, 'CTI Service Meeting', ''),
(5352, 2, 302, 1562551200, 1562554800, 'Interview - For BC', ''),
(1715, 1, 29, 1235026800, 1235037600, 'Meeting on ISO Audit', ''),
(1803, 2, 7, 1251784800, 1251792000, 'Meeting', ''),
(2906, 2, 126, 1372730400, 1372737600, 'Meeting with AX Vendor', ''),
(7755, 2, 182, 1735900200, 1735903800, 'Lifestyle 2025 Meeting', ''),
(5354, 2, 302, 1562637600, 1562644800, 'Meeting with Vendor', ''),
(2035, 1, 10, 1280880000, 1280916000, 'Meeting with Q-Star Principal', ''),
(6553, 2, 302, 1656572400, 1656576000, 'Interview - For CP', ''),
(1796, 1, 137, 1250042400, 1250046000, 'Meeting', ''),
(1729, 1, 126, 1237860000, 1237867200, 'HRM Demo', ''),
(1730, 1, 126, 1237532400, 1237536000, 'Vendor Presentation', ''),
(1732, 1, 126, 1238464800, 1238472000, 'HRM Demo', ''),
(1733, 1, 126, 1239069600, 1239073200, 'iHRM demo', ''),
(3046, 1, 233, 1385620200, 1385623800, 'Budget Meeting', ''),
(1735, 1, 126, 1239156000, 1239159600, 'HRM demo', ''),
(6552, 1, 255, 1656572400, 1656576000, 'Monthly Sales meeting', ''),
(1790, 1, 10, 1248415200, 1248422400, 'Meeting', ''),
(1751, 1, 66, 1242093600, 1242097200, 'axapta meeting', ''),
(1740, 2, 29, 1239930000, 1239942600, 'Interview', ''),
(7999, 1, 313, 1745506800, 1745510400, 'Meeting with XTPL Principal', ''),
(1745, 2, 137, 1240450200, 1240452000, 'CP, Lim Pei Lin (Corporate folder meeting)', ''),
(1747, 1, 66, 1241488800, 1241492400, 'axapta meeting', ''),
(1748, 1, 66, 1241492400, 1241496000, 'axapta meeting', ''),
(1749, 1, 9, 1241496000, 1241517600, 'Meeting', ''),
(1752, 1, 66, 1242097200, 1242100800, 'axapta meeting', ''),
(1758, 1, 7, 1242961200, 1242968400, 'Conduct interview', ''),
(1757, 2, 7, 1242885600, 1242900000, 'Conduct interview', ''),
(3039, 1, 33, 1385015400, 1385020800, 'Meeting', ''),
(1767, 1, 10, 1244167200, 1244181600, 'Meeting', ''),
(1770, 2, 102, 1244527200, 1244541600, 'Training', ''),
(1771, 2, 102, 1244592000, 1244610000, 'Training', ''),
(2903, 1, 66, 1372298400, 1372302000, 'Meeting', ''),
(2034, 1, 10, 1280793600, 1280829600, 'Meeting with Q-Star Principal', ''),
(2033, 1, 10, 1280707200, 1280743200, 'Meeting with Q-Star Principal', ''),
(6550, 1, 302, 1657087200, 1657090800, 'Lifestyle Committee Meeting', ''),
(2902, 2, 66, 1372212000, 1372215600, 'Meeting', ''),
(5350, 1, 302, 1562205600, 1562209200, 'Interview - For Ronnie', ''),
(1781, 1, 10, 1246514400, 1246525200, 'Meeting', ''),
(3036, 1, 233, 1384840800, 1384844400, 'Meeting with Mr Lee, CP and Andrew', ''),
(5339, 1, 251, 1562140800, 1562148000, 'Meeting', ''),
(1818, 1, 10, 1252562400, 1252569600, 'Meeting', ''),
(1819, 1, 137, 1252652400, 1252659600, 'Meeting', ''),
(1820, 1, 126, 1252994400, 1252998000, 'ERP Demo', ''),
(1821, 1, 126, 1252998000, 1253001600, 'ERP Demo', ''),
(1822, 2, 10, 1253088000, 1253091600, 'Meeting', ''),
(5690, 2, 302, 1597284000, 1597287600, 'Interview - For BC', ''),
(1824, 1, 9, 1253599200, 1253610000, 'Conduct Interview', ''),
(1825, 2, 7, 1253584800, 1253592000, 'Conduct Interview', ''),
(1826, 2, 7, 1253599200, 1253613600, 'Conduct Interview', ''),
(4621, 2, 126, 1508482800, 1508490000, 'Meeting with NTC', ''),
(4616, 1, 130, 1508220000, 1508227200, 'Meeting', ''),
(2900, 1, 233, 1372906800, 1372910400, 'Regional Performance Review', ''),
(1830, 1, 126, 1253671200, 1253674800, 'ERP Demo', ''),
(1831, 1, 126, 1253674800, 1253678400, 'ERP Demo', ''),
(2898, 1, 233, 1371708000, 1371718800, 'Meeting', ''),
(5349, 2, 302, 1562205600, 1562209200, 'Interview - For Darren', ''),
(3185, 2, 66, 1406167200, 1406170800, 'Service Support Meeting', ''),
(3401, 1, 251, 1433743200, 1433748600, 'Meeting Vendor', ''),
(1841, 1, 83, 1253844000, 1253851200, 'Conduct Interview', ''),
(3399, 1, 251, 1433484000, 1433489400, 'Meeting Vendor', ''),
(5348, 2, 302, 1561687200, 1561690800, 'Interview - For Thiva', ''),
(1847, 1, 126, 1254448800, 1254452400, 'Service Demo', ''),
(1848, 1, 126, 1254452400, 1254456000, 'Service Demo', ''),
(1850, 1, 83, 1254718800, 1254733200, 'Meeting with principal', ''),
(5328, 1, 251, 1561622400, 1561629600, 'Meeting', ''),
(1852, 2, 7, 1255309200, 1255312800, 'CTI Meeting', ''),
(1853, 2, 7, 1255312800, 1255316400, 'CTI Meeting', ''),
(1855, 1, 126, 1255500000, 1255503600, 'ERP Meeting', ''),
(1856, 1, 10, 1255420800, 1255428000, 'Meeting', ''),
(1958, 1, 83, 1272420000, 1272423600, 'Meeting', ''),
(3180, 1, 130, 1405306800, 1405321200, 'Meeting', ''),
(3033, 1, 66, 1384930800, 1384934400, 'BizSafe Meeting', ''),
(3032, 1, 66, 1384927200, 1384930800, 'BizSafe Meeting', ''),
(3179, 2, 66, 1404972000, 1404975600, 'RMA', ''),
(7754, 1, 307, 1735898400, 1735902000, 'Meeting', ''),
(1871, 1, 126, 1258077600, 1258081200, 'Axapta Demo', ''),
(1872, 1, 126, 1258081200, 1258084800, 'Axapta Demo', ''),
(3031, 2, 7, 1384304400, 1384333200, 'Brooks', ''),
(1876, 1, 7, 1258941600, 1258945200, 'CTI Meeting', ''),
(5346, 2, 302, 1561600800, 1561604400, 'Interview - For Thiva', ''),
(1878, 1, 10, 1259546400, 1259571600, 'Solvay Meeting & Discussion', ''),
(3030, 2, 7, 1384218000, 1384246800, 'Brooks', ''),
(1880, 2, 7, 1259197200, 1259200800, 'Meeting', ''),
(1881, 2, 7, 1259200800, 1259204400, 'M', ''),
(1882, 1, 10, 1260147600, 1260180000, 'Meeting with Solvay', ''),
(7756, 2, 345, 1735830000, 1735833600, 'Conference call', ''),
(1885, 2, 66, 1261015200, 1261022400, 'Meeting', ''),
(3029, 1, 65, 1383807600, 1383811200, 'Meeting', ''),
(3027, 1, 9, 1383616800, 1383627600, 'Meeting', ''),
(3026, 1, 233, 1383188400, 1383192000, 'Meeting for James, CP and John', ''),
(1890, 2, 7, 1262048400, 1262052000, 'Meeting', ''),
(1891, 2, 7, 1262052000, 1262055600, 'Meeting', ''),
(1892, 2, 7, 1262066400, 1262070000, 'Interview', ''),
(1893, 2, 7, 1262070000, 1262073600, 'Interview', ''),
(1894, 1, 9, 1262761200, 1262770200, 'Meeting', ''),
(5345, 1, 66, 1561514400, 1561521600, 'Meeting', ''),
(1898, 1, 10, 1263348000, 1263369600, 'Meeting with Denis Gehrig (SCL)', ''),
(7752, 1, 233, 1735572600, 1735578000, 'Ronnie and John', ''),
(5347, 2, 228, 1561530600, 1561534200, 'Discussion', ''),
(3024, 2, 65, 1383098400, 1383105600, 'Meeting', ''),
(1904, 1, 10, 1264388400, 1264413600, 'Training', ''),
(1905, 1, 10, 1264471200, 1264478400, 'Leybold Meeting', ''),
(1906, 2, 147, 1264557600, 1264564800, 'Conduct Interview', ''),
(1907, 2, 147, 1264471200, 1264478400, 'Training', ''),
(1908, 2, 147, 1264485600, 1264489200, 'Conduct Interview', ''),
(1910, 2, 7, 1264640400, 1264647600, 'Conduct Interview', ''),
(1911, 2, 7, 1264658400, 1264665600, 'Conduct Interview', ''),
(1913, 2, 21, 1265612400, 1265619600, 'Conduct Interview', ''),
(1914, 2, 7, 1265598000, 1265605200, 'Conduct Interview', ''),
(6549, 2, 126, 1656378000, 1656381600, 'Meeting with Vendor', ''),
(1917, 2, 7, 1265857200, 1265864400, 'Conduct Interview', ''),
(1918, 2, 7, 1267149600, 1267156800, 'Conduct Interview', ''),
(1919, 2, 7, 1267164000, 1267171200, 'Conduct Interview', ''),
(1920, 1, 10, 1267153200, 1267156800, 'Conduct Interview', ''),
(7998, 1, 65, 1745577000, 1745584200, 'Meeting w/Bertin', ''),
(1923, 2, 23, 1267063200, 1267084800, 'Conduct Interview', ''),
(1925, 1, 29, 1267084800, 1267092000, 'Management Review Meeting', ''),
(1926, 2, 137, 1267171200, 1267174800, 'Meeting', ''),
(1929, 1, 175, 1268632800, 1268647200, 'meeting', ''),
(1930, 1, 7, 1268791200, 1268798400, 'Conduct Interview', ''),
(1931, 2, 7, 1268805600, 1268809200, 'Conduct Interview', ''),
(3403, 2, 7, 1433815200, 1433818800, 'CTI Service Meeting', ''),
(3022, 2, 65, 1383012000, 1383019200, 'Meeting', ''),
(1940, 2, 7, 1269565200, 1269568800, 'Meeting', ''),
(1941, 1, 10, 1269820800, 1269856800, 'Leybold Principal', ''),
(3021, 2, 126, 1382660400, 1382695500, 'Meeting', ''),
(1945, 1, 10, 1270519200, 1270526400, 'Meeting with Solvay', ''),
(1946, 2, 7, 1270796400, 1270803600, 'Conduct Interview', ''),
(1947, 2, 7, 1270620000, 1270627200, 'Conduct Interview', ''),
(7751, 1, 379, 1735637400, 1735641000, 'Polycold service weekly meeting', ''),
(6547, 1, 302, 1656644400, 1656648000, 'Interview - For CP', ''),
(1952, 1, 83, 1271120400, 1271134800, 'Meeting', ''),
(1953, 1, 137, 1271649600, 1271653200, 'Volunteerism Talk', ''),
(1954, 2, 21, 1271746800, 1271750400, 'Conduct Interview', ''),
(7783, 2, 232, 1737018000, 1737019800, 'meeting', ''),
(1957, 2, 7, 1271988000, 1271995200, 'Interview', ''),
(4609, 1, 65, 1507881600, 1507888800, 'Meeting', ''),
(3170, 1, 251, 1402876800, 1402884000, 'Orientation Program', ''),
(1965, 2, 7, 1272600000, 1272603600, 'Conduct Interview', ''),
(3169, 2, 137, 1402621200, 1402632000, 'Survey, phone interview', ''),
(3168, 2, 137, 1402556400, 1402567200, 'Survey, phone interview', ''),
(1974, 2, 9, 1273028400, 1273032000, 'Conduct Interview', ''),
(4871, 1, 7, 1523840400, 1523844000, 'BROOKS AUTOMATION', ''),
(7750, 2, 313, 1735318800, 1735322400, 'Meeting with Gina', ''),
(1981, 2, 7, 1274061600, 1274065200, 'Conduct Interview', ''),
(4608, 2, 175, 1508198400, 1508216400, 'Zeta Conference Training', ''),
(5685, 1, 7, 1597114800, 1597118400, 'Micron Vendor Safety Training using Skype', ''),
(5323, 1, 7, 1559282400, 1559286000, 'CTI FS Meeting', ''),
(6546, 2, 302, 1656486000, 1656489600, 'Interview - For Cheok', ''),
(6545, 2, 33, 1655791200, 1655805600, 'Meeting', ''),
(6485, 1, 302, 1651647600, 1651651200, 'Interview - For CP', ''),
(1996, 2, 7, 1276063200, 1276066800, 'Conduct Interview', ''),
(1997, 2, 10, 1276221600, 1276225200, 'Conduct Interview', ''),
(1998, 2, 10, 1276480800, 1276484400, 'Conduct Interview', ''),
(3016, 1, 66, 1381388400, 1381392000, 'BizSafe Meeting', ''),
(3160, 1, 251, 1401786000, 1401789600, 'Discussion', ''),
(3012, 1, 233, 1380693600, 1380697200, 'Meeting Tim (TMS Vendor)', ''),
(3159, 1, 251, 1401418800, 1401422400, 'Discussion', ''),
(3011, 1, 233, 1380697200, 1380700800, 'Meeting with Wai Chye', ''),
(3158, 1, 251, 1401670800, 1401674400, 'Interview', ''),
(3157, 1, 251, 1401325200, 1401328800, 'Interview', ''),
(6544, 1, 251, 1657270800, 1657274400, 'Meeting', ''),
(3009, 2, 66, 1380769200, 1380772800, 'Noah meeting', ''),
(6543, 1, 126, 1655713800, 1655717400, 'Meeting', ''),
(3008, 2, 66, 1380765600, 1380769200, 'Noah meeting', ''),
(3155, 1, 251, 1400637600, 1400646600, 'Meeting', ''),
(5279, 2, 302, 1556157600, 1556161200, 'Interview - For Stanley', ''),
(7749, 2, 377, 1735214400, 1735218000, 'Meeting', ''),
(7018, 2, 7, 1690898400, 1690902000, 'CTI Training', ''),
(5684, 1, 7, 1597111200, 1597114800, 'Micron Vendor Safety Training using Skype', ''),
(2048, 2, 9, 1282183200, 1282186800, 'Conduct Interview', ''),
(2049, 2, 9, 1282197600, 1282201200, 'Conduct Interview', ''),
(2050, 2, 7, 1282201200, 1282204800, 'Conduct Interview', ''),
(2051, 2, 7, 1282204800, 1282208400, 'Conduct Interview', ''),
(2052, 2, 7, 1282284000, 1282287600, 'Conduct Interview', ''),
(2054, 2, 7, 1282874400, 1282878000, 'Conduct Interview', ''),
(2055, 2, 7, 1282878000, 1282881600, 'Conduct Interview', ''),
(2056, 2, 7, 1282888800, 1282892400, 'Conduct Interview', ''),
(6542, 2, 302, 1655953200, 1655956800, 'Interview - For Stanley', ''),
(2060, 2, 7, 1283133600, 1283137200, 'Conduct Interview', ''),
(6541, 2, 313, 1655361000, 1655370000, 'Meeting with Jabil Penang & SET Team', ''),
(6540, 2, 302, 1655866800, 1655870400, 'Interview - For Stanley', ''),
(2067, 2, 7, 1283302800, 1283310000, 'CTI Field Service Meeting', ''),
(6539, 2, 302, 1655445600, 1655449200, 'Interview - For Stanley', ''),
(2069, 2, 7, 1283479200, 1283486400, 'Conduct Interview', ''),
(6538, 1, 251, 1652497200, 1652500800, 'Interview', ''),
(2071, 2, 21, 1283824800, 1283828400, 'Conduct Interview', ''),
(6537, 1, 251, 1657260000, 1657270800, 'Meeting', ''),
(2073, 2, 7, 1283497200, 1283500800, 'Conduct Interview', ''),
(2074, 2, 83, 1283738400, 1283745600, 'Conduct Interview', ''),
(5320, 1, 231, 1559113200, 1559116800, 'RF REPAIR DISCUSSION', ''),
(2076, 1, 83, 1283824800, 1283832000, 'Meeting', ''),
(5321, 1, 251, 1559010600, 1559014200, 'Meeting', ''),
(2084, 2, 83, 1284962400, 1284976800, 'Conduct Interview', ''),
(6484, 2, 66, 1651039200, 1651046400, 'Meeting', ''),
(2117, 1, 126, 1288076400, 1288080000, 'Meeting', ''),
(7019, 2, 7, 1690902000, 1690905600, 'CTI Training', ''),
(2092, 1, 7, 1285549200, 1285581600, 'principal meeting', ''),
(2093, 1, 7, 1285632000, 1285668000, 'principal meeting', ''),
(2094, 1, 7, 1285718400, 1285754400, 'principal meeting', ''),
(2095, 1, 7, 1285804800, 1285840800, 'principal meeting', ''),
(2098, 1, 7, 1285894800, 1285927200, 'Meeting', ''),
(2097, 2, 7, 1285891200, 1285927200, 'Meeting', ''),
(5683, 1, 7, 1597107600, 1597111200, 'Micron Vendor Safety Training using Skype', ''),
(2115, 2, 10, 1287640800, 1287655200, 'Meeting', ''),
(2111, 2, 126, 1287385200, 1287388800, 'Meeting', ''),
(2128, 1, 137, 1288596600, 1288600200, 'lifestyle', ''),
(2130, 1, 40, 1289196000, 1289203200, 'Meeting', ''),
(2131, 2, 175, 1289264400, 1289268000, 'Meeco Training', ''),
(2132, 2, 175, 1289268000, 1289271600, 'Meeco Training', ''),
(2133, 2, 175, 1289271600, 1289275200, 'Meeco Training', ''),
(2134, 1, 40, 1289282400, 1289289600, 'Meeting', ''),
(2135, 2, 66, 1289440800, 1289448000, 'Meeting', ''),
(2136, 2, 40, 1289458800, 1289466000, 'Meeting', ''),
(2137, 2, 32, 1290067200, 1290074400, 'Lifestyle', ''),
(3004, 2, 33, 1380088800, 1380096000, 'Interview', ''),
(2143, 1, 66, 1289869200, 1289872800, 'Meeting', ''),
(3148, 1, 251, 1399257000, 1399262400, 'SME', ''),
(2152, 1, 9, 1290495600, 1290499200, 'Conduct Interview', ''),
(2153, 2, 9, 1290582000, 1290585600, 'Conduct Interview', ''),
(2170, 2, 9, 1291078800, 1291086000, 'Conduct Interview', ''),
(3147, 1, 233, 1398823200, 1398826800, 'Enhanced LC Work Flow', ''),
(2156, 1, 76, 1290567600, 1290571200, 'Meeting (Keigo)', ''),
(4600, 1, 66, 1507082400, 1507111200, 'Principal Meeting (HML)', ''),
(2161, 1, 83, 1290654000, 1290661200, 'AE', ''),
(4597, 2, 33, 1506666600, 1506670200, 'Meeting', ''),
(6536, 2, 313, 1655173800, 1655177400, 'Meeting with Aemulus', ''),
(6535, 2, 345, 1655344800, 1655352000, 'Discussion', ''),
(7748, 1, 379, 1735032600, 1735036200, 'POLYCOLD WEEKLY SERVICE MEETING', ''),
(3143, 1, 251, 1398130200, 1398133800, 'Appointment', ''),
(3142, 1, 83, 1397629800, 1397635200, 'Meeting', ''),
(3002, 1, 66, 1380092400, 1380096000, 'RGA MEETING', ''),
(2187, 1, 9, 1291860000, 1291867200, 'Conduct Interview', ''),
(2188, 1, 7, 1292202000, 1292205600, 'Bizsafe 3 Briefing', ''),
(2189, 1, 7, 1292205600, 1292209200, 'Bizsafe 3 Briefing', ''),
(2190, 1, 7, 1292209200, 1292212800, 'Bizsafe 3 Briefing', ''),
(2191, 2, 7, 1292288400, 1292306400, 'Meeting', ''),
(2673, 1, 66, 1343611800, 1343617200, 'EHS Briefing', ''),
(2195, 2, 7, 1294102800, 1294106400, 'CTI', ''),
(2196, 2, 7, 1294106400, 1294110000, 'CTI', ''),
(4895, 1, 251, 1523003400, 1523007000, 'Meeting', ''),
(6533, 2, 313, 1654588800, 1654592400, 'Meeting with Jabil Penang', ''),
(6532, 2, 341, 1654567200, 1654574400, 'Meeting', ''),
(2202, 1, 7, 1295310000, 1295345100, 'Meeting', ''),
(2203, 1, 7, 1295395200, 1295431500, 'Meeting', ''),
(7014, 2, 367, 1690812000, 1690815600, 'interview - ong pei lin', ''),
(7013, 1, 363, 1690965000, 1690999500, 'meeting', ''),
(5682, 1, 7, 1597104000, 1597107600, 'Micron Vendor Safety Training using Skype', ''),
(2210, 2, 66, 1298014200, 1298017800, 'Meeting', ''),
(3000, 2, 233, 1379559600, 1379563200, 'Meeting ERP (FACT) Vendor3', ''),
(2213, 1, 126, 1297735200, 1297738800, 'meeting', ''),
(4595, 1, 10, 1506481200, 1506484800, 'Meeting', ''),
(2215, 1, 7, 1297918800, 1297936800, 'meeting', ''),
(2999, 2, 233, 1379556000, 1379559600, 'Meeting Payroll Vendor (Alvin)', ''),
(6531, 2, 313, 1654241400, 1654245000, 'Zeta Introduction to Adani India', ''),
(2222, 1, 10, 1299805200, 1299816000, 'Solvay Training', ''),
(7012, 1, 363, 1690894800, 1690912800, 'meeting', ''),
(2753, 1, 83, 1355378400, 1355389200, 'Training', ''),
(2227, 2, 7, 1300086000, 1300089600, 'Interview', ''),
(2228, 2, 7, 1300093200, 1300096800, 'Interview', ''),
(2229, 2, 7, 1300154400, 1300158000, 'Interview', ''),
(2230, 2, 7, 1300168800, 1300172400, 'Interview', ''),
(2231, 2, 7, 1300176000, 1300179600, 'Interview', ''),
(5314, 1, 302, 1559097000, 1559104200, 'Discussion with IHRP', ''),
(6283, 1, 102, 1635746400, 1635753600, 'Meeting', ''),
(3140, 1, 251, 1397442600, 1397446200, 'Appointment', ''),
(2242, 2, 10, 1300842000, 1300874400, 'Training', ''),
(2998, 2, 76, 1379314800, 1379318400, '(Pao Loo) Meeting', ''),
(2251, 2, 21, 1301896800, 1301900400, 'Interview', ''),
(2246, 2, 7, 1301450400, 1301454000, 'interview', ''),
(2250, 1, 7, 1301896800, 1301900400, 'Interview', ''),
(4594, 2, 251, 1507615200, 1507622400, 'Meeting', ''),
(2252, 2, 7, 1301904000, 1301907600, 'interview', ''),
(2273, 1, 182, 1304578800, 1304584200, 'meeting', ''),
(6530, 2, 302, 1654758000, 1654761600, 'Interview - For CP', ''),
(2994, 1, 76, 1379048400, 1379053800, 'Meeting', ''),
(3139, 1, 251, 1397026800, 1397034000, 'Discussion on TMS', ''),
(2993, 1, 233, 1379059200, 1379062800, 'Meeting ERP (Accpac) Vendor', ''),
(5311, 2, 126, 1558602000, 1558605600, 'Meeting', ''),
(2992, 1, 233, 1379055600, 1379059200, 'Meeting ERP (Accpac) Vendor', ''),
(7011, 2, 367, 1690817400, 1690821000, 'interview - Roy/Alex/Shawn', ''),
(2299, 1, 10, 1309222800, 1309255200, 'Training', ''),
(7010, 1, 233, 1690453800, 1690461000, 'Meeting', ''),
(5338, 1, 255, 1561086000, 1561093200, 'Meeting with Principal', ''),
(2991, 1, 233, 1379044800, 1379048400, 'Meeting ERP (FACT) Vendor', ''),
(3197, 1, 233, 1408590000, 1408593600, 'Meeting Software Vendor', ''),
(7747, 1, 313, 1734604200, 1734609600, 'Commercial Discussion with iSTAR New Principal', ''),
(5202, 2, 302, 1548313200, 1548316800, 'Interview - For Rudy', ''),
(2990, 1, 233, 1379041200, 1379044800, 'Meeting ERP (FACT) Vendor', ''),
(6483, 2, 302, 1651132800, 1651136400, 'Signing of LOA', ''),
(2594, 2, 7, 1336093200, 1336100400, 'Meeting', ''),
(2674, 1, 126, 1343352600, 1343363400, 'IT Demostration', ''),
(2989, 1, 76, 1378944000, 1378958400, 'Orientation', ''),
(6489, 2, 302, 1651197600, 1651201200, 'Interview - For Stanley', ''),
(3196, 1, 233, 1408586400, 1408590000, 'Meeting Software Vendor', ''),
(2662, 1, 126, 1342161000, 1342166400, 'Meeting', ''),
(2661, 2, 66, 1342072800, 1342076400, 'BRYAN KOR MEETING', ''),
(2660, 1, 126, 1341813600, 1341824400, 'ERP Demo', ''),
(2352, 1, 126, 1313548200, 1313553600, 'Meeting', ''),
(5307, 1, 251, 1558575000, 1558578600, 'Meeting', ''),
(5245, 1, 251, 1550732400, 1550734200, 'Meeting', ''),
(3195, 1, 83, 1408514400, 1408521600, 'Meeting', ''),
(6806, 1, 231, 1675236600, 1675243800, 'MEETING WITH CT-CS', ''),
(5242, 1, 9, 1550629800, 1550635200, 'Meeting', ''),
(5241, 2, 233, 1550804400, 1550809800, '2019 Expenditure Budget Meeting', ''),
(5240, 1, 233, 1550818800, 1550824200, '2019 Expenditure Budget Meeting', ''),
(2986, 1, 233, 1378440000, 1378443600, 'Meeting ERP Vendor', ''),
(5239, 1, 233, 1550557800, 1550563200, '2019 Expenditure Budget Meeting', ''),
(5238, 2, 302, 1550646000, 1550649600, 'Interview - For Cheok', ''),
(7746, 1, 313, 1734535800, 1734544800, 'Business Alignment Meeting with Umicore Principal', ''),
(2378, 1, 126, 1315533600, 1315540800, 'Meeting', ''),
(3194, 2, 102, 1408320000, 1408356000, 'Training', ''),
(2382, 2, 217, 1316413800, 1316417400, 'Meeting', ''),
(2636, 1, 10, 1339032600, 1339052400, 'Principal Visit', ''),
(2386, 1, 126, 1315967400, 1315972800, 'Meeting', ''),
(2635, 2, 137, 1338962400, 1338976800, 'Lim Pei Lin', ''),
(2634, 2, 137, 1338948000, 1338955200, 'Lim Pei Lin', ''),
(5237, 2, 302, 1550655000, 1550656800, 'Interview - For CP', ''),
(2633, 2, 137, 1338879600, 1338890400, 'Pei Lin', ''),
(2631, 1, 83, 1338859800, 1338868800, 'Meeting', ''),
(2394, 1, 33, 1316400600, 1316404800, 'Logistics Meeting', ''),
(3219, 1, 83, 1413250200, 1413257400, 'Meeting (Roy)', ''),
(2985, 1, 233, 1378436400, 1378440000, 'Meeting ERP Vendor', ''),
(2983, 2, 7, 1378263600, 1378267200, 'Interview', ''),
(5281, 2, 302, 1556503200, 1556506800, 'Interview - For Stanley', ''),
(3193, 1, 102, 1408669200, 1408701600, 'Training', ''),
(2982, 2, 175, 1378278000, 1378281600, 'Overseas Training', ''),
(2407, 1, 65, 1317171600, 1317175200, 'Meeting', ''),
(4590, 1, 7, 1506474000, 1506477600, 'Conference call with Brooks/GF', ''),
(4793, 1, 7, 1518422400, 1518426000, 'CTI Training', ''),
(4792, 1, 7, 1518418800, 1518422400, 'CTI Training', ''),
(7745, 1, 307, 1734616800, 1734624000, 'CTI Meeting', ''),
(2746, 1, 10, 1353895200, 1353924000, 'Adixen Training', ''),
(5235, 1, 251, 1550563200, 1550568600, 'Meeting', ''),
(5234, 2, 302, 1550545200, 1550548800, 'Interview - For Cheok', ''),
(2620, 1, 83, 1338184800, 1338192000, 'Meeting', ''),
(2981, 2, 175, 1378274400, 1378278000, 'Overseas Training', ''),
(3190, 1, 83, 1407218400, 1407223800, 'Meeting', ''),
(6529, 2, 302, 1654830000, 1654833600, 'Interview - For Cheok', ''),
(3014, 1, 76, 1381125600, 1381132800, 'Meeting ( Wai Chye)', ''),
(5201, 2, 302, 1547712000, 1547715600, 'Interview - For Lawrence', ''),
(3217, 1, 251, 1413162000, 1413167400, 'Orientation', ''),
(3216, 2, 65, 1412928000, 1412935200, 'Meeting', ''),
(3212, 1, 251, 1411963200, 1411970400, 'Opto - Lunch Talk', ''),
(3210, 1, 233, 1411696800, 1411722000, 'Vendor (Lionel) Demo for Syteline', ''),
(3209, 1, 233, 1412906400, 1412931600, 'Vendor (FieYong) Demo for M3', ''),
(2449, 2, 7, 1319418000, 1319450400, 'Meeting', ''),
(2448, 2, 7, 1319504400, 1319536800, 'Meeting', ''),
(2980, 2, 175, 1378270800, 1378274400, 'Overseas Training', ''),
(2979, 1, 76, 1378258200, 1378267200, 'Meeting', ''),
(5200, 2, 302, 1547708400, 1547712000, 'Interview - For Lawrence', ''),
(2978, 5, 76, 1378188000, 1378195200, 'Meeting', ''),
(2656, 1, 33, 1341295200, 1341302400, 'Meeting', ''),
(2462, 2, 33, 1320993000, 1320996600, 'Meeting', ''),
(2463, 2, 126, 1321257600, 1321261200, 'Meeting', ''),
(5232, 1, 10, 1550026800, 1550032200, 'Internal Meeting', ''),
(3189, 2, 29, 1406851200, 1406865600, 'Health Screening for Staff', ''),
(2977, 2, 65, 1378177200, 1378182600, 'Meeting', ''),
(7744, 1, 379, 1734427800, 1734431400, 'Polycold weekly service meeting', ''),
(5230, 1, 147, 1549936800, 1549944000, 'Discussion', ''),
(2476, 1, 126, 1322636400, 1322643600, 'AX2010 Demo', ''),
(6527, 1, 251, 1654155000, 1654160400, 'Meeting', ''),
(7743, 1, 313, 1734436800, 1734458400, 'KLA 2025 Business Review Meeting', ''),
(2485, 2, 66, 1324350000, 1324353600, 'Meeting', ''),
(2481, 2, 7, 1323316800, 1323338400, 'Thermofisher', ''),
(2482, 2, 7, 1323410400, 1323424800, 'Thermofisher', ''),
(2483, 2, 7, 1323648000, 1323684000, 'Thermoficher', ''),
(2484, 2, 7, 1323734400, 1323770400, 'Thermofisher', ''),
(4589, 1, 7, 1506470400, 1506474000, 'Conference Call with Brooks/GF', ''),
(3136, 1, 251, 1397109600, 1397116800, 'Meeting with Kaplan', ''),
(2658, 2, 126, 1341471600, 1341478800, 'ERP Meeting', ''),
(5688, 2, 232, 1597109400, 1597113000, 'Meeting', ''),
(3131, 2, 233, 1396342800, 1396346400, 'Interview', ''),
(2497, 2, 7, 1325732400, 1325734200, 'Meeting', ''),
(3130, 2, 233, 1396332000, 1396335600, 'Interview', ''),
(5228, 2, 302, 1549866600, 1549872000, 'Orientation', ''),
(3129, 1, 83, 1396317600, 1396324800, 'Meeting', ''),
(5227, 2, 302, 1550127600, 1550131200, 'Interview - For Darren', ''),
(5226, 2, 302, 1550041200, 1550044800, 'Interview - For Darren', ''),
(6528, 2, 313, 1654156800, 1654160400, 'Skyworks Meeting', ''),
(5276, 2, 302, 1556071200, 1556074800, 'Interview - For Stanley', ''),
(7008, 2, 367, 1690390800, 1690394400, 'interview - ong pei lin', ''),
(6525, 1, 7, 1654750800, 1654768800, 'CTI Training', ''),
(5199, 1, 302, 1547708400, 1547712000, 'Interview - Cheok', ''),
(2514, 2, 7, 1328490000, 1328493600, 'Meeting', ''),
(5689, 2, 302, 1597298400, 1597302000, 'Interview - For BC', ''),
(2585, 1, 76, 1335495600, 1335502800, 'Meeting', ''),
(5223, 2, 302, 1548927000, 1548928800, 'Interview - For Darren', ''),
(5221, 2, 302, 1548745200, 1548748800, 'Interview - For Kian', ''),
(5686, 2, 313, 1596787200, 1596790800, 'KLA Meeting', ''),
(2577, 1, 65, 1335398400, 1335412800, 'Meeting', ''),
(7006, 2, 367, 1690452000, 1690455600, 'interview - ong pei lin', '');
INSERT INTO `roombook` (`bookid`, `roomid`, `staffid`, `kt`, `jt`, `sd`, `ld`) VALUES
(5687, 2, 302, 1597215600, 1597219200, 'Interview - For Nan Lee', ''),
(6524, 1, 7, 1654567200, 1654596000, 'CTI Training', ''),
(2573, 1, 126, 1334107800, 1334118600, 'Meeting with visitors', ''),
(2550, 2, 126, 1330662600, 1330666200, 'Meeting', ''),
(5679, 2, 302, 1596783600, 1596787200, 'Interview - For Nan Lee', ''),
(5275, 2, 302, 1556002800, 1556010000, 'Interview - For Stanley', ''),
(5198, 2, 302, 1547517600, 1547521200, 'Signing of LOE', ''),
(5196, 1, 10, 1547433000, 1547440200, 'OP Meeting', ''),
(3126, 1, 233, 1396233000, 1396238400, 'Meeting ACCPAC Consultant', ''),
(2561, 2, 33, 1332309600, 1332313200, 'Interview', ''),
(2562, 1, 7, 1332460800, 1332464400, 'Noah Conference call', ''),
(2563, 1, 7, 1332464400, 1332468000, 'Noah Conference Call', ''),
(3112, 1, 233, 1393920000, 1393923600, 'TMS Meeting', ''),
(2974, 1, 66, 1378706400, 1378710000, 'BizSafe Meeting', ''),
(2675, 1, 7, 1343372400, 1343379600, 'Meeting with Brooks', ''),
(2677, 2, 102, 1344304800, 1344333600, 'Training', ''),
(7782, 1, 313, 1736955000, 1736956800, 'Meeting with Umicore', ''),
(2684, 2, 65, 1344819600, 1344848400, 'Training', ''),
(2681, 1, 65, 1344906000, 1344934800, 'Training', ''),
(2682, 1, 65, 1344992400, 1345021200, 'Training', ''),
(6282, 2, 302, 1635818400, 1635822000, 'Interview - For Darren/Meng Tin', ''),
(5216, 1, 197, 1548295200, 1548302400, 'Meeting with Principal', ''),
(2697, 1, 197, 1346198400, 1346205600, 'Conference Call', ''),
(5526, 2, 302, 1572836400, 1572840000, 'Interview - For Kian', ''),
(4791, 1, 7, 1518415200, 1518418800, 'CTI Training', ''),
(5215, 2, 10, 1548644400, 1548649800, 'Internal Meeting', ''),
(5214, 2, 302, 1548225000, 1548228600, 'Interview - For Cheok', ''),
(5195, 2, 33, 1547101800, 1547105400, 'Discussion', ''),
(5210, 2, 302, 1548212400, 1548216000, 'Interview - For Cheok', ''),
(5194, 1, 9, 1547190000, 1547197200, 'Meeting', ''),
(2712, 1, 83, 1348639200, 1348650000, 'Meeting', ''),
(7742, 2, 175, 1734091200, 1734112800, 'Filmetrics R54 Acceptance Test', ''),
(3001, 1, 66, 1380088800, 1380092400, 'RGA MEETING', ''),
(2723, 1, 10, 1350869400, 1350900000, 'Visitor', ''),
(5207, 1, 10, 1547776800, 1547785800, 'Meeting with Buhler Leybold Optics', ''),
(5206, 2, 66, 1547704800, 1547708400, 'Meeting', ''),
(5205, 2, 302, 1548126000, 1548129600, 'Interview - For Eric', ''),
(5204, 1, 173, 1547686800, 1547708400, 'Training', ''),
(5203, 2, 302, 1548381600, 1548385200, 'Interview - For Rudy', ''),
(5189, 2, 232, 1547013600, 1547017200, 'Discussion', ''),
(5188, 1, 251, 1547107200, 1547114400, 'Meeting', ''),
(6523, 1, 7, 1654495200, 1654509600, 'CTI Training', ''),
(5186, 7, 7, 1547625600, 1547629200, 'CTI Training', ''),
(5185, 7, 7, 1547622000, 1547625600, 'CTI Training', ''),
(5184, 7, 7, 1547618400, 1547622000, 'CTI Training', ''),
(5183, 7, 7, 1547614800, 1547618400, 'CTI Training', ''),
(5182, 7, 7, 1547611200, 1547614800, 'CTI Training', ''),
(5181, 7, 7, 1547607600, 1547611200, 'CTI Training', ''),
(5678, 2, 313, 1596614400, 1596618000, 'Skyworks- KLA Meeting', ''),
(5677, 2, 302, 1597197600, 1597201200, 'Interview - For Nan Lee', ''),
(2775, 1, 233, 1358218800, 1358224200, 'Meeting', ''),
(2776, 2, 76, 1358737200, 1358762400, 'Meeting', ''),
(5180, 7, 7, 1547604000, 1547607600, 'CTI Training', ''),
(5179, 7, 7, 1547600400, 1547604000, 'CTI Training', ''),
(2783, 1, 9, 1360130400, 1360144800, 'Meeting', ''),
(6522, 1, 7, 1654491600, 1654495200, 'CTI Training', ''),
(5676, 2, 302, 1596673800, 1596679200, 'Orientation', ''),
(2790, 1, 66, 1362364200, 1362367800, 'Training', ''),
(2794, 2, 10, 1362970800, 1362976200, 'Meeting', ''),
(7740, 2, 175, 1734512400, 1734541200, 'Filmetrics R54 Acceptance Test', ''),
(5178, 2, 7, 1547625600, 1547629200, 'CTI Training', ''),
(5177, 2, 7, 1547622000, 1547625600, 'CTI Training', ''),
(2801, 1, 197, 1364868000, 1364871600, 'Meeting', ''),
(7739, 2, 175, 1734685200, 1734714000, 'Filmetrics R54 Acceptance Test', ''),
(5176, 2, 7, 1547618400, 1547622000, 'CTI Training', ''),
(5175, 2, 7, 1547614800, 1547618400, 'CTI Training', ''),
(5174, 2, 7, 1547611200, 1547614800, 'CTI Training', ''),
(5173, 2, 7, 1547607600, 1547611200, 'CTI Training', ''),
(5172, 2, 7, 1547604000, 1547607600, 'CTI Training', ''),
(5171, 2, 7, 1547600400, 1547604000, 'CTI Training', ''),
(5170, 1, 65, 1546567200, 1546570800, 'Discussion', ''),
(5169, 1, 251, 1547535600, 1547542800, 'Meeting', ''),
(5168, 1, 10, 1546830000, 1546835400, 'VCO Meeting', ''),
(5166, 2, 255, 1545897600, 1545901200, 'Meeting', ''),
(4580, 1, 173, 1505977200, 1505980800, 'Meeting', ''),
(3380, 2, 182, 1432879200, 1432891800, 'VC Product Training for Jonsan', ''),
(3379, 2, 182, 1432792800, 1432805400, 'VC Product Training for Jonsan', ''),
(3378, 2, 182, 1432706400, 1432719000, 'VC Product Training for Jonsan', ''),
(3377, 2, 182, 1432620000, 1432630800, 'VC Product Training for Jonsan', ''),
(5164, 2, 10, 1546567200, 1546574400, 'Internal Service Meeting with Kian & VCO Team', ''),
(2836, 2, 175, 1366848000, 1366884000, 'Showcase TM50', ''),
(5163, 1, 10, 1547604000, 1547613000, 'Meeting with Mr Eric Lechemia (PV Annecy) + PV Spore', ''),
(3118, 2, 251, 1394686800, 1394704800, 'meeting', ''),
(2844, 1, 9, 1366948800, 1366956000, 'Meeting', ''),
(3364, 2, 7, 1431586800, 1431590400, 'meeting on SAP report', ''),
(3363, 2, 7, 1431583200, 1431586800, 'meeting on SAP report', ''),
(3362, 2, 7, 1431579600, 1431583200, 'meeting on SAP report', ''),
(6478, 2, 302, 1651215600, 1651219200, 'Interview - For Stanley', ''),
(3367, 1, 233, 1432173600, 1432180800, 'Review Regional Reports', ''),
(3359, 1, 233, 1431493200, 1431511200, 'SAP Meeting - Finance Reports Requirement', ''),
(3357, 1, 7, 1431050400, 1431054000, 'CTI Service Meeting', ''),
(3356, 1, 7, 1431046800, 1431050400, 'CTI Service Meeting', ''),
(5417, 1, 313, 1566525600, 1566529200, 'Excelitas Meeting', ''),
(2868, 1, 7, 1368171000, 1368180000, 'Meeting with Brooks', ''),
(3354, 1, 10, 1430884800, 1430888400, 'Buhler Leybold Optics Principal Meeting', ''),
(3353, 1, 10, 1430881200, 1430884800, 'Buhler Leybold Optics Principal Meeting', ''),
(3352, 1, 10, 1430877600, 1430881200, 'Buhler Leybold Optics Principal Meeting', ''),
(6521, 1, 7, 1654488000, 1654491600, 'CTI Training', ''),
(5158, 2, 302, 1544601600, 1544605200, 'Interview', ''),
(5157, 1, 10, 1546912800, 1546921800, 'Meeting with Wave Power Technology', ''),
(4574, 1, 7, 1505962800, 1505970000, 'Meeting', ''),
(5525, 2, 302, 1572832800, 1572836400, 'Interview - For Kian', ''),
(7738, 2, 175, 1734598800, 1734627600, 'Filmetrics R54 Acceptance Test', ''),
(3225, 1, 10, 1415253600, 1415268000, 'Meeting', ''),
(7781, 1, 307, 1737968400, 1737979200, 'meeting', ''),
(7780, 1, 307, 1737363600, 1737374400, 'meeting', ''),
(7779, 1, 363, 1737021600, 1737028800, 'meeting', ''),
(7778, 1, 351, 1739543400, 1739547000, 'ISO management review meeting', ''),
(7777, 1, 255, 1736866800, 1736874000, 'BM_Tmaxtree Products introduction.', ''),
(3236, 1, 29, 1415764800, 1415772000, 'Lunch Talk', ''),
(3237, 1, 201, 1415669400, 1415680200, 'SAP Vendor meeting', ''),
(3238, 1, 201, 1415944800, 1415952000, 'NEC Vendor Meeting', ''),
(3244, 1, 201, 1416794400, 1416819600, 'Vendor demo -AX (NEC)', ''),
(3240, 1, 201, 1416274200, 1416285000, 'SAP Demo', ''),
(3241, 2, 251, 1415687400, 1415696400, 'Interview', ''),
(3242, 1, 233, 1416533400, 1416544200, 'Meeting ERP Vendor, Eunice from M3', ''),
(5156, 1, 10, 1548036000, 1548045000, 'Meeting with Solberg', ''),
(3246, 1, 233, 1416448800, 1416472200, 'Budget Meeting - IND & VCO', ''),
(3247, 1, 233, 1416880800, 1416889800, 'Budget Meeting - BM & SCS', ''),
(7737, 2, 175, 1734426000, 1734454800, 'Filmetrics R54 Acceptance Test', ''),
(6481, 1, 302, 1650956400, 1650960000, 'Interview - For Stanley', ''),
(3251, 2, 233, 1416898800, 1416909600, 'Budget Meeting - SSS', ''),
(3252, 1, 233, 1416985200, 1416996000, 'Meeting SAP Vendor', ''),
(5155, 2, 7, 1544508000, 1544511600, 'CTI Meeting', ''),
(3257, 1, 233, 1417588200, 1417595400, 'Project Evo Meeting', ''),
(3255, 1, 233, 1417417200, 1417420800, 'Meeting SAP vendor', ''),
(3259, 1, 83, 1418954400, 1418961600, 'Meeting', ''),
(7736, 2, 175, 1734339600, 1734368400, 'Filmetrics R54 Acceptance Test', ''),
(3262, 1, 10, 1421287200, 1421298000, 'Pfeiffer Vacuum mass spectrometer training', ''),
(3263, 1, 233, 1421042400, 1421053200, 'Meeting Regina', ''),
(3264, 1, 233, 1421128800, 1421139600, 'Meeting Jonny', ''),
(3265, 1, 29, 1422590400, 1422597600, 'Lunch Talk', ''),
(7735, 2, 302, 1734010200, 1734026400, 'For Morris', ''),
(7734, 1, 302, 1734010200, 1734026400, 'For Morris', ''),
(3268, 2, 76, 1420689600, 1420700400, 'Meeting', ''),
(3269, 2, 7, 1421028000, 1421031600, 'DAS Service Meeting', ''),
(5271, 1, 231, 1557709200, 1557741600, 'CENTROTHERM PRODUCT TRAINING', ''),
(3277, 1, 137, 1421215200, 1421226000, 'Meeting', ''),
(5152, 2, 7, 1544493600, 1544497200, 'CTI Meeting', ''),
(5151, 1, 302, 1544421600, 1544428800, 'For Andrew', ''),
(3276, 1, 233, 1421719200, 1421726400, 'Project Evo Meeting', ''),
(5148, 1, 83, 1544407200, 1544414400, 'MKS visit', ''),
(5149, 1, 302, 1544432400, 1544436000, 'Interview', ''),
(3280, 1, 66, 1421388000, 1421391600, 'Axapta meeting', ''),
(3281, 1, 66, 1421391600, 1421395200, 'Axapta meeting', ''),
(3282, 1, 66, 1421395200, 1421398800, 'Axapta meeting', ''),
(3283, 1, 66, 1421398800, 1421402400, 'Axapta meeting', ''),
(3284, 1, 217, 1421650800, 1421654400, 'Stephen-Meeting', ''),
(3286, 2, 126, 1421737200, 1421740800, 'meeting', ''),
(3287, 1, 233, 1421892000, 1421899200, 'Project Evo Meeting', ''),
(3288, 1, 9, 1422345600, 1422352800, 'Meeting', ''),
(6520, 1, 7, 1654484400, 1654488000, 'CTI Training', ''),
(3291, 2, 7, 1423530000, 1423562400, 'Brooks Automation', ''),
(3292, 2, 7, 1423612800, 1423648800, 'Brooks Automation', ''),
(3293, 1, 233, 1423794600, 1423801800, 'Project Evo Meeting', ''),
(3294, 2, 66, 1423807200, 1423810800, 'Service Support', ''),
(5146, 1, 255, 1543910400, 1543914000, 'Conference Call', ''),
(3300, 1, 233, 1426230000, 1426237200, 'Project Evo Kick Off Meeting', ''),
(4571, 1, 10, 1505804400, 1505811600, 'Meeting with Buhler Spore principal', ''),
(3391, 1, 201, 1433293200, 1433325900, 'SAP', ''),
(3303, 1, 137, 1426226400, 1426230000, 'Customer Satisfaction Survey', ''),
(7733, 1, 233, 1733842800, 1733846400, 'Meeting', ''),
(5144, 1, 10, 1543888800, 1543897800, 'Discussion & Training with Dr Isabelle (Pfeiffer Adixen) & PV Spore', ''),
(3309, 1, 137, 1427700600, 1427704200, 'Evo Meeting - Sales', ''),
(5056, 2, 123, 1536541200, 1536544800, 'Meeting', ''),
(7007, 2, 367, 1690822800, 1690826400, 'interview - ong pei lin', ''),
(3900, 1, 126, 1464246000, 1464256800, 'Office 365 Admin Walk through', ''),
(5139, 1, 251, 1543998600, 1544004000, 'Meeting', ''),
(3325, 1, 251, 1428631200, 1428638400, 'Meeting with vendor', ''),
(3350, 1, 201, 1430697600, 1430713800, 'SAP', ''),
(5138, 1, 175, 1543284000, 1543291200, 'Conf Call with SG Principal', ''),
(5137, 2, 302, 1543287600, 1543289400, 'Interview', ''),
(3330, 1, 251, 1429149600, 1429156800, 'Meeting Vendor', ''),
(3331, 1, 251, 1429084800, 1429088400, 'Meeting Vendor', ''),
(5136, 2, 302, 1543285800, 1543287600, 'Interview', ''),
(3333, 1, 201, 1430179200, 1430215200, 'SAP', ''),
(3334, 1, 201, 1430784000, 1430820000, 'SAP', ''),
(3351, 1, 10, 1430874000, 1430877600, 'Buhler Leybold Optics Principal Meeting', ''),
(3336, 1, 201, 1430956800, 1430992800, 'SAP', ''),
(3337, 1, 201, 1431302400, 1431338400, 'SAP', ''),
(3338, 1, 201, 1432512000, 1432548000, 'SAP', ''),
(3339, 1, 201, 1432598400, 1432634400, 'SAP', ''),
(7732, 2, 379, 1733826600, 1733830200, 'For Polycold service meeting', ''),
(5135, 2, 10, 1542936600, 1542942000, 'Meeting with Buhler Spore', ''),
(3343, 2, 251, 1429689600, 1429693200, 'Meeting', ''),
(4629, 2, 197, 1509004800, 1509010200, 'Conference Call', ''),
(5134, 1, 10, 1543370400, 1543379400, 'Meeting with new supplier DVP', ''),
(3409, 1, 201, 1435017600, 1435053900, 'SAP', ''),
(3415, 1, 29, 1434686400, 1434691800, 'Lunch Talk', ''),
(5130, 1, 233, 1543212000, 1543219200, '2019 Budget Meeting - VCO', ''),
(3418, 1, 201, 1435104000, 1435140000, 'SAP', ''),
(4569, 1, 83, 1505782800, 1505800800, 'Meeting with Principal', ''),
(6476, 2, 66, 1650952800, 1650960000, 'Meeting', ''),
(5129, 1, 233, 1542940200, 1542963600, '2019 Budget Meeting - BIB & SSS', ''),
(5126, 1, 10, 1542853800, 1542861000, 'Meeting with PV Spore principal', ''),
(3428, 1, 251, 1435823100, 1435831200, 'Meeting', ''),
(7004, 2, 367, 1690542000, 1690545600, 'interview - Roy/Alex/Shawn', ''),
(5675, 2, 302, 1596679200, 1596682800, 'Interview - For BC', ''),
(3434, 1, 201, 1436832000, 1436848800, 'SAP', ''),
(4568, 1, 83, 1505714400, 1505728800, 'Meeting with Principal', ''),
(5337, 1, 102, 1561010400, 1561021200, 'Conference Call', ''),
(3441, 1, 9, 1437616800, 1437624000, 'Meeting', ''),
(7731, 2, 302, 1733841000, 1733844600, 'Book for Mervyn: Customer Meeting', ''),
(7730, 2, 175, 1733756400, 1733763600, 'Lifestyle Meeting', ''),
(5118, 1, 123, 1542157200, 1542189900, 'Almig Training', ''),
(3447, 2, 7, 1438563600, 1438567200, 'CTI Service Meeting', ''),
(3448, 2, 7, 1438567200, 1438570800, 'CTI Service Meeting', ''),
(7729, 1, 255, 1733497200, 1733504400, 'BM sales discussion', ''),
(7728, 1, 40, 1733821200, 1733832000, 'Meeting with service team', ''),
(3453, 1, 83, 1438759800, 1438765200, 'Meeting', ''),
(3899, 1, 251, 1464314400, 1464321600, 'Meeting with vendor', ''),
(4019, 1, 173, 1470816000, 1470823200, 'Meeting', ''),
(3458, 2, 7, 1439773200, 1439776800, 'CTI Service Meeting', ''),
(3459, 2, 7, 1439776800, 1439780400, 'CTI Service Meeting', ''),
(3460, 2, 7, 1439780400, 1439784000, 'CTI Service Meeting', ''),
(3461, 1, 251, 1439771400, 1439775000, 'Meeting Vendor', ''),
(3462, 2, 224, 1439859600, 1439870400, 'Meeting', ''),
(5115, 1, 10, 1541574000, 1541584800, 'Meeting with Meyer Burger', ''),
(7741, 1, 302, 1734692400, 1734696000, 'Interview - For Cheok', ''),
(7726, 2, 341, 1733389200, 1733396400, 'Customer Meeting', ''),
(3468, 2, 10, 1440572400, 1440583200, 'Meeting', ''),
(3469, 2, 251, 1441346400, 1441350000, 'Meeting Vendor', ''),
(5117, 1, 123, 1542088800, 1542103500, 'Almig Training', ''),
(3471, 1, 233, 1440723600, 1440738000, 'SAP meeting - Service Web Portal', ''),
(3472, 1, 251, 1441071000, 1441101600, 'With Vendor', ''),
(5116, 1, 251, 1541750400, 1541757600, 'Meeting', ''),
(5111, 2, 302, 1541052000, 1541059200, 'Orientation', ''),
(3475, 1, 251, 1441245600, 1441252800, 'PDPA', ''),
(7724, 2, 123, 1733306400, 1733313600, 'Service Monthly meeting', ''),
(6475, 2, 66, 1650866400, 1650870000, 'Meeting', ''),
(5672, 2, 302, 1596592800, 1596596400, 'Interview - For Thiva', ''),
(3486, 1, 233, 1441767600, 1441771200, 'SAP Meeting - Mgt Review', ''),
(7776, 1, 313, 1736850600, 1736856000, 'KLA Bi-weekly Sales Meeting', ''),
(7775, 2, 40, 1736843400, 1736852400, 'SIC Training', ''),
(5673, 1, 302, 1596765600, 1596769200, 'Interview - For BC', ''),
(3491, 1, 251, 1442196000, 1442199600, 'Meeting', ''),
(3492, 2, 7, 1442368800, 1442372400, 'Noah Service Meeting', ''),
(7723, 1, 341, 1733324400, 1733329800, 'Customer Meeting', ''),
(7722, 2, 175, 1733241600, 1733248800, 'Lifestyle Meeting', ''),
(7721, 1, 379, 1733311800, 1733315400, 'For monthly polycold service meeting', ''),
(5104, 2, 302, 1540778400, 1540782000, 'Interview', ''),
(3886, 1, 126, 1463724000, 1463738400, 'Discussion', ''),
(5336, 2, 66, 1561010400, 1561017600, 'Meeting', ''),
(3884, 2, 255, 1463706000, 1463713200, 'Meeting', ''),
(7000, 2, 367, 1690279200, 1690282800, 'Interview - Cheok', ''),
(7718, 1, 233, 1732892400, 1732899600, '2025 Budget Meeting', ''),
(3878, 1, 233, 1463533200, 1463565600, 'SAP Consultant - Amolee', ''),
(5103, 2, 302, 1540519200, 1540522800, 'Interview', ''),
(3518, 2, 251, 1443580200, 1443583800, 'Meeting', ''),
(3519, 2, 251, 1443592800, 1443598200, 'Meeting', ''),
(5101, 2, 302, 1539828000, 1539831600, 'Interview', ''),
(5100, 1, 10, 1539842400, 1539849600, 'Discussion with Buhler Spore', ''),
(6473, 2, 66, 1650520800, 1650528000, 'Meeting', ''),
(5097, 1, 251, 1539676800, 1539684000, 'Meeting', ''),
(3530, 1, 137, 1444800600, 1444815000, 'Simtech & APP Workshop', ''),
(3531, 1, 137, 1444953600, 1444989600, 'Binder Training', ''),
(5096, 2, 251, 1539226800, 1539228600, 'Meeting', ''),
(3534, 2, 251, 1444960800, 1444969800, 'Meeting with Supplier', ''),
(3535, 2, 251, 1445410800, 1445414400, 'Meeting', ''),
(3536, 2, 251, 1446444000, 1446454800, 'Meeting', ''),
(3537, 1, 251, 1445418000, 1445421600, 'Meeting', ''),
(3538, 1, 251, 1445477400, 1445479200, 'Meeting', ''),
(7720, 1, 379, 1733216400, 1733221800, 'For weekly Polycold service meeting', ''),
(3540, 2, 66, 1445817600, 1445821200, 'SAP UPGRADE', ''),
(3541, 2, 66, 1445821200, 1445824800, 'SAP UPGRADE', ''),
(3542, 2, 66, 1445824800, 1445828400, 'SAP UPGRADE', ''),
(3543, 2, 66, 1445828400, 1445832000, 'SAP UPGRADE', ''),
(3544, 2, 66, 1445832000, 1445835600, 'SAP UPGRADE', ''),
(3545, 2, 66, 1445835600, 1445839200, 'SAP UPGRADE', ''),
(3546, 2, 66, 1445839200, 1445853900, 'SAP UPGRADE', ''),
(3549, 1, 251, 1446166800, 1446177600, 'Meeting', ''),
(5098, 1, 10, 1540432800, 1540450800, 'Meeting with Druschke', ''),
(3552, 1, 233, 1447030800, 1447061400, 'SAP Training - Interactive Analytics', ''),
(3554, 1, 233, 1447808400, 1447837200, 'SAP - Internal Sales Training', ''),
(3582, 1, 233, 1447916400, 1447920000, 'Expense Claim Policy Discussion', ''),
(3556, 1, 233, 1447981200, 1448011800, 'SAP - Internal Sales Training', ''),
(3557, 1, 233, 1448240400, 1448271000, 'SAP - Users Acceptance Testing', ''),
(3558, 1, 233, 1448326800, 1448357400, 'SAP - Users Acceptance Testing', ''),
(3559, 1, 233, 1448413200, 1448443800, 'SAP - Users Acceptance Testing', ''),
(3560, 1, 233, 1448499600, 1448530200, 'SAP - Users Acceptance Testing', ''),
(3561, 1, 233, 1448586000, 1448616600, 'SAP - Users Acceptance Testing', ''),
(3562, 1, 233, 1448845200, 1448875800, 'SAP - Users Acceptance Testing', ''),
(3563, 1, 233, 1448931600, 1448962200, 'SAP - Users Acceptance Testing', ''),
(3564, 1, 233, 1449018000, 1449048600, 'SAP - Users Acceptance Testing', ''),
(3565, 1, 233, 1449104400, 1449135000, 'SAP - Users Acceptance Testing', ''),
(3566, 1, 233, 1449190800, 1449221400, 'SAP - Users Acceptance Testing', ''),
(3567, 1, 233, 1449450000, 1449480600, 'SAP - Users Acceptance Testing', ''),
(3568, 1, 233, 1449536400, 1449567000, 'SAP - Users Acceptance Testing', ''),
(3569, 1, 233, 1449709200, 1449739800, 'SAP - Discuss import opening balances templates', ''),
(5413, 2, 251, 1566376200, 1566379800, 'Meeting', ''),
(3571, 1, 126, 1446616800, 1446624000, 'video conference', ''),
(3577, 1, 233, 1447651800, 1447666200, 'SAP Meeting', ''),
(5269, 1, 251, 1554706800, 1554712200, 'Meeting', ''),
(3578, 2, 233, 1447635600, 1447648200, 'SAP Meeting', ''),
(3580, 1, 224, 1447740000, 1447743600, 'UPS presentation', ''),
(3581, 7, 224, 1447740000, 1447743600, 'UPS presentation', ''),
(3584, 2, 251, 1448434800, 1448440200, 'Meeting', ''),
(3585, 2, 251, 1448330400, 1448334000, 'Meeting', ''),
(3586, 2, 9, 1448416800, 1448420400, 'Meeting', ''),
(5268, 1, 102, 1554255000, 1554265800, 'Meeting with Principal', ''),
(3589, 2, 175, 1449554400, 1449558000, 'Keyence Supplier Meeting', ''),
(6472, 2, 66, 1650434400, 1650441600, 'Meeting', ''),
(3877, 1, 233, 1463446800, 1463479200, 'SAP Consultant - Amolee', ''),
(3596, 1, 66, 1451368800, 1451376000, 'Meeting', ''),
(3597, 2, 251, 1451368800, 1451372400, 'Meeting', ''),
(3599, 2, 173, 1451887200, 1451890800, 'Meeting', ''),
(5088, 1, 251, 1538640000, 1538647200, 'Meeting', ''),
(5086, 1, 10, 1539223200, 1539232200, 'Meeting with New Supplier ANTS (Taiwan)', ''),
(3605, 2, 201, 1452556800, 1452592800, 'SAP', ''),
(7719, 2, 102, 1733133600, 1733140800, 'Syensco meeting', ''),
(3607, 2, 201, 1452729600, 1452765600, 'SAP', ''),
(3608, 2, 201, 1452816000, 1452852000, 'SAP', ''),
(3611, 2, 201, 1452488400, 1452506400, 'SAP', ''),
(5087, 1, 10, 1538463600, 1538474400, 'Meeting with Dah Young (Taiwan)', ''),
(3613, 1, 126, 1452664800, 1452679200, 'SAP Meeting', ''),
(3614, 2, 126, 1453075200, 1453111200, 'SAP Meeting', ''),
(3615, 2, 126, 1453161600, 1453197600, 'SAP Meeting', ''),
(3616, 2, 126, 1453766400, 1453802400, 'SAP Meeting', ''),
(3617, 1, 229, 1452823200, 1452826800, 'Meeting', ''),
(7774, 1, 65, 1736762400, 1736769600, 'BM meeting', ''),
(3621, 1, 229, 1453183200, 1453186800, 'Training', ''),
(5670, 2, 302, 1596765600, 1596769200, 'Interview - For Nan Lee', ''),
(3623, 1, 10, 1453446000, 1453456800, 'Meeting', ''),
(5267, 1, 251, 1556611200, 1556616600, 'Meeting', ''),
(4560, 2, 126, 1505955600, 1505988000, 'SAP Training', ''),
(3628, 1, 21, 1453863600, 1453869000, 'Meeting', ''),
(3629, 1, 137, 1453948200, 1453953600, 'Meeting', ''),
(3630, 1, 83, 1454032800, 1454040000, 'Meeting', ''),
(4559, 2, 126, 1505437200, 1505469600, 'SAP Training', ''),
(5669, 1, 302, 1596326400, 1596335400, 'Orientation', ''),
(3637, 1, 233, 1455701400, 1455703500, '.', ''),
(3638, 1, 233, 1455762600, 1455769800, '.', ''),
(5085, 2, 251, 1538035200, 1538040600, 'Meeting', ''),
(6519, 1, 7, 1654480800, 1654484400, 'CTI Training', ''),
(3646, 2, 83, 1456189200, 1456201800, 'Meeting with Visitor', ''),
(3645, 2, 223, 1456102800, 1456115400, 'Meeting', ''),
(5079, 1, 137, 1538026200, 1538040600, 'Compressed Air Seminar', ''),
(3648, 2, 233, 1456117200, 1456135200, 'SAP Consultants', ''),
(3649, 1, 233, 1456189200, 1456221600, 'SAP Consultants', ''),
(3650, 2, 233, 1456275600, 1456308000, 'SAP Consultants', ''),
(3651, 2, 233, 1456462800, 1456480800, 'SAP Consultants', ''),
(3652, 1, 233, 1456707600, 1456736400, '2016 Expenditure Budget Meeting', ''),
(5078, 1, 137, 1537939800, 1537954200, 'Compressed Air Seminar', ''),
(5076, 2, 251, 1537754400, 1537759800, 'Meeting', ''),
(5074, 1, 83, 1537340400, 1537344000, 'Meeting', ''),
(5072, 1, 251, 1537171200, 1537178400, 'Meeting', ''),
(3665, 1, 126, 1457308800, 1457344800, 'SAP Offline Portal', ''),
(3666, 1, 137, 1458108000, 1458118800, 'Binder Workshop - Ind', ''),
(4558, 2, 251, 1505351700, 1505356200, 'Meeting', ''),
(3668, 2, 126, 1456876800, 1456912800, 'SAP', ''),
(6998, 1, 302, 1689849000, 1689850800, 'Signing of LOA', ''),
(3671, 1, 137, 1458194400, 1458205200, 'Binder Workshop - Bio', ''),
(3672, 2, 201, 1456963200, 1456999200, 'SAP', ''),
(3673, 2, 201, 1457049600, 1457085600, 'SAP', ''),
(6994, 2, 367, 1689591600, 1689595200, 'meeting - Dr Law / Eric', ''),
(6518, 1, 251, 1653966000, 1653969600, 'Meeting', ''),
(3676, 1, 7, 1457053200, 1457056800, 'CTI Service Meeting', ''),
(3677, 1, 7, 1457056800, 1457060400, 'CTI Service Meeting', ''),
(3679, 2, 7, 1457485200, 1457488800, 'CTI Service Meeting', ''),
(3680, 2, 7, 1457488800, 1457492400, 'CTI Service Meeting', ''),
(3681, 2, 126, 1457492400, 1457517600, 'SAP', ''),
(3699, 1, 126, 1457568000, 1457584200, 'SAP Meeting', ''),
(3731, 1, 233, 1458799200, 1458813600, 'Meeting with Alvin', ''),
(6517, 2, 123, 1654740000, 1654747200, 'Monthly Service Meeting', ''),
(6516, 2, 313, 1653879600, 1653883200, 'ValueTec Meeting', ''),
(6515, 2, 302, 1653897600, 1653901200, 'Interview - For Stanley', ''),
(6514, 2, 302, 1653894000, 1653897600, 'Interview - For Stanley', ''),
(5070, 1, 182, 1537084800, 1537092000, 'Meeting with Principal (SAMCO)', ''),
(3698, 2, 233, 1457596800, 1457604000, 'Mgt Meeting', ''),
(3700, 2, 126, 1457586000, 1457596800, 'SAP', ''),
(3704, 1, 21, 1457596800, 1457604000, 'Meeting', ''),
(3705, 2, 126, 1457676000, 1457683200, 'Training', ''),
(6471, 2, 255, 1650421800, 1650425400, 'Meeting', ''),
(5068, 2, 302, 1536904800, 1536908400, 'Interview', ''),
(3710, 1, 233, 1458090000, 1458102600, 'SAP - Offline Testing', ''),
(3711, 1, 233, 1458522000, 1458534600, 'SAP - Offline Testing', ''),
(3712, 1, 229, 1458262800, 1458266400, 'AE/ CTI Training', ''),
(3713, 1, 229, 1458266400, 1458270000, 'AE/ CTI Training', ''),
(3714, 1, 229, 1458270000, 1458273600, 'AE/ CTI Training', ''),
(3715, 1, 229, 1458273600, 1458277200, 'AE/ CTI Training', ''),
(3716, 1, 229, 1458277200, 1458280800, 'AE/ CTI Training', ''),
(3717, 1, 229, 1458280800, 1458284400, 'AE/ CTI Training', ''),
(3718, 1, 229, 1458284400, 1458288000, 'AE/ CTI Training', ''),
(3719, 1, 229, 1458288000, 1458291600, 'AE/ CTI Training', ''),
(3720, 1, 229, 1458291600, 1458295200, 'AE/ CTI Training', ''),
(3722, 1, 233, 1458536400, 1458554400, 'SAP - Solving Outstanding Issues', ''),
(3723, 2, 255, 1458180000, 1458183600, 'Training', ''),
(3724, 2, 255, 1458183600, 1458187200, 'Meeting', ''),
(3725, 2, 255, 1458194400, 1458198000, 'Training', ''),
(3726, 2, 255, 1458198000, 1458201600, 'Training', ''),
(5067, 1, 10, 1536890400, 1536899400, 'Meeting with Buhler Spore & Thailand', ''),
(6805, 1, 307, 1675216800, 1675220400, 'Meeting', ''),
(6993, 2, 352, 1689604200, 1689606000, 'meeting', ''),
(7717, 1, 233, 1732874400, 1732881600, '2025 Budget Meeting', ''),
(3733, 2, 233, 1458806400, 1458813600, 'Meeting', ''),
(3737, 1, 233, 1459218600, 1459225800, 'Meeting M&A Consultants', ''),
(3738, 1, 233, 1458781200, 1458793800, 'Meeting Ricky', ''),
(3741, 2, 223, 1459126800, 1459159500, 'Training', ''),
(7716, 1, 233, 1732806000, 1732813200, '2025 Budget Meeting', ''),
(6990, 1, 147, 1689328800, 1689332400, 'meeting', ''),
(6989, 2, 359, 1689163200, 1689166800, 'Meeting', ''),
(3746, 2, 9, 1459234800, 1459242000, 'Appointment', ''),
(6988, 2, 367, 1689332400, 1689336000, 'interview - CP Lee', ''),
(5603, 2, 65, 1582099200, 1582106400, 'Meeting', ''),
(3751, 2, 66, 1459299600, 1459324800, 'Meeting', ''),
(3752, 1, 233, 1460336400, 1460368800, 'SAP Testing on Duplicate RGA & SN', ''),
(3834, 1, 233, 1461567600, 1461574800, 'Meeting', ''),
(3791, 1, 233, 1460610000, 1460620800, 'SAP Meeting', ''),
(3793, 2, 251, 1461045600, 1461054600, 'Interview', ''),
(3794, 2, 251, 1461132000, 1461141000, 'Interview', ''),
(3795, 2, 251, 1461304800, 1461313800, 'Interview', ''),
(3798, 2, 251, 1461117600, 1461123000, 'Vendor', ''),
(7715, 1, 233, 1732788000, 1732795200, '2025 Budget Meeting', ''),
(4961, 2, 302, 1529910000, 1529913600, 'Signing of LOE', ''),
(6987, 2, 367, 1689850800, 1689854400, 'Interview - Dennis', ''),
(6986, 2, 367, 1688724000, 1688727600, 'meeting - Dennis', ''),
(3831, 1, 10, 1461826800, 1461830400, 'Meeting', ''),
(5060, 2, 10, 1536544800, 1536570000, 'Meeting/Training with Umicore', ''),
(6985, 1, 302, 1688724000, 1688727600, 'Meeting with InterIsland', ''),
(6991, 2, 302, 1689264000, 1689267600, 'Job Offer', ''),
(3813, 1, 65, 1461286800, 1461297600, 'Meeting', ''),
(6992, 2, 367, 1689951600, 1689955200, 'interview - Dr Law / Eric', ''),
(6983, 2, 367, 1689350400, 1689354000, 'interview - ong pei lin', ''),
(3832, 1, 10, 1461891600, 1461924000, 'Meeting', ''),
(3826, 1, 10, 1461805200, 1461826800, 'Meeting', ''),
(3827, 1, 10, 1461830400, 1461837600, 'Meeting', ''),
(3833, 1, 251, 1462325400, 1462336200, 'Meeting', ''),
(6982, 2, 313, 1688572800, 1688580000, 'Meeting with ChooseTop Principal', ''),
(5062, 1, 147, 1536802200, 1536811200, 'Training', ''),
(5335, 1, 251, 1560826800, 1560832200, 'Meeting', ''),
(6981, 2, 147, 1688720400, 1688724000, 'meeting', ''),
(7714, 2, 341, 1732719600, 1732723200, 'customer meeting', ''),
(6979, 2, 367, 1689001200, 1689004800, 'interview - CP Lee', ''),
(3850, 1, 251, 1462262400, 1462266000, 'Meeting with vendor', ''),
(3851, 1, 137, 1462243500, 1462247100, 'LinkedIn Kickoff Session', ''),
(4500, 2, 9, 1501745400, 1501749000, 'Meeting', ''),
(6978, 2, 367, 1689087600, 1689091200, 'interview - CP Lee', ''),
(3858, 1, 66, 1462496400, 1462509000, 'SAP Training', ''),
(6977, 2, 302, 1691137800, 1691172000, 'CCP Training - Hazwan', ''),
(3862, 1, 251, 1463119200, 1463133600, 'Meeting', ''),
(3863, 1, 126, 1462428000, 1462442400, 'SAP Training', ''),
(3866, 2, 251, 1462847400, 1462852800, 'Meeting with vendor', ''),
(6976, 2, 302, 1691051400, 1691085600, 'CCP Training - Hazwan', ''),
(3871, 1, 10, 1462932000, 1462941000, 'Principal Meeting', ''),
(3872, 2, 10, 1462861800, 1462874400, 'Principal Meeting', ''),
(5416, 1, 173, 1566453600, 1566457200, 'IND Meeting', ''),
(7713, 2, 377, 1732617000, 1732622400, 'KLA Meeting', ''),
(5055, 1, 302, 1536910200, 1536917400, 'Mgmt Meeting', ''),
(3908, 1, 126, 1464660000, 1464669000, 'Office365 walk through', ''),
(5054, 2, 302, 1536804000, 1536811200, 'Meeting with Kaplan', ''),
(6975, 2, 302, 1690965000, 1690999200, 'CCP Training - Hazwan', ''),
(3911, 1, 10, 1464674400, 1464685200, 'Interview', ''),
(5053, 2, 251, 1536134400, 1536139800, 'Meeting', ''),
(3914, 1, 251, 1465495200, 1465500600, 'Meeting with vendor', ''),
(3920, 2, 137, 1465351200, 1465358400, 'Survey Phone Interviews', ''),
(3921, 2, 137, 1465369200, 1465376400, 'Survey Phone Interviews', ''),
(3923, 2, 137, 1465437600, 1465443000, 'Survey Phone Interviews', ''),
(3924, 2, 137, 1465455600, 1465462800, 'Survey Phone Interviews', ''),
(3925, 1, 233, 1465866000, 1465898400, 'SAP - Service Offline Testing', ''),
(3926, 1, 251, 1465538400, 1465547400, 'Meeting with vendor', ''),
(3927, 2, 137, 1465524000, 1465529400, 'Survey Phone Interviews', ''),
(3928, 2, 137, 1465542000, 1465549200, 'Survey Phone Interviews', ''),
(3935, 1, 251, 1466391600, 1466397000, 'Meeting', ''),
(3932, 1, 251, 1466146800, 1466152200, 'Meeting with vendor', ''),
(3933, 1, 10, 1466560800, 1466569800, 'Meeting with Principal', ''),
(3934, 1, 147, 1466402400, 1466416800, 'Meeting', ''),
(3939, 1, 251, 1467946800, 1467952200, 'Meeting', ''),
(3941, 1, 83, 1467075600, 1467108000, 'AE Meeting', ''),
(3943, 1, 10, 1466493300, 1466499600, 'Web Conference with Pfeiffer Vacuum Principal', ''),
(7712, 2, 345, 1732546800, 1732550400, 'Meeting', ''),
(6974, 1, 197, 1688481000, 1688484600, 'Shawn- Lifestyle', ''),
(3947, 1, 29, 1466735400, 1466740800, 'Meeting with ISO Transition Consultant', ''),
(3948, 1, 29, 1466663400, 1466668800, 'Meeting with ISO Transition Consultant', ''),
(3949, 1, 29, 1466748000, 1466751600, 'Meeting with ISO Transition Consultant', ''),
(3950, 1, 29, 1467189000, 1467194400, 'Meeting with ISO Transition Consultant', ''),
(3951, 1, 255, 1466751600, 1466755200, 'Meeting', ''),
(5265, 1, 7, 1554170400, 1554174000, 'CTI FS Meeting', ''),
(5601, 2, 147, 1581993000, 1581998400, 'Meeting', ''),
(3955, 1, 83, 1467162000, 1467180000, 'AE Meeting', ''),
(3958, 1, 233, 1467705600, 1467712800, 'OT Arrangement', ''),
(7711, 2, 313, 1732530600, 1732536000, 'KLA Bi-weekly Sales Meeting', ''),
(7710, 1, 233, 1732633200, 1732636800, 'John', ''),
(3961, 2, 147, 1467183600, 1467187200, 'Meeting', ''),
(6973, 1, 251, 1688382000, 1688385600, 'Meeting', ''),
(3963, 2, 147, 1467270000, 1467277200, 'Meeting', ''),
(7709, 2, 123, 1732287600, 1732294800, 'Lifestyle meeting', ''),
(3966, 1, 10, 1467858600, 1467865800, 'Training Purpose', ''),
(3970, 1, 251, 1468202400, 1468209600, 'Meeting with vendor', ''),
(6972, 2, 123, 1688551200, 1688558400, 'Service Meeting', ''),
(6971, 2, 367, 1688479200, 1688482800, 'interview - Kian', ''),
(3975, 2, 66, 1468285200, 1468297800, 'SAP', ''),
(5047, 1, 10, 1536544800, 1536553800, 'Meeting with Oliver Mayfarth (PV Asslar) & PV Spore', ''),
(5045, 1, 9, 1535077800, 1535083200, 'Meeting', ''),
(3981, 2, 175, 1468893600, 1468900800, 'Align Meeting', ''),
(5602, 1, 229, 1582074000, 1582088400, 'Meeting', ''),
(3985, 2, 29, 1468823400, 1468828800, 'Discussion', ''),
(6970, 2, 367, 1687960800, 1687964400, 'interview - Thiva', ''),
(6969, 2, 313, 1687950000, 1687955400, 'KLA Meeting', ''),
(5668, 1, 7, 1596078000, 1596081600, 'Meeting with SMP', ''),
(6968, 2, 367, 1688378400, 1688382000, 'Interview - Ronald', ''),
(6967, 2, 367, 1688464800, 1688468400, 'interview - Roy/Alex/Shawn', ''),
(5667, 2, 313, 1596006000, 1596009600, 'Meeting with Fluidigm', ''),
(4000, 1, 233, 1470126600, 1470132000, 'Meeting CIMB', ''),
(5040, 2, 10, 1535076000, 1535083200, 'Conference Call & Training with Solvay China', ''),
(5666, 1, 7, 1595984400, 1595988000, 'CTI Field Issue', ''),
(5303, 2, 302, 1558485000, 1558492200, 'Orientation', ''),
(7707, 2, 313, 1732269600, 1732273200, 'Budget Meeting with Indonesia Team', ''),
(7708, 2, 313, 1732273200, 1732276800, 'Bi-weekly meeting with APP Philippines', ''),
(7706, 2, 313, 1732185000, 1732190400, 'Meeting with New Supplier SuperPak for Introduction', ''),
(5037, 1, 147, 1534386600, 1534388400, 'Discussion', ''),
(4017, 1, 233, 1470877200, 1470909600, 'Meeting Ricky', ''),
(5036, 2, 33, 1534386600, 1534390200, 'Meeting', ''),
(5035, 1, 173, 1534388400, 1534392000, 'Discussion', ''),
(5034, 1, 251, 1536991200, 1536996600, 'Meeting', ''),
(4025, 1, 182, 1470967200, 1470970800, 'Meeting', ''),
(4026, 1, 173, 1470981600, 1470985200, 'Meeting', ''),
(4028, 2, 173, 1471312800, 1471320000, 'White Knight Training for APP', ''),
(5032, 1, 251, 1534215600, 1534221000, 'Meeting', ''),
(4033, 1, 233, 1471914000, 1471946400, 'Meet Ricky', ''),
(7773, 2, 302, 1736953200, 1736956800, 'Interview - For Cheok', ''),
(4049, 2, 29, 1472456700, 1472461200, 'Discussion', ''),
(4050, 1, 10, 1472610600, 1472634000, 'Meeting', ''),
(4036, 2, 66, 1471914000, 1471946400, 'SAP SERVICE CUBE', ''),
(4044, 1, 233, 1471588200, 1471595400, 'Meeting with CP and Andrew', ''),
(4045, 1, 251, 1472194800, 1472202000, 'Meeting', ''),
(4047, 1, 173, 1472454000, 1472464800, 'DLab visit/training', ''),
(6964, 2, 197, 1687258800, 1687262400, 'Raymond, Lee(11:00 - 12:00): Meeting', ''),
(4052, 1, 251, 1472781600, 1472788800, 'Meeitng', ''),
(6241, 2, 302, 1630375200, 1630378800, 'Interview - For Dennis', ''),
(4056, 2, 102, 1472781600, 1472785200, 'Discussion', ''),
(4057, 1, 76, 1473058800, 1473062400, 'Meeting', ''),
(5599, 2, 302, 1581904800, 1581908400, 'Interview - For Ronald', ''),
(5030, 1, 302, 1536291000, 1536312600, 'INCOTERMS 2010', ''),
(5029, 1, 302, 1534735800, 1534757400, 'INCOTERMS 2010', ''),
(5028, 2, 175, 1533880800, 1533891600, 'Conf call with Zeta Principles', ''),
(5408, 1, 65, 1565683200, 1565686800, 'Meeting', ''),
(4068, 2, 147, 1474009200, 1474016400, 'Meeting', ''),
(4069, 2, 182, 1474261200, 1474279500, 'Meeting with APP Indonesia', ''),
(4071, 2, 66, 1474596000, 1474605000, 'Meeting', ''),
(4074, 2, 147, 1474941600, 1474948800, 'Meeting', ''),
(5598, 2, 7, 1581577200, 1581580800, 'Performance Appraisal', ''),
(7772, 2, 302, 1736938800, 1736942400, 'Interview - For Cheok', ''),
(7771, 1, 302, 1736519400, 1736526600, 'For Raymond', ''),
(7770, 1, 307, 1736506800, 1736510400, 'ISO Audit Meeting', ''),
(4079, 1, 233, 1475632800, 1475640000, 'Meeting', ''),
(4082, 1, 173, 1475110800, 1475139600, 'BM Training for APP Indo', ''),
(4083, 1, 173, 1475200800, 1475208000, 'Binder Meeting', ''),
(4084, 2, 173, 1475629200, 1475640000, 'Lauda UltraCool Training', ''),
(4104, 1, 10, 1475650800, 1475658000, 'Meeting', ''),
(4102, 1, 10, 1475739000, 1475744400, 'Meeting', ''),
(4103, 1, 10, 1475814600, 1475820000, 'Meeting', ''),
(4088, 2, 233, 1475737200, 1475744400, 'APPT Mileage Discussion', ''),
(4089, 7, 233, 1475737200, 1475744400, 'APPT Mileage Discussion', ''),
(4091, 2, 29, 1475200800, 1475208000, 'Meeting', ''),
(4092, 2, 29, 1475042400, 1475046000, 'Meeting with Supplier', ''),
(4093, 1, 29, 1475215200, 1475226000, 'Meeting', ''),
(4095, 2, 29, 1475649000, 1475656200, 'Meeting with vendor', ''),
(7705, 1, 197, 1732284000, 1732291200, 'UMC Audit.', ''),
(4097, 1, 233, 1475542800, 1475575200, 'Meeting with Ricky', ''),
(5024, 2, 7, 1533178800, 1533182400, 'CTI Meeting', ''),
(5023, 1, 302, 1533081600, 1533088800, 'Orientation', ''),
(5022, 2, 302, 1533261600, 1533265200, 'Interview', ''),
(4106, 1, 33, 1475809200, 1475812800, 'Discussion', ''),
(4107, 2, 66, 1476410400, 1476417600, 'CTI Service Discussion', ''),
(7704, 1, 307, 1732525200, 1732536000, 'Meeting', ''),
(5264, 1, 7, 1554166800, 1554170400, 'CTI FS Meeting', ''),
(5020, 1, 255, 1532656800, 1532660400, 'Meeting', ''),
(4114, 1, 233, 1477976400, 1477994400, 'Meeting Ricky', ''),
(4115, 1, 255, 1476165600, 1476169200, 'Conference Call', ''),
(4118, 1, 233, 1476252000, 1476255600, 'Meeting DBS', ''),
(4120, 2, 29, 1476424800, 1476428400, 'Meeting', ''),
(6512, 1, 316, 1653361200, 1653364800, 'Meeting', ''),
(7703, 2, 313, 1732012200, 1732017600, 'Meeting with Fabrinet Thailand for Demo Report', ''),
(4127, 1, 66, 1476684000, 1476691200, 'Meeting', ''),
(4128, 1, 233, 1476946800, 1476957600, 'Service Meeting with Mr Lee', ''),
(4129, 1, 233, 1476756000, 1476759600, 'Budget Meeting', ''),
(4130, 1, 83, 1476774000, 1476777600, 'Meeting', ''),
(6960, 2, 367, 1687356000, 1687359600, 'Interview - Cheok', ''),
(6959, 1, 255, 1686846600, 1686852000, 'Sales meeting', ''),
(4134, 1, 83, 1476926400, 1476930000, 'Meeting', ''),
(4135, 1, 251, 1478847600, 1478854800, 'Meeting', ''),
(4136, 1, 251, 1480057200, 1480064400, 'Meeting', ''),
(4137, 1, 251, 1481266800, 1481274000, 'Meeting', ''),
(4138, 1, 251, 1482476400, 1482483600, 'Meeting', ''),
(6958, 1, 233, 1687271400, 1687276800, 'BSO Discussion', ''),
(4141, 1, 7, 1477468800, 1477472400, 'Briefing', ''),
(6511, 1, 302, 1654475400, 1654480800, 'Orientation', ''),
(6510, 2, 341, 1653273000, 1653276600, 'Meeting', ''),
(4145, 2, 66, 1477623600, 1477629000, 'Meeting', ''),
(4146, 1, 66, 1477558800, 1477562400, 'Meeting', ''),
(4147, 1, 7, 1477555200, 1477558800, 'BizSafe Briefing for CTI Workshop', ''),
(6965, 1, 197, 1687255200, 1687260600, 'BSO Meeting', ''),
(7702, 1, 379, 1732613400, 1732617000, 'POLYCOLD WEEKLY SERVICE MEETING', ''),
(4150, 2, 66, 1477983600, 1477987200, 'Meeting', ''),
(6509, 2, 313, 1653013800, 1653017400, 'Meeting with Aemulus', ''),
(7701, 1, 379, 1732008600, 1732012200, 'POlYCOLD WEEKLY SERVICE MEETING', ''),
(4155, 1, 102, 1478224800, 1478242800, 'Meeting', ''),
(7700, 2, 359, 1731927600, 1731931200, 'Meeting', ''),
(6954, 1, 367, 1686751200, 1686754800, 'interview - Kian', ''),
(5665, 2, 302, 1596074400, 1596078000, 'Interview - For Kian', ''),
(4162, 1, 83, 1478831400, 1478835000, 'Meeting', ''),
(5298, 1, 83, 1557987300, 1557991800, 'Meeting', ''),
(6953, 2, 367, 1686751200, 1686754800, 'interview - CP Lee', ''),
(6952, 1, 313, 1687356000, 1687370400, 'Hauman Principal Visitation', ''),
(4171, 1, 233, 1479882600, 1479889800, 'Review on SAP Access by Staff', ''),
(4172, 1, 233, 1479866400, 1479875400, 'Budget Meeting', ''),
(4176, 1, 233, 1480039200, 1480048200, 'Budget Meeting - SSS', ''),
(6951, 2, 313, 1686652200, 1686657600, 'KLA Meeting', ''),
(4177, 1, 233, 1480051800, 1480057200, 'Budget Meeting - VCO', ''),
(4178, 1, 233, 1481166000, 1481173200, 'Meeting Credit Suisse', ''),
(6949, 2, 367, 1686157200, 1686160800, 'meeting - Allan', ''),
(5407, 1, 251, 1566280800, 1566288000, 'Meeting', ''),
(4181, 1, 7, 1480384800, 1480392000, 'Meeting', ''),
(5301, 2, 251, 1558422000, 1558427400, 'Meeting', ''),
(4183, 1, 7, 1480471200, 1480478400, 'Meeting', ''),
(6507, 1, 313, 1652850000, 1652857200, 'Meeting with Principal', ''),
(6948, 2, 367, 1686582000, 1686585600, 'interview - Dr Law / Eric', ''),
(5664, 2, 40, 1595833200, 1595836800, 'Meeting', ''),
(4188, 2, 7, 1480899600, 1480903200, 'CTI FSE Service Meeting', ''),
(4189, 2, 7, 1480903200, 1480906800, 'CTI FSE Service Meeting', ''),
(4190, 2, 7, 1480906800, 1480910400, 'CTI FSE Service Meeting', ''),
(4192, 1, 76, 1481090400, 1481094000, 'Meeting', ''),
(7697, 1, 255, 1731675600, 1731679200, 'Meeting with Megarobo', ''),
(6506, 1, 251, 1653634800, 1653643800, 'Meeting', ''),
(6504, 2, 313, 1652342400, 1652349600, 'Meeting with KITEC', ''),
(6503, 2, 313, 1652338800, 1652342400, 'Meeting with Aemulus', ''),
(7698, 2, 359, 1731686400, 1731690000, 'Meeting', ''),
(5015, 2, 302, 1532478600, 1532485800, 'Orientation', ''),
(7769, 2, 83, 1736434800, 1736442000, 'AE ME', ''),
(4498, 1, 233, 1501657200, 1501664400, 'Meeting', ''),
(4205, 1, 251, 1482219000, 1482220800, 'Meeting', ''),
(6947, 2, 367, 1686578400, 1686582000, 'interview - Dr Law / Eric', ''),
(5263, 1, 7, 1554163200, 1554166800, 'CTI FS Meeting', ''),
(4211, 2, 33, 1482827400, 1482832800, 'Discussion', ''),
(4219, 2, 251, 1483923600, 1483934400, 'Meeting - ISO', ''),
(4220, 1, 66, 1483943400, 1483947000, 'Discussion', ''),
(6502, 1, 66, 1652410800, 1652414400, 'Bizsafe meeting with consultant', ''),
(4222, 1, 9, 1485311400, 1485318600, 'Meeting', ''),
(4223, 1, 173, 1484100000, 1484107200, 'Meeting', ''),
(6950, 1, 367, 1686582000, 1686585600, 'interview - CP Lee', ''),
(4227, 1, 251, 1485327600, 1485333000, 'Meeting', ''),
(6945, 1, 123, 1686045600, 1686052800, 'Service Meeting', ''),
(4229, 1, 10, 1484787600, 1484800200, 'Meeting', ''),
(4231, 1, 66, 1484562600, 1484566200, 'Meeting', ''),
(7699, 1, 251, 1732109400, 1732113000, 'Meeting', ''),
(6944, 2, 302, 1685953800, 1685957400, 'New Hire Orientation', ''),
(6470, 1, 302, 1650524400, 1650528000, 'Interview - For Cheok', ''),
(6943, 2, 313, 1685640600, 1685644200, 'Meeting with Reliance India', ''),
(5595, 1, 231, 1580864400, 1580871600, 'Meeting with Centrotherm', ''),
(6942, 2, 367, 1686668400, 1686672000, 'Interview - Dr Law', ''),
(4240, 1, 10, 1484820000, 1484830800, 'Meeting', ''),
(4241, 1, 251, 1485183600, 1485190800, 'Meeting', ''),
(4244, 2, 7, 1485169200, 1485174600, 'Meeting', ''),
(4249, 1, 10, 1485360000, 1485367200, 'Meeting', ''),
(4250, 1, 233, 1487149200, 1487181600, 'Meeting Ricky', ''),
(5262, 2, 302, 1554078600, 1554084000, 'Orientation', ''),
(6940, 2, 367, 1686063600, 1686067200, 'interview - Roy', ''),
(4266, 1, 233, 1487239200, 1487246400, 'SAP Meeting with CP', ''),
(4254, 1, 233, 1487329200, 1487334600, '2017 Expenditure Budget Meeting', ''),
(4255, 1, 233, 1487341800, 1487354400, '2017 Expenditure Budget Meeting', ''),
(7695, 2, 359, 1731668400, 1731672000, 'Meeting', ''),
(4258, 1, 251, 1487070000, 1487073600, 'Meeting', ''),
(5592, 1, 231, 1580698800, 1580702400, 'CENTROTHERM DISCUSSION', ''),
(4263, 2, 233, 1486735200, 1486738800, 'Meeting', ''),
(4264, 2, 233, 1487070000, 1487073600, 'Meeting', ''),
(4267, 1, 233, 1487082600, 1487088000, 'SAP Meeting', ''),
(6941, 2, 367, 1686049200, 1686052800, 'interview - CP Lee', ''),
(6938, 2, 367, 1685631600, 1685635200, 'interview - ong pei lin', ''),
(6937, 1, 197, 1685530800, 1685534400, 'Shawn- Lifestyle', ''),
(4279, 2, 83, 1487667600, 1487680200, 'Meeting', ''),
(4278, 2, 233, 1487865600, 1487869200, 'Meeting', ''),
(5564, 1, 102, 1575356400, 1575363600, 'Solvay Meeting', ''),
(4281, 1, 233, 1488204000, 1488207600, '2017 Expenditure Budget', ''),
(4282, 2, 251, 1488362400, 1488366000, 'Interview', ''),
(4283, 1, 197, 1488290400, 1488304800, 'Meeting', ''),
(5594, 1, 251, 1580709600, 1580715000, 'Meeting', ''),
(5010, 1, 251, 1531900800, 1531904400, 'Meeting', ''),
(5260, 1, 233, 1553670000, 1553673600, 'Meeting', ''),
(5007, 1, 65, 1531360800, 1531368000, 'Meeting', ''),
(5596, 2, 251, 1580972400, 1580975100, 'Meeting', ''),
(5590, 2, 302, 1580783400, 1580787000, 'Interview - For James', ''),
(5005, 2, 302, 1531882800, 1531886400, 'Interview', ''),
(5004, 2, 302, 1531296000, 1531299600, 'Interview', ''),
(4294, 2, 29, 1489071600, 1489078800, 'Meeting with Supplier', ''),
(4295, 1, 83, 1489068000, 1489073400, 'Meeting', ''),
(5597, 2, 302, 1581386400, 1581390000, 'Interview - For James', ''),
(5001, 1, 251, 1531187100, 1531193400, 'Meeting', ''),
(5000, 2, 302, 1531105200, 1531108800, 'Signing of LOE', ''),
(4999, 2, 65, 1530770400, 1530777600, 'Meeting', ''),
(6936, 2, 367, 1685541600, 1685545200, 'interview - Thiva', ''),
(4998, 2, 147, 1530691200, 1530694800, 'Meeting', ''),
(6469, 2, 302, 1650596400, 1650600000, 'Interview - For Cheok', ''),
(4306, 1, 233, 1489676400, 1489680000, 'Regional Policy', ''),
(6468, 1, 66, 1650348000, 1650358800, 'Meeting', ''),
(5588, 2, 302, 1579744800, 1579748400, 'Interview - For Ronald', ''),
(4309, 1, 66, 1489570200, 1489575600, 'Meeting with James', ''),
(6935, 1, 367, 1689755400, 1689789600, 'Sales Performance Review Meeting', ''),
(5563, 2, 302, 1572764400, 1572768000, 'Interview - For CP', ''),
(5663, 2, 302, 1595988000, 1595991600, 'Interview - For Thiva', ''),
(4993, 2, 231, 1530594000, 1530597600, 'Meeting', ''),
(6281, 2, 302, 1635489000, 1635501600, 'Interview - For Darren/Meng Tin', ''),
(5190, 1, 251, 1546934400, 1546939800, 'Meeting', ''),
(4320, 1, 233, 1491296400, 1491328800, 'SAP Training - Version 9.2', ''),
(4321, 1, 233, 1490871600, 1490875200, 'Meeting', ''),
(4990, 1, 251, 1530669600, 1530673200, 'Meeting', ''),
(5562, 2, 251, 1575007200, 1575014400, 'Meeting', ''),
(4987, 1, 7, 1530489600, 1530493200, 'CTI Field Service Meeting', ''),
(7694, 2, 341, 1731582000, 1731585600, 'Customer Meeting', ''),
(4329, 1, 66, 1491492600, 1491501600, 'Meeting', ''),
(4986, 1, 7, 1530496800, 1530500400, 'CTI Field Service Meeting', ''),
(5259, 2, 302, 1553742000, 1553747400, 'Interview - MOM', ''),
(5561, 1, 251, 1574992800, 1574996400, 'Meeting', ''),
(4334, 2, 83, 1491404400, 1491408000, 'Meeting', ''),
(4335, 1, 173, 1491489000, 1491492600, 'Meeting', ''),
(4985, 2, 7, 1527897600, 1527901200, 'CTI Field Service Meeting', ''),
(4348, 1, 233, 1493046000, 1493053200, 'Regional Expense Policy Discussion', ''),
(4984, 2, 7, 1527904800, 1527908400, 'CTI Field Service Meeting', ''),
(4983, 2, 7, 1527901200, 1527904800, 'CTI Field Service Meeting', ''),
(5662, 2, 302, 1596013200, 1596016800, 'Interview - For Thiva', ''),
(6934, 1, 367, 1689669000, 1689703200, 'Sales Performance Review Meeting', ''),
(5258, 1, 255, 1553131800, 1553158800, 'Meeting', ''),
(4981, 1, 7, 1530493200, 1530496800, 'CTI Field Service Meeting', ''),
(6933, 2, 302, 1686304800, 1686308400, 'Meeting with SIT', ''),
(5406, 1, 10, 1565157600, 1565164800, 'Meeting with Pfeiffer Vacuum Spore', ''),
(4358, 1, 10, 1493287200, 1493296200, 'Meeting with PVA Tepla (MD) - Darren Tan', ''),
(4359, 2, 7, 1492938000, 1492941600, 'CTI', ''),
(4360, 2, 7, 1492941600, 1492945200, 'CTI', ''),
(5405, 1, 231, 1565060400, 1565064000, 'Meeting', ''),
(4979, 2, 302, 1530241200, 1530246600, 'Signing of LOE', ''),
(4366, 1, 9, 1493737200, 1493740800, 'Meeting', ''),
(6932, 2, 367, 1685973600, 1685977200, 'interview - Thiva', ''),
(5587, 2, 302, 1579586400, 1579590000, 'Interview - For Kian', ''),
(5333, 1, 10, 1560736800, 1560745800, 'VCO Training/Meeting', ''),
(5332, 1, 102, 1560479400, 1560486600, 'Meeting', ''),
(5330, 1, 10, 1560135600, 1560139200, 'Conference call with Lumerical', ''),
(6930, 1, 302, 1685350800, 1685354400, 'Meeting with Candidate', ''),
(4989, 2, 302, 1530489600, 1530496800, 'Orientation', ''),
(4381, 2, 147, 1494235800, 1494239400, 'Meeting with CP', ''),
(6929, 2, 126, 1685113200, 1685120400, 'meeting', ''),
(4384, 1, 173, 1494327600, 1494333000, 'Meeting', ''),
(7691, 2, 302, 1731592800, 1731596400, 'Orientation', ''),
(4387, 1, 83, 1494336600, 1494342000, 'Meeting', ''),
(4973, 2, 66, 1529562600, 1529566200, 'Discussion', ''),
(4389, 1, 233, 1494603000, 1494608400, 'Meeting', ''),
(4972, 1, 10, 1529458200, 1529479800, 'Meeting', ''),
(4392, 1, 233, 1495467000, 1495472400, 'Meeting', ''),
(7693, 2, 302, 1731679200, 1731682800, 'Interview - For Cheok', ''),
(5257, 2, 255, 1552890600, 1552896000, 'Discussion', ''),
(4971, 1, 7, 1529910000, 1529913600, 'CTI Quality Meeting', ''),
(4397, 2, 147, 1495468800, 1495472400, 'Meeting', ''),
(4399, 1, 173, 1495623600, 1495627200, 'Meeting with Principal', ''),
(4970, 1, 7, 1529906400, 1529910000, 'CTI Quality Meeting', ''),
(4965, 1, 10, 1529386200, 1529395200, 'Meeting with Optikos (new principal)', ''),
(4403, 2, 66, 1496140200, 1496152800, 'Meeting', ''),
(4406, 1, 66, 1496674800, 1496685600, 'Aera Meeting', ''),
(7692, 2, 302, 1731664800, 1731668400, 'Interview - For Cheok', ''),
(5296, 1, 9, 1557455400, 1557459000, 'Meeting', ''),
(5560, 1, 65, 1574823600, 1574830800, 'Meeting', ''),
(4411, 2, 7, 1496325600, 1496336400, 'Meeting', ''),
(5297, 2, 10, 1557885600, 1557892800, 'Meeting with Derrick Tan (Buhler Spore)', ''),
(5294, 2, 40, 1557381600, 1557385200, 'Meeting', ''),
(4415, 2, 229, 1496671200, 1496674800, 'Conduct training', ''),
(6280, 1, 302, 1635228000, 1635231600, 'Interview - Darren & Jason', ''),
(6279, 2, 302, 1635145200, 1635148800, 'Interview - For Dennis', ''),
(4418, 1, 130, 1496833200, 1496836800, 'Meeting', ''),
(5295, 2, 123, 1557730800, 1557734400, 'Skype', ''),
(4868, 2, 7, 1522828800, 1522832400, 'CTI Meeting', ''),
(5255, 1, 83, 1552024800, 1552039200, 'SSS conference', ''),
(4426, 2, 147, 1497837600, 1497841200, 'Meeting', ''),
(7690, 1, 341, 1731511800, 1731515400, 'Customer meeting', ''),
(5586, 2, 302, 1580713200, 1580716800, 'Interview - For James/Roy', ''),
(4431, 1, 233, 1498014000, 1498019400, 'meeting Credit Suisse', ''),
(4432, 2, 9, 1497925800, 1497929400, 'Meeting', ''),
(6278, 2, 302, 1635314400, 1635318000, 'Audit - HR', ''),
(4437, 1, 233, 1498100400, 1498105800, 'Meeting', ''),
(4438, 2, 66, 1498111200, 1498114800, 'Discussion', ''),
(4441, 2, 197, 1498703400, 1498712400, 'Meeting', ''),
(6138, 2, 313, 1623722400, 1623726000, 'KLA Meeting', ''),
(4442, 1, 7, 1498611600, 1498615200, 'Meeting', ''),
(4443, 1, 7, 1498615200, 1498618800, 'Meeting', ''),
(4444, 1, 7, 1498618800, 1498622400, 'Meeting', ''),
(5403, 1, 137, 1564729200, 1564732800, 'Meeting with vendor', ''),
(4448, 2, 7, 1498780800, 1498784400, 'CTI Field Service Meeting', ''),
(4449, 2, 7, 1498784400, 1498788000, 'CTI Field Service Meeting', ''),
(4450, 2, 7, 1498788000, 1498791600, 'CTI Field Service Meeting', ''),
(4451, 2, 7, 1499043600, 1499047200, 'CTI Field Service Meeting', ''),
(4452, 2, 7, 1499047200, 1499050800, 'CTI Field Service Meeting', ''),
(4453, 2, 233, 1499324400, 1499331600, 'SAP Meeting - Access Controls', ''),
(4460, 2, 197, 1499133600, 1499144400, 'Meeting', ''),
(4462, 2, 7, 1499130000, 1499133600, 'Meeting', ''),
(4463, 2, 251, 1499320800, 1499324400, 'Meeting', ''),
(5559, 2, 302, 1572660000, 1572663600, 'Interview - For CP', ''),
(4472, 1, 65, 1500361200, 1500364800, 'Meeting', ''),
(6926, 2, 367, 1684850400, 1684854000, 'Interview - Dennis Li', ''),
(4964, 1, 10, 1529373600, 1529382600, 'Meeting with Google Glass & Opto Precision', ''),
(6925, 1, 173, 1684836000, 1684843200, 'ALMiG Principal Visit', ''),
(4487, 2, 102, 1501207200, 1501232400, 'Meeting', ''),
(4482, 2, 26, 1500861600, 1500865200, 'Meeting', ''),
(4484, 1, 10, 1500966000, 1500973200, 'Meeting', ''),
(5558, 1, 173, 1574731800, 1574744400, 'Meeting with Principal', ''),
(4486, 2, 102, 1501117200, 1501149600, 'Meeting', ''),
(5401, 2, 302, 1565163000, 1565168400, 'Meeting with SBF - Eady', ''),
(6137, 2, 137, 1623657600, 1623659400, 'Zoom Meeting', ''),
(6136, 1, 251, 1623830400, 1623835800, 'Meeting', ''),
(4955, 2, 302, 1528873200, 1528878600, 'Interview', ''),
(6924, 2, 367, 1684508400, 1684512000, 'meeting', ''),
(4953, 2, 302, 1528437600, 1528443000, 'Interview', ''),
(4952, 1, 10, 1528770600, 1528790400, 'Meeting with Veeco', ''),
(5585, 1, 251, 1578639600, 1578646800, 'Meeting', ''),
(4950, 2, 251, 1528246800, 1528250400, 'Meeting', ''),
(4949, 2, 302, 1528772400, 1528777800, 'Interview', ''),
(7689, 2, 313, 1731511800, 1731517200, 'iSTAR Principal for IME Bonder Project', ''),
(4544, 2, 7, 1504771200, 1504774800, 'Quality Meeting', ''),
(4504, 1, 83, 1502326800, 1502339400, 'Meeting', ''),
(6923, 1, 197, 1684494000, 1684497600, 'Shawn- Lifestyle', ''),
(4506, 2, 7, 1502416800, 1502420400, 'Brooks Meeting', ''),
(4507, 2, 7, 1502420400, 1502424000, 'Brooks Meeting', '');
INSERT INTO `roombook` (`bookid`, `roomid`, `staffid`, `kt`, `jt`, `sd`, `ld`) VALUES
(4508, 2, 7, 1502413200, 1502416800, 'CTI', ''),
(4509, 2, 7, 1502424000, 1502445600, 'Brooks Meeting', ''),
(4510, 1, 7, 1502672400, 1502704800, 'Meeting', ''),
(5593, 2, 66, 1580700600, 1580704200, 'service meeting', ''),
(4948, 2, 302, 1528686000, 1528691400, 'Interview', ''),
(5581, 1, 10, 1579485600, 1579510800, 'Meeting with TechnoForce', ''),
(5582, 2, 302, 1579230000, 1579233600, 'Interview - For Roy', ''),
(4517, 1, 83, 1502848800, 1502852400, 'Meeting', ''),
(4518, 1, 233, 1502938800, 1502944200, 'Meeting', ''),
(4520, 1, 251, 1503279000, 1503282600, 'Meeting', ''),
(4522, 1, 65, 1503468000, 1503475200, 'Meeting', ''),
(6467, 2, 313, 1650348000, 1650358800, 'Meeting with Aemulus', ''),
(4945, 1, 302, 1528071600, 1528077600, 'Orientation', ''),
(4944, 2, 126, 1527750000, 1527757200, 'Meeting', ''),
(5580, 1, 40, 1578376800, 1578391200, 'Meeting with Principal', ''),
(4531, 2, 173, 1505107800, 1505115000, 'Graco Meeting', ''),
(4532, 1, 255, 1505109600, 1505124000, 'Microfluidics Workshop', ''),
(5256, 1, 251, 1553760000, 1553765400, 'Meeting', ''),
(4535, 1, 251, 1504512000, 1504519200, 'Meeting', ''),
(4536, 2, 29, 1504143000, 1504146600, 'Meeting', ''),
(4537, 2, 29, 1504161000, 1504164600, 'Meeting', ''),
(4538, 1, 10, 1504148400, 1504153800, 'Meeting', ''),
(4539, 1, 233, 1506063600, 1506070800, 'PowerPoint Sharing', ''),
(4941, 1, 302, 1527663600, 1527667200, 'Interview', ''),
(4542, 1, 251, 1505980800, 1505988000, 'QA Mgt Meeting', ''),
(4940, 2, 251, 1527660000, 1527665400, 'Interview', ''),
(7768, 2, 302, 1736866800, 1736870400, 'Interview - For Dennis Li', ''),
(6466, 2, 313, 1650331800, 1650337200, 'KLA Meeting', ''),
(5579, 1, 231, 1578290400, 1578294000, 'CENTROTHERM DISCUSSION', ''),
(4649, 1, 83, 1509930000, 1509962400, 'Meeting with Principal (Brooks)', ''),
(4650, 1, 83, 1510016400, 1510029000, 'Meeting with Principal (Brooks)', ''),
(4651, 1, 83, 1510102800, 1510115400, 'Meeting with Principal (Brooks)', ''),
(5578, 1, 313, 1578441600, 1578457800, 'Hauman Training', ''),
(4654, 1, 7, 1510030800, 1510048800, 'Training', ''),
(4934, 1, 65, 1526958000, 1526963400, 'Meeting', ''),
(5557, 1, 233, 1574836200, 1574843400, '2020 Budget Meeting', ''),
(6501, 1, 66, 1652407200, 1652410800, 'Bizsafe meeting with consultant', ''),
(5329, 1, 10, 1560132000, 1560135600, 'VCO Internal Meeting', ''),
(5576, 1, 197, 1578295800, 1578303000, 'Meeting with Principal', ''),
(5575, 1, 173, 1577408400, 1577421000, 'Meeting', ''),
(5574, 1, 302, 1577674800, 1577678400, 'Interview - For CP', ''),
(5291, 2, 251, 1557734400, 1557738000, 'Meeting', ''),
(5253, 2, 302, 1552356000, 1552359600, 'Interview - For Eric', ''),
(4673, 1, 251, 1510801200, 1510804800, 'Meeting', ''),
(4682, 2, 66, 1511332200, 1511337600, 'Noah white Knight Meeting', ''),
(5290, 2, 255, 1556783100, 1556787600, 'Meeting', ''),
(5289, 1, 251, 1556769600, 1556771400, 'Meeting', ''),
(5402, 1, 137, 1564713000, 1564716600, 'Meeting with vendor', ''),
(4930, 1, 173, 1526536800, 1526540400, 'Principal Meeting', ''),
(4679, 1, 251, 1511942400, 1511949600, 'Meeting', ''),
(4691, 1, 233, 1512109800, 1512117000, '2018 Budget Meeting - VCO', ''),
(7767, 2, 182, 1736418000, 1736422200, 'Meeting with KJL Shanghai', ''),
(6277, 2, 302, 1634868000, 1634871600, 'Signing of LOA', ''),
(4688, 2, 7, 1511917200, 1511920800, 'CTI Service Meeting', ''),
(4689, 2, 7, 1511920800, 1511924400, 'CTI Service Meeting', ''),
(4690, 1, 233, 1511922600, 1511929800, '2018 Budget Meeting - BIB', ''),
(4692, 1, 233, 1512009000, 1512016200, '2018 Budget Meeting - SSS', ''),
(6500, 2, 302, 1652756400, 1652760000, 'Interview - For James', ''),
(4697, 1, 255, 1512356400, 1512360000, 'Meeting with Binder', ''),
(4698, 1, 255, 1512360000, 1512363600, 'Meeting with Binder', ''),
(4703, 1, 251, 1512552600, 1512556200, 'Meeting', ''),
(4705, 1, 251, 1512957600, 1512961200, 'Meeting', ''),
(5252, 1, 10, 1552010400, 1552017600, 'Internal VCO Meeting', ''),
(4708, 1, 251, 1513299600, 1513300500, 'Meeting', ''),
(4709, 1, 251, 1513303200, 1513308600, 'Meeting', ''),
(6922, 2, 313, 1684490400, 1684497600, 'System General Monthly Sales Meeting', ''),
(4711, 1, 251, 1513825200, 1513828800, 'Meeting', ''),
(4712, 1, 251, 1513836000, 1513839600, 'Meeting', ''),
(7766, 1, 316, 1736344800, 1736353800, 'Meeting with Graco, Mr Mark', ''),
(4714, 2, 66, 1514359800, 1514363400, 'Meeting', ''),
(4715, 1, 182, 1514943000, 1514966400, 'Training to APP-ID Staff', ''),
(4925, 1, 302, 1526256000, 1526265000, 'Intern Orientation', ''),
(6465, 1, 10, 1650592800, 1650619800, 'Meeting with Buhler SCI Component (Scott Grubb)', ''),
(4719, 2, 147, 1514948400, 1514955600, 'Meeting', ''),
(4720, 2, 10, 1515034800, 1515038400, 'VCO Sales Meeting (Darren)', ''),
(6921, 1, 348, 1684335600, 1684341000, 'Meeting with Solberg', ''),
(4725, 1, 10, 1515391200, 1515400200, 'Conference Call with Solvay', ''),
(4726, 1, 83, 1515135600, 1515139200, 'Meeting', ''),
(5571, 1, 10, 1576479600, 1576490400, 'Meeting with Muegge (Germany)', ''),
(4729, 2, 102, 1515477600, 1515484800, 'Meeting', ''),
(4730, 1, 251, 1515744000, 1515747600, 'Meeting', ''),
(5556, 1, 233, 1574749800, 1574757000, '2020 Budget Meeting', ''),
(6920, 1, 351, 1684418400, 1684422000, 'Logistic Meeting', ''),
(5570, 2, 313, 1575874800, 1575882000, 'PCP Program', ''),
(5569, 2, 302, 1546389000, 1546396200, 'Orientation', ''),
(4922, 2, 251, 1525932000, 1525935600, 'Interview', ''),
(4921, 2, 302, 1525917600, 1525921200, 'Interview', ''),
(4741, 1, 251, 1515657600, 1515661200, 'Meeting', ''),
(7688, 2, 313, 1731492000, 1731499200, 'Meeting with Optikos Principal Andy', ''),
(4752, 1, 40, 1516068000, 1516071600, 'MGMR MFC Training', ''),
(4749, 1, 83, 1516669200, 1516701600, 'Meeting with Principal (MKS)', ''),
(4750, 1, 83, 1516755600, 1516788000, 'Meeting with Principal (MKS)', ''),
(4751, 1, 83, 1516842000, 1516874400, 'Meeting with Principal (MKS)', ''),
(4753, 1, 40, 1516071600, 1516075200, 'MGMR MFC Training', ''),
(4754, 1, 233, 1516935600, 1516941000, '2018 Expenditure Budget Meeting', ''),
(4755, 1, 233, 1516950000, 1516955400, '2018 Expenditure Budget Meeting', ''),
(4756, 1, 40, 1516327200, 1516330800, 'Meeting', ''),
(6499, 2, 313, 1652160600, 1652166000, 'KLA Meeting', ''),
(4758, 2, 9, 1516604400, 1516608000, 'Meeting', ''),
(4759, 1, 65, 1517378400, 1517392800, 'Meeting', ''),
(4760, 1, 65, 1516608000, 1516611600, 'Meeting', ''),
(4917, 2, 302, 1525226400, 1525230000, 'Interview', ''),
(4915, 2, 302, 1524794400, 1524798000, 'Signing of LOE', ''),
(4766, 1, 201, 1517281200, 1517286600, 'Expenditure Budget Meeting', ''),
(4914, 1, 7, 1524708000, 1524729600, 'Brooks', ''),
(7687, 2, 313, 1731407400, 1731412800, 'KLA Bi-weekly Sales Meeting', ''),
(6464, 1, 10, 1650420000, 1650447000, 'Meeting with Buhler SCI Component (Scott Grubb)', ''),
(5287, 1, 251, 1559286000, 1559296800, 'Meeting', ''),
(4777, 1, 123, 1518049800, 1518053400, 'Conference Call', ''),
(5555, 2, 302, 1574994600, 1574998200, 'Interview - For CP/Darren', ''),
(5249, 2, 126, 1551769200, 1551772800, 'Lifestyle Meeting', ''),
(4909, 2, 302, 1524558600, 1524560400, 'Exit Interview', ''),
(4828, 2, 251, 1520316000, 1520319600, 'Meeting', ''),
(4830, 1, 102, 1520391600, 1520398800, 'Meeting', ''),
(5554, 1, 10, 1574645400, 1574676000, 'Meeting with SCI (USA)', ''),
(5247, 2, 302, 1551139200, 1551146400, 'Orientation', ''),
(7686, 1, 65, 1731333600, 1731340800, 'BM meeting', ''),
(4904, 2, 302, 1524448800, 1524452400, 'Interview', ''),
(4842, 1, 65, 1521081000, 1521088200, 'Meeting', ''),
(4840, 2, 66, 1520924400, 1520929800, 'Service Meeting', ''),
(6462, 1, 251, 1649901600, 1649908800, 'Meeting', ''),
(4843, 1, 147, 1521100800, 1521108000, 'Principal Meeting', ''),
(6508, 1, 302, 1653033600, 1653037200, 'Meeting', ''),
(5285, 1, 302, 1556848800, 1556852400, 'Interview - For CP/Darren', ''),
(5286, 1, 302, 1556866800, 1556870400, 'Interview - For CP/Darren', ''),
(6916, 2, 313, 1684317600, 1684324800, 'System General Monthly Sales Meeting', ''),
(7685, 2, 83, 1731060000, 1731067200, 'Meeting with AE', ''),
(4851, 1, 233, 1522044000, 1522047600, 'Interview vie Skype', ''),
(7684, 2, 302, 1731337200, 1731340800, 'New Hire Orientation', ''),
(4853, 2, 175, 1521770400, 1521777600, 'Meeting', ''),
(4854, 1, 233, 1522054800, 1522056600, 'Interview vie Skype', ''),
(7683, 1, 302, 1730988000, 1730991600, 'For Raymond', ''),
(5568, 2, 302, 1576456200, 1576463400, 'Orientation', ''),
(4859, 1, 233, 1522288800, 1522292400, 'Interview vie Skype', ''),
(4860, 1, 233, 1522720800, 1522724400, 'Interview vie Skype', ''),
(6915, 2, 313, 1684233000, 1684238400, 'KLA Sales Meeting', ''),
(4862, 1, 7, 1522656000, 1522659600, 'CTI Meeting', ''),
(4863, 1, 7, 1522659600, 1522663200, 'CTI Meeting', ''),
(7682, 1, 379, 1731492000, 1731495600, 'Polycold montly service meeting', ''),
(4874, 1, 7, 1523851200, 1523854800, 'BROOKS AUTOMATION', ''),
(4875, 1, 7, 1523854800, 1523858400, 'BROOKS AUTOMATION', ''),
(4876, 1, 7, 1523858400, 1523862000, 'Brook', ''),
(4877, 1, 7, 1523862000, 1523865600, 'BROOKS AUTOMATION', ''),
(4878, 1, 7, 1523865600, 1523869200, 'BROOKS AUTOMATION', ''),
(4879, 1, 7, 1523926800, 1523930400, 'BROOKS AUTOMATION', ''),
(4880, 1, 7, 1523930400, 1523934000, 'BROOKS AUTOMATION', ''),
(4881, 1, 7, 1523934000, 1523937600, 'BROOKS AUTOMATION', ''),
(4882, 1, 7, 1523937600, 1523941200, 'BROOKS AUTOMATION', ''),
(4883, 1, 7, 1523941200, 1523944800, 'BROOKS AUTOMATION', ''),
(4884, 1, 7, 1523944800, 1523948400, 'BROOKS AUTOMATION', ''),
(4885, 1, 7, 1523948400, 1523952000, 'BROOKS AUTOMATION', ''),
(4886, 1, 7, 1523952000, 1523955600, 'BROOKS AUTOMATION', ''),
(4887, 1, 7, 1524013200, 1524016800, 'BROOKS AUTOMATION', ''),
(4888, 1, 7, 1524016800, 1524020400, 'BROOKS AUTOMATION', ''),
(4889, 1, 7, 1524020400, 1524024000, 'BROOKS AUTOMATION', ''),
(4890, 1, 7, 1524024000, 1524027600, 'BROOKS AUTOMATION', ''),
(4891, 1, 7, 1524027600, 1524031200, 'BROOKS AUTOMATION', ''),
(4892, 1, 7, 1524031200, 1524034800, 'BROOKS AUTOMATION', ''),
(4893, 1, 7, 1524034800, 1524038400, 'BROOKS AUTOMATION', ''),
(4894, 1, 7, 1524038400, 1524042000, 'BROOKS AUTOMATION', ''),
(4896, 1, 251, 1523260800, 1523264400, 'Meeting', ''),
(7681, 2, 302, 1732201200, 1732204800, 'Audit', ''),
(4899, 1, 251, 1523412000, 1523415600, 'Interview', ''),
(5430, 1, 10, 1567387800, 1567398600, 'Meeting with Marco Bachmann (BLOA)', ''),
(5567, 2, 302, 1576566000, 1576569600, 'Interview - For CP', ''),
(5432, 2, 175, 1567580400, 1567587600, 'Discussion', ''),
(5433, 1, 83, 1567648800, 1567656000, 'meeting', ''),
(5434, 2, 65, 1568008800, 1568012400, 'Meeting', ''),
(5435, 2, 302, 1568269800, 1568273400, 'Interview - For James', ''),
(5437, 1, 255, 1568597400, 1568617200, 'Training', ''),
(5438, 1, 251, 1570003200, 1570010400, 'Meeting', ''),
(5439, 1, 83, 1569373200, 1569376800, '12', ''),
(5440, 1, 66, 1568788200, 1568791800, 'Meeting with BizSafe Consultant', ''),
(5441, 1, 65, 1568705400, 1568714400, 'Meeting', ''),
(6460, 2, 313, 1649725200, 1649737800, 'KLA Meeting', ''),
(5566, 2, 302, 1576465200, 1576468800, 'Interview - For CP', ''),
(5444, 2, 302, 1569204000, 1569207600, 'Interview - For Thiva', ''),
(5445, 2, 302, 1568948400, 1568952000, 'Interview - For Thiva', ''),
(5446, 2, 302, 1568959200, 1568962800, 'Interview - For Thiva', ''),
(5447, 1, 255, 1568944800, 1568952000, 'Meeting', ''),
(5452, 1, 102, 1568959200, 1568966400, 'Meeting', ''),
(5453, 2, 102, 1569376800, 1569384000, 'Discussion', ''),
(5455, 1, 316, 1569304800, 1569308400, 'TOA meeting', ''),
(5456, 1, 7, 1569459600, 1569463200, 'BizSafe Meeting', ''),
(5457, 1, 7, 1569463200, 1569466800, 'BizSafe Meeting', ''),
(5458, 1, 7, 1569466800, 1569470400, 'BizSafe Meeting', ''),
(5459, 2, 302, 1569808800, 1569812400, 'Interview - For Kian', ''),
(6459, 1, 21, 1649662200, 1649665800, 'Meeting', ''),
(5461, 2, 302, 1569812400, 1569816000, 'Interview - For Kian', ''),
(5462, 2, 302, 1569567600, 1569571200, 'Interview - For Thiva', ''),
(5463, 1, 7, 1569564000, 1569567600, 'BizSafe 2019 Briefing', ''),
(5464, 1, 7, 1569567600, 1569571200, 'BizSafe 2019 Briefing', ''),
(5468, 1, 147, 1570068000, 1570075200, 'Meeting', ''),
(5466, 1, 7, 1569996000, 1569999600, 'BizSafe 2019 Briefing', ''),
(5467, 1, 7, 1569999600, 1570003200, 'BizSafe 2019 Briefing', ''),
(5469, 1, 147, 1569895200, 1569902400, 'Meeting', ''),
(5470, 1, 197, 1569983400, 1569988800, 'Meeting', ''),
(5472, 2, 123, 1569893400, 1569898800, 'Meeting', ''),
(5473, 1, 316, 1570075200, 1570078800, 'meeting', ''),
(5474, 1, 316, 1570082400, 1570086000, 'meeting', ''),
(5475, 2, 302, 1570068000, 1570071600, 'Interview - For Thiva', ''),
(5476, 2, 302, 1570154400, 1570158000, 'Interview - For James', ''),
(5477, 2, 302, 1570413600, 1570417200, 'Interview - For James', ''),
(5478, 1, 66, 1570415400, 1570417200, 'Bizsafe briefing', ''),
(5479, 1, 66, 1570417200, 1570419000, 'Bizsafe briefing', ''),
(5480, 2, 231, 1570417200, 1570420800, 'Meeting', ''),
(5482, 1, 102, 1570500000, 1570507200, 'Foamtec Meeting', ''),
(5483, 1, 102, 1570586400, 1570597200, 'Foamtec Meeting', ''),
(5553, 2, 302, 1574924400, 1574928000, 'Interview - For Darren', ''),
(5486, 2, 302, 1570672800, 1570676400, 'Interview - For Thiva', ''),
(5487, 1, 316, 1570582800, 1570586400, 'meeting with contractor', ''),
(5490, 2, 302, 1571018400, 1571022000, 'Interview - For Kian', ''),
(5489, 1, 251, 1571040000, 1571043600, 'Meeting', ''),
(5491, 2, 302, 1571022000, 1571025600, 'Interview - For Kian', ''),
(5492, 1, 302, 1571103000, 1571106600, 'Interview', ''),
(5493, 2, 302, 1571103000, 1571108400, 'Interview', ''),
(5494, 1, 7, 1571274000, 1571277600, 'CTI Training', ''),
(5495, 1, 7, 1571277600, 1571281200, 'CTI Training', ''),
(5496, 1, 7, 1571281200, 1571284800, 'CTI Training', ''),
(5497, 1, 7, 1571292000, 1571295600, 'CTI Training', ''),
(5498, 1, 7, 1571295600, 1571299200, 'CTI Training', ''),
(5499, 1, 7, 1571299200, 1571302800, 'CTI Training', ''),
(5500, 1, 102, 1571205600, 1571212800, 'Meeting', ''),
(5501, 2, 66, 1571211000, 1571212800, 'Lifestyle meeting', ''),
(5502, 2, 66, 1571212800, 1571216400, 'Lifestyle meeting', ''),
(5503, 2, 251, 1571299200, 1571304600, 'Meeting', ''),
(5552, 2, 302, 1574388000, 1574391600, 'Interview - For Ronald', ''),
(5506, 2, 7, 1571364000, 1571367600, 'CTI Training', ''),
(5507, 2, 7, 1571367600, 1571371200, 'CTI Training', ''),
(5508, 2, 7, 1571374800, 1571378400, 'CTI Training', ''),
(5509, 2, 7, 1571371200, 1571374800, 'CTI Training', ''),
(5510, 1, 65, 1571360400, 1571392800, 'Meeting', ''),
(5514, 1, 313, 1571805000, 1571825100, 'KLA Meeting', ''),
(6458, 2, 341, 1649642400, 1649646000, 'Discussion', ''),
(5515, 2, 313, 1571792400, 1571805000, 'Excelitas Meeting', ''),
(7680, 1, 379, 1731573000, 1731576600, 'Edwards conference call meeting', ''),
(5520, 1, 251, 1571990400, 1571997600, 'Meeting', ''),
(5565, 1, 251, 1575603000, 1575606600, 'Meeting', ''),
(5522, 1, 251, 1573110000, 1573117200, 'Meeting', ''),
(5523, 1, 313, 1571961600, 1571977800, 'KLA Conference Meeting', ''),
(5524, 2, 302, 1572222600, 1572229800, 'Orientation', ''),
(5551, 2, 302, 1575018000, 1575021600, 'Interview - For Darren', ''),
(5530, 1, 7, 1573606800, 1573610400, 'Edwards Meeting', ''),
(5531, 1, 7, 1573610400, 1573614000, 'Edwards Meeting', ''),
(5532, 1, 7, 1573614000, 1573617600, 'Edwards Meeting', ''),
(5533, 1, 7, 1573617600, 1573621200, 'Edwards Meeting', ''),
(5600, 2, 65, 1581922800, 1581930000, 'Meeting', ''),
(5545, 2, 302, 1573723800, 1573725600, 'Interview - For Kian', ''),
(5537, 1, 313, 1573516800, 1573553100, 'Hauman Meeting', ''),
(5538, 1, 313, 1574294400, 1574314200, 'GPM Meeting', ''),
(6355, 1, 7, 1642550400, 1642554000, 'Micron Vendor Safety Training using Skype', ''),
(5540, 1, 65, 1573434000, 1573448400, 'Meeting with Principal, KRI', ''),
(5660, 2, 313, 1595496600, 1595500200, 'KLA Meeting', ''),
(5543, 2, 302, 1574042400, 1574046000, 'Interview - For Ronald', ''),
(5544, 2, 302, 1573783200, 1573786800, 'Interview - For Darren', ''),
(5548, 1, 313, 1574226000, 1574244300, 'GPM Meeting', ''),
(5549, 2, 302, 1574906400, 1574910000, 'Interview - For Darren', ''),
(5550, 2, 251, 1574229600, 1574235000, 'Meeting', ''),
(5610, 2, 313, 1585706400, 1585713600, 'AMS-Hauman Meeting', ''),
(7679, 1, 379, 1730799000, 1730802600, 'Polycold service weekly meeting', ''),
(5612, 2, 251, 1585792800, 1585796400, 'Meeting', ''),
(5613, 1, 83, 1585893600, 1585897200, 'AERA meeting', ''),
(5616, 2, 313, 1586134800, 1586142000, 'KLA Meeting', ''),
(5615, 2, 175, 1585810800, 1585818000, 'Discussion', ''),
(5618, 1, 251, 1591322400, 1591324200, 'Meeting', ''),
(5619, 2, 313, 1591344000, 1591351200, 'IME & SETNA Skype Meeting', ''),
(5620, 2, 313, 1591673400, 1591680600, 'KLA Conference Meeting', ''),
(5621, 2, 302, 1591758000, 1591761600, 'Audit', ''),
(5622, 2, 40, 1591840800, 1591844400, 'Meeting', ''),
(5623, 2, 313, 1591846200, 1591851600, 'KLA Meeting', ''),
(5624, 2, 302, 1592301600, 1592305200, 'Interview - For Ronald', ''),
(5625, 2, 302, 1592272800, 1592276400, 'Interview - For Ronald', ''),
(5626, 2, 175, 1592200800, 1592208000, 'meeting', ''),
(5627, 2, 302, 1592449200, 1592452800, 'Interview - For CP', ''),
(5628, 2, 302, 1592550000, 1592553600, 'Interview - For Kian', ''),
(6455, 1, 83, 1649815200, 1649822400, 'Meeting', ''),
(6456, 2, 313, 1649311200, 1649318400, 'Meeting with Aemulus', ''),
(5633, 1, 251, 1592881200, 1592884800, 'Meeting', ''),
(5634, 1, 9, 1593054000, 1593059400, 'Meeting', ''),
(5635, 2, 313, 1593068400, 1593072000, 'SET Concall', ''),
(7765, 1, 379, 1736503200, 1736506800, 'Polycold monthly meeting', ''),
(5639, 2, 302, 1593655200, 1593658800, 'Interview - For James', ''),
(5638, 2, 302, 1593586800, 1593590400, 'Sutjipto', ''),
(5640, 2, 302, 1593660600, 1593664200, 'Interview - For James', ''),
(7657, 2, 313, 1729528200, 1729533600, 'Meeting with Delta India and SG principal', ''),
(5642, 2, 302, 1593741600, 1593745200, 'Interview - For Nan Lee', ''),
(5643, 2, 302, 1593759600, 1593763200, 'Interview - For Nan Lee', ''),
(5644, 2, 255, 1593669600, 1593678600, 'Fluigent Meeting', ''),
(5645, 2, 307, 1594018800, 1594026000, 'Meeting', ''),
(5646, 2, 302, 1594087200, 1594090800, 'Kelly', ''),
(5647, 1, 126, 1594173600, 1594177200, 'Meeting', ''),
(5649, 1, 126, 1594711800, 1594720800, 'Zoom Meeting', ''),
(5650, 1, 126, 1594261800, 1594269000, 'Zoom Meeting', ''),
(5653, 2, 313, 1594260000, 1594263600, 'KLA Webinar', ''),
(6454, 1, 66, 1649314800, 1649318400, 'Meeting', ''),
(5654, 1, 137, 1595379600, 1595408400, 'Regional Sales Zoom Meeting', ''),
(5655, 1, 137, 1595466000, 1595491200, 'Regional Sales Zoom Meeting', ''),
(5656, 2, 102, 1594695600, 1594706400, 'Solvay Meeting', ''),
(5657, 2, 313, 1594792800, 1594800000, 'Hauman Meeting', ''),
(5658, 2, 302, 1595383200, 1595386800, 'Interview - For Nan Lee', ''),
(5659, 2, 313, 1595296800, 1595300400, 'KLA sales meeting', ''),
(5713, 2, 302, 1598407200, 1598410800, 'Interview - For Cheok', ''),
(5716, 2, 313, 1598320800, 1598324400, 'KLA Meeting', ''),
(6452, 2, 123, 1649214000, 1649217600, 'Meeting', ''),
(5717, 2, 313, 1598335200, 1598338800, 'KLA Meeting', ''),
(5718, 1, 302, 1598407200, 1598410800, 'Signing of LOA', ''),
(5721, 2, 302, 1598839200, 1598842800, 'Interview - For Cheok', ''),
(5722, 2, 302, 1598853600, 1598857200, 'Interview - For Cheok', ''),
(5723, 2, 313, 1598497200, 1598500800, 'KLA Meeting', ''),
(5724, 2, 313, 1598515200, 1598522400, 'Skyworks- KLA Meeting', ''),
(5725, 2, 302, 1598842800, 1598846400, 'Interview - For Thiva', ''),
(7658, 1, 341, 1729868400, 1729875600, 'Customer Meeting', ''),
(5727, 2, 302, 1599534000, 1599537600, 'Interview - For Cheok', ''),
(5728, 2, 313, 1599030000, 1599037200, 'Fluidigm-KLA Meeting', ''),
(5729, 1, 255, 1599015600, 1599019200, 'Meeting', ''),
(5731, 2, 302, 1599638400, 1599642000, 'Signing of LOA', ''),
(5732, 2, 313, 1599701400, 1599706800, 'KLA Meeting', ''),
(5733, 2, 313, 1599724800, 1599732000, 'KITEC-KLA Meeting', ''),
(5734, 2, 302, 1600646400, 1600682400, 'Training - HR', ''),
(5735, 2, 302, 1600732800, 1600768800, 'Training - HR', ''),
(5736, 2, 302, 1600239600, 1600243200, 'Interview - For Thiva', ''),
(5737, 1, 83, 1600326000, 1600333200, 'Internal Meeting', ''),
(5743, 1, 40, 1600736400, 1600747200, 'Training', ''),
(5739, 1, 302, 1600754400, 1600758000, 'Interview - For Cheok', ''),
(5740, 2, 302, 1600412400, 1600416000, 'Interview - For Thiva', ''),
(5741, 1, 102, 1600390800, 1600401600, 'Foamtec conference', ''),
(6453, 1, 66, 1649228400, 1649232000, 'Meeting', ''),
(5744, 1, 313, 1600666200, 1600671600, 'IME Meeting', ''),
(5745, 2, 302, 1600912800, 1600916400, 'Interview - For Cheok', ''),
(5746, 2, 302, 1600927200, 1600930800, 'Interview - For Cheok', ''),
(5747, 1, 302, 1600930800, 1600934400, 'Interview - For BC', ''),
(5748, 2, 302, 1601517600, 1601521200, 'Interview - For Cheok', ''),
(5749, 2, 302, 1601539200, 1601542800, 'Interview - For Cheok', ''),
(5750, 2, 313, 1601456400, 1601460000, 'Meeting with AquaLab', ''),
(5751, 2, 302, 1601604000, 1601607600, 'Interview - For Cheok', ''),
(5752, 2, 302, 1601856000, 1601865000, 'Orientation', ''),
(5753, 1, 40, 1601512200, 1601524800, 'Meeting', ''),
(5755, 1, 7, 1601856000, 1601859600, 'Micron Vendor Safety Training using Skype', ''),
(5756, 1, 7, 1601859600, 1601863200, 'Micron Vendor Safety Training using Skype', ''),
(5757, 1, 7, 1601863200, 1601866800, 'Micron Vendor Safety Training using Skype', ''),
(5758, 1, 7, 1601866800, 1601870400, 'Micron Vendor Safety Training using Skype', ''),
(5759, 2, 302, 1601949600, 1601953200, 'Interview - For Cheok', ''),
(5760, 2, 302, 1601953200, 1601956800, 'Interview - For Cheok', ''),
(5761, 2, 302, 1602136800, 1602140400, 'Interview - For Cheok', ''),
(5765, 1, 7, 1603090800, 1603094400, 'CTI Training', ''),
(5764, 1, 7, 1603087200, 1603090800, 'CTI Training', ''),
(5766, 1, 7, 1603173600, 1603177200, 'CTI Training', ''),
(5767, 1, 7, 1603177200, 1603180800, 'CTI Training', ''),
(5768, 1, 7, 1603180800, 1603184400, 'CTI Training', ''),
(5769, 1, 7, 1603260000, 1603263600, 'CTI Training', ''),
(5770, 1, 7, 1603263600, 1603267200, 'CTI Training', ''),
(5771, 1, 7, 1603267200, 1603270800, 'CTI Training', ''),
(5772, 1, 233, 1602138600, 1602145800, 'Meeting IBF', ''),
(6276, 1, 313, 1634281200, 1634288400, 'Meeting with ONSemi', ''),
(5774, 1, 302, 1601971200, 1601974800, 'Interview - For Cheok', ''),
(5775, 1, 302, 1601967600, 1601971200, 'Interview - For Cheok', ''),
(5776, 1, 302, 1601964000, 1601967600, 'Interview - For Cheok', ''),
(5777, 2, 302, 1602037800, 1602041400, 'Interview - For Thiva', ''),
(5783, 2, 302, 1602491400, 1602496800, 'Interview - For Thiva', ''),
(5779, 2, 83, 1602124200, 1602127800, 'Meeting', ''),
(5780, 2, 302, 1602468000, 1602471600, 'Interview - For BC', ''),
(5781, 2, 302, 1603065600, 1603074600, 'Orientation', ''),
(5782, 2, 302, 1602486000, 1602489600, 'Interview - For Thiva', ''),
(5784, 2, 302, 1602640800, 1602644400, 'Interview - For Thiva', ''),
(5785, 1, 313, 1602486000, 1602493200, 'Skyworks Meeting', ''),
(5786, 1, 302, 1603072800, 1603076400, 'Interview - For Cheok', ''),
(5787, 2, 302, 1603245600, 1603249200, 'Interview - For Cheok', ''),
(5788, 2, 302, 1602727200, 1602730800, 'Interview - For Cheok', ''),
(5789, 1, 7, 1603249200, 1603252800, 'BizSafe 2019 Briefing', ''),
(5791, 1, 7, 1603076400, 1603080000, 'CTI Training', ''),
(5792, 1, 7, 1603159200, 1603162800, 'CTI Training', ''),
(5794, 1, 7, 1603162800, 1603166400, 'CTI Training', ''),
(6449, 2, 307, 1648607400, 1648611000, 'Meeting', ''),
(5796, 2, 313, 1602745200, 1602748800, 'KLA Meeting', ''),
(5797, 2, 302, 1603076400, 1603080000, 'Interview - For Thiva', ''),
(5799, 2, 313, 1603090800, 1603094400, 'KLA Meeting', ''),
(5800, 2, 313, 1603094400, 1603101600, 'KITEC-Skyworks Meeting', ''),
(5801, 2, 65, 1603177200, 1603180800, 'Meeting', ''),
(6448, 2, 231, 1648533600, 1648540800, 'APP Indonesia Zoom Product Training', ''),
(5803, 2, 102, 1603335600, 1603341000, 'Meeting', ''),
(5805, 2, 302, 1603868400, 1603872000, 'Interview - For Stanley', ''),
(5806, 1, 83, 1603693800, 1603699200, 'SSB conference', ''),
(5807, 2, 255, 1603695600, 1603699200, 'Meeting', ''),
(5808, 1, 313, 1603677600, 1603684800, 'KLA Forecast Meeting', ''),
(5809, 2, 255, 1603785600, 1603789200, 'Bertin Meeting', ''),
(5810, 2, 302, 1603958400, 1603962000, 'Exit Interview', ''),
(5811, 2, 302, 1604455200, 1604458800, 'Interview - For Stanley', ''),
(5813, 1, 302, 1603954800, 1603958400, 'Interview - For Stanley', ''),
(5814, 1, 231, 1604282400, 1604289600, 'MICRON OB400 PUMP DISCUSSION', ''),
(5815, 2, 313, 1604296800, 1604304000, 'Hauman Meeting', ''),
(5817, 2, 302, 1604628000, 1604631600, 'Interview - For Stanley', ''),
(5818, 2, 302, 1604887200, 1604890800, 'Interview - For Stanley', ''),
(5819, 2, 302, 1604905200, 1604908800, 'Interview - For Stanley', ''),
(5820, 2, 302, 1604973600, 1604977200, 'Interview - For Stanley', ''),
(5821, 2, 302, 1604991600, 1604995200, 'Interview - For Stanley', ''),
(5822, 1, 83, 1604557800, 1604563200, 'Discussion', ''),
(6447, 2, 302, 1648521000, 1648524600, 'Interview - For James', ''),
(5824, 1, 251, 1604988000, 1604993400, 'Interview', ''),
(5825, 2, 302, 1605582000, 1605585600, 'Interview - For CP/Darren', ''),
(5826, 2, 313, 1605160800, 1605164400, 'KLA Meeting', ''),
(5828, 1, 302, 1605596400, 1605600000, 'Interview - For CP/Darren', ''),
(5829, 1, 302, 1605747600, 1605751200, 'Interview - For CP/Darren', ''),
(5830, 1, 102, 1605232800, 1605240000, 'Meeting', ''),
(5831, 2, 302, 1605682800, 1605686400, 'Interview - For Cheok', ''),
(7655, 1, 251, 1731402000, 1731434400, 'Training', ''),
(5833, 2, 313, 1605495600, 1605499200, 'Hauman Meeting', ''),
(5834, 2, 102, 1605510000, 1605513600, 'Meeting', ''),
(5835, 1, 233, 1606355100, 1606381200, '2021 Budget Meeting', ''),
(6450, 2, 302, 1649041200, 1649044800, 'Interview - For Stanley', ''),
(5837, 2, 302, 1606201200, 1606204800, 'Interview - For Cheok', ''),
(5838, 1, 102, 1605765600, 1605772800, 'Solvay Meeting', ''),
(5839, 2, 40, 1605769200, 1605776400, 'Zoom Meeting', ''),
(5840, 2, 313, 1605862800, 1605866400, 'KLA-KITEC Meeting', ''),
(5867, 1, 313, 1607565600, 1607572800, 'KLA Training', ''),
(5844, 2, 313, 1606273200, 1606276800, 'Hauman Meeting', ''),
(5845, 2, 313, 1606287600, 1606291200, 'Skyworks Meeting', ''),
(5846, 1, 233, 1606804200, 1606813200, '2021 Budget Meeting', ''),
(6918, 1, 233, 1685358000, 1685361600, 'BSO Discussion', ''),
(6913, 2, 302, 1684407600, 1684411200, 'Interview - For Roy', ''),
(6912, 2, 313, 1684150200, 1684153800, 'Meeting with Reliance India', ''),
(6911, 2, 33, 1683802800, 1683806400, 'meeting', ''),
(6910, 1, 302, 1685116800, 1685120400, 'Interview - For Roy', ''),
(5854, 2, 302, 1606899600, 1606903200, 'Signing of LOA', ''),
(5855, 2, 313, 1606788000, 1606791600, 'KLA Meeting', ''),
(5856, 1, 231, 1606788000, 1606791600, 'CENTROTHERM DISCUSSION', ''),
(5857, 1, 231, 1606791600, 1606795200, 'CENTROTHERM DISCUSSION', ''),
(5858, 2, 313, 1606874400, 1606878000, 'Hauman Meeting', ''),
(5859, 1, 313, 1606890600, 1606896000, 'Denselight Meeting', ''),
(5860, 2, 313, 1606960800, 1606964400, 'Hauman Meeting', ''),
(5861, 2, 313, 1606977000, 1606982400, 'Denselight Meeting', ''),
(5862, 2, 302, 1607565600, 1607569200, 'Interview - For Thiva', ''),
(5863, 1, 9, 1607310000, 1607315400, 'Meeting', ''),
(6353, 1, 233, 1641349800, 1641355200, 'Discussion', ''),
(5865, 1, 7, 1607414400, 1607418000, 'Meeting', ''),
(5866, 2, 302, 1607569200, 1607572800, 'Interview - For Thiva', ''),
(6352, 1, 102, 1641366000, 1641373200, 'APPM Meeting', ''),
(5869, 2, 302, 1608274800, 1608278400, 'Interview - For Thiva', ''),
(5870, 2, 302, 1608602400, 1608606000, 'Interview - For Thiva', ''),
(5871, 2, 302, 1608620400, 1608624000, 'Interview - For Thiva', ''),
(6804, 2, 302, 1675648800, 1675652400, 'Interview - For Ronald', ''),
(5873, 2, 7, 1609912800, 1609916400, 'ISO Meeting for Service', ''),
(5874, 2, 231, 1609898400, 1609902000, 'MICRON RF GEN OVERTEMP DISCUSSION', ''),
(5875, 1, 302, 1609912800, 1609916400, 'Interview - For Thiva', ''),
(5876, 1, 251, 1610002800, 1610008200, 'Meeting', ''),
(5877, 2, 313, 1609999200, 1610006400, 'NUS Meeting', ''),
(5878, 2, 302, 1610330400, 1610334000, 'Interview - For Cheok', ''),
(7654, 1, 251, 1730883600, 1730916000, 'Trainiing', ''),
(7653, 1, 233, 1729249200, 1729252800, 'John', ''),
(7652, 2, 313, 1729072800, 1729076400, 'Meeting with KLA Japan for Skyworks Tool Relocation', ''),
(6444, 2, 302, 1648450800, 1648454400, 'Interview - For Cheok', ''),
(7651, 2, 147, 1729245600, 1729249200, 'Meeting', ''),
(5886, 1, 233, 1610348400, 1610355600, 'Meeting', ''),
(6909, 2, 302, 1685095200, 1685098800, 'Interview - For Roy', ''),
(6443, 1, 302, 1648173600, 1648177200, 'Interview - For Stanley', ''),
(6908, 2, 302, 1685109600, 1685113200, 'Interview - For Roy', ''),
(5890, 1, 302, 1610411400, 1610416800, 'Orientation', ''),
(5891, 1, 302, 1610607600, 1610611200, 'Interview - For Roy/Morris', ''),
(5894, 1, 9, 1610596800, 1610600400, 'Meeting', ''),
(5898, 2, 102, 1610951400, 1610956800, 'Meeting', ''),
(5896, 2, 302, 1611280800, 1611284400, 'Interview - For Dennis', ''),
(5897, 1, 313, 1610611200, 1610614800, 'KITEC Meeting', ''),
(5899, 2, 302, 1611108000, 1611111600, 'Interview - For Dennis', ''),
(5900, 1, 65, 1611023400, 1611028800, 'Meeting', ''),
(5902, 1, 302, 1611108000, 1611111600, 'Interview - For Cheok', ''),
(5903, 2, 302, 1611540000, 1611543600, 'Interview - For Cheok', ''),
(5904, 2, 302, 1611126000, 1611129600, 'Interview - For Cheok', ''),
(6497, 2, 302, 1652056200, 1652061600, 'Orientation', ''),
(7650, 1, 137, 1729076400, 1729080000, 'CP', ''),
(5907, 2, 232, 1611554400, 1611558000, 'Meeting', ''),
(7649, 2, 341, 1729090800, 1729096200, 'Principal meeting', ''),
(5909, 2, 302, 1611644400, 1611648000, 'Interview - For Cheok', ''),
(5911, 1, 102, 1611280800, 1611288000, 'Meeting', ''),
(5912, 2, 302, 1611640800, 1611644400, 'Interview - For James', ''),
(6442, 2, 302, 1648191600, 1648195200, 'Interview - Stanley', ''),
(5916, 2, 313, 1611626400, 1611633600, 'KLA Meeting', ''),
(5917, 1, 251, 1611730800, 1611732600, 'Meeting', ''),
(5919, 2, 302, 1611885600, 1611889200, 'Interview - For Cheok/BC', ''),
(7648, 1, 341, 1729159200, 1729164600, 'Principal meeting', ''),
(5921, 2, 302, 1612339200, 1612342800, 'Interview - For BC', ''),
(5922, 2, 302, 1611891000, 1611892800, 'Interview - For Cheok', ''),
(5923, 2, 302, 1612490400, 1612494000, 'Interview - For BC', ''),
(5924, 2, 302, 1612225800, 1612231200, 'Orientation', ''),
(5925, 1, 173, 1612162800, 1612166400, 'Meeting', ''),
(5926, 2, 313, 1612159200, 1612166400, 'TFAMD-KLA Zeta Meeting', ''),
(5927, 2, 313, 1612425600, 1612432800, 'NUS-SET FC Bond Meeting', ''),
(5928, 1, 137, 1612231200, 1612234800, 'Website Zoom Meeting', ''),
(5929, 2, 302, 1612506600, 1612508400, 'Interview - For BC', ''),
(5930, 2, 302, 1612510200, 1612513800, 'Interview - For Cheok', ''),
(5931, 2, 302, 1612326600, 1612330200, 'Interview - For James', ''),
(5932, 2, 302, 1612332000, 1612335600, 'Interview - For Cheok', ''),
(5933, 1, 83, 1612321200, 1612324800, 'Meeting', ''),
(5939, 1, 7, 1612771200, 1612774800, 'CTI Training', ''),
(5938, 1, 7, 1612767600, 1612771200, 'CTI Training', ''),
(5937, 1, 7, 1612764000, 1612767600, 'CTI Training', ''),
(5940, 1, 7, 1612850400, 1612854000, 'CTI Training', ''),
(5941, 1, 7, 1612854000, 1612857600, 'CTI Training', ''),
(5942, 1, 7, 1612857600, 1612861200, 'CTI Training', ''),
(5943, 1, 316, 1612404000, 1612411200, 'Meeting with Principal', ''),
(6907, 2, 313, 1683646200, 1683653400, 'Meeting with Adaptsys Principal', ''),
(5946, 2, 302, 1612918800, 1612922400, 'Signing of LOA', ''),
(5947, 1, 233, 1612749600, 1612756800, '2021 Expenditure Budget', ''),
(5948, 1, 233, 1612836000, 1612843200, '2021 Expenditure Budget', ''),
(5949, 2, 233, 1612764000, 1612774800, '2021 Expenditure Budget', ''),
(5950, 7, 7, 1612764000, 1612774800, 'Projector', ''),
(5951, 2, 33, 1612836000, 1612839600, 'Meeting', ''),
(5952, 1, 7, 1613610000, 1613613600, 'Soitec SIC Training', ''),
(5953, 1, 7, 1613613600, 1613617200, 'Soitec SIC Training', ''),
(5954, 1, 7, 1613617200, 1613620800, 'Soitec SIC Training', ''),
(5955, 1, 7, 1613620800, 1613624400, 'Soitec SIC Training', ''),
(7647, 1, 255, 1729004400, 1729008000, 'BM sales discussion', ''),
(5964, 1, 173, 1614322800, 1614330000, 'Graco Training', ''),
(5958, 1, 173, 1613977200, 1613984400, 'Lifestyle', ''),
(7645, 1, 233, 1729090800, 1729099800, 'John', ''),
(5960, 1, 302, 1614236400, 1614240000, 'Interview - For CP', ''),
(7644, 1, 233, 1728988200, 1728993600, 'John', ''),
(5963, 1, 173, 1614220200, 1614227400, 'Long Service Award Presentation', ''),
(5966, 2, 302, 1614823200, 1614826800, 'Interview - For Cheok', ''),
(5967, 2, 302, 1614736800, 1614740400, 'Interview - For Cheok', ''),
(5969, 2, 302, 1614664800, 1614668400, 'Interview - For Cheok', ''),
(5970, 2, 302, 1614837600, 1614841200, 'Interview - For Cheok', ''),
(6906, 2, 313, 1683547200, 1683554400, 'KLA Meeting for Reliance Case', ''),
(7643, 2, 359, 1728918000, 1728923400, 'Meeting and Discussion', ''),
(6905, 1, 233, 1683730800, 1683738000, 'SAP Meeting', ''),
(6441, 2, 302, 1648447200, 1648450800, 'Interview - For Cheok', ''),
(5977, 2, 302, 1614751200, 1614754800, 'Interview - For Cheok', ''),
(7642, 2, 302, 1729173600, 1729177200, 'Interview - For Cheok', ''),
(5980, 2, 7, 1614841200, 1614844800, 'CTI', ''),
(5981, 2, 302, 1615168800, 1615172400, 'Interview - For Cheok', ''),
(5982, 1, 102, 1614906000, 1614918600, 'Meeting with Foamtec', ''),
(5983, 2, 302, 1615269600, 1615273200, 'Signing of LOA', ''),
(5997, 1, 7, 1615428000, 1615431600, 'CTI Training', ''),
(5996, 1, 7, 1615363200, 1615366800, 'CTI Training', ''),
(5995, 1, 7, 1615359600, 1615363200, 'CTI Training', ''),
(5994, 1, 7, 1615356000, 1615359600, 'CTI Training', ''),
(5993, 1, 7, 1615352400, 1615356000, 'CTI Training', ''),
(5992, 1, 7, 1615345200, 1615348800, 'CTI Training', ''),
(5991, 1, 7, 1615341600, 1615345200, 'CTI Training', ''),
(5998, 1, 7, 1615431600, 1615435200, 'CTI Training', ''),
(5999, 1, 7, 1615438800, 1615442400, 'CTI Training', ''),
(6000, 1, 7, 1615442400, 1615446000, 'CTI Training', ''),
(6001, 1, 7, 1615446000, 1615449600, 'CTI Training', ''),
(6002, 1, 7, 1615449600, 1615453200, 'CTI Training', ''),
(6003, 1, 7, 1615784400, 1615788000, 'CTI Training', ''),
(6004, 1, 7, 1615788000, 1615791600, 'CTI Training', ''),
(6005, 1, 7, 1615791600, 1615795200, 'CTI Training', ''),
(6006, 1, 7, 1615795200, 1615798800, 'CTI Training', ''),
(6007, 1, 7, 1615165200, 1615168800, 'Micron Vendor Safety Training using Skype', ''),
(6008, 1, 7, 1615168800, 1615172400, 'Micron Vendor Safety Training using Skype', ''),
(6009, 2, 65, 1615172400, 1615179600, 'Zoom Meeting', ''),
(6011, 2, 302, 1615528800, 1615532400, 'Interview - For Cheok', ''),
(6012, 2, 313, 1615446000, 1615456800, 'Skyworks Zeta-388 Pre-Acceptance Teleconference', ''),
(6013, 2, 302, 1615514400, 1615518000, 'Interview - For Cheok', ''),
(6904, 2, 123, 1683108000, 1683115200, 'Service Monthly meeting', ''),
(6015, 1, 7, 1615766400, 1615770000, 'Micron Vendor Safety Training using Skype', ''),
(6016, 1, 7, 1615770000, 1615773600, 'Micron Vendor Safety Training using Skype', ''),
(6017, 1, 7, 1615773600, 1615782600, 'Micron Vendor Safety Training using Skype', ''),
(6903, 2, 137, 1682610300, 1682613000, 'Cloud Expo Meeting', ''),
(6902, 1, 313, 1682503200, 1682510400, 'Meeting with System General', ''),
(6901, 1, 102, 1682514000, 1682521200, 'Foamtec Meeting', ''),
(6031, 1, 233, 1616479200, 1616490000, 'Zoom Meeting with Regional Staff', ''),
(6027, 1, 197, 1615863600, 1615867200, 'Meeting', ''),
(6035, 2, 302, 1616396400, 1616400000, 'Interview - For Cheok', ''),
(6440, 2, 302, 1649210400, 1649214000, 'Signing of LOA', ''),
(6030, 2, 313, 1616133600, 1616144400, 'Meeting with TDK India- Filmetrics', ''),
(6032, 1, 233, 1616565600, 1616576400, 'Zoom Meeting with Regional Staff', ''),
(6033, 1, 137, 1616036400, 1616040000, 'Website Meeting', ''),
(6034, 2, 302, 1616378400, 1616382000, 'Interview - For Cheok', ''),
(6036, 1, 7, 1616720400, 1616724000, 'GF EHS Training', ''),
(6037, 1, 7, 1616724000, 1616727600, 'GF EHS Training', ''),
(6038, 1, 7, 1616727600, 1616731200, 'GF EHS Training', ''),
(6039, 1, 7, 1616716800, 1616720400, 'GF EHS Training', ''),
(6040, 2, 302, 1616637600, 1616641200, 'Interview - For Cheok', ''),
(6041, 2, 313, 1616475600, 1616490000, 'KLA Zeta388 Training', ''),
(6042, 2, 313, 1616551200, 1616565600, 'Skyworks-KLA FAT Meeting', ''),
(6043, 2, 313, 1616565600, 1616572800, 'TDK India- Filmetrics Meeting', ''),
(6044, 2, 313, 1616572800, 1616580000, 'SET Annual Meeting', ''),
(6439, 2, 341, 1647849600, 1647853200, 'Meeting', ''),
(6046, 2, 302, 1617156000, 1617159600, 'Interview - For James', ''),
(6047, 2, 302, 1616986800, 1616990400, 'Signing of LOA', ''),
(6048, 2, 302, 1617582600, 1617589800, 'Orientation', ''),
(6049, 2, 313, 1617069600, 1617073200, 'KLA Forecast Meeting', ''),
(6050, 2, 313, 1617082200, 1617087600, 'Skyworks SIC Training', ''),
(6051, 1, 313, 1617087600, 1617098400, 'System General Meeting', ''),
(6239, 2, 302, 1629862200, 1629864000, 'Exit Clearance', ''),
(6053, 2, 302, 1617602400, 1617606000, 'Interview - For Ronald', ''),
(6438, 2, 302, 1647918000, 1647921600, 'Interview - For Kian', ''),
(6055, 2, 123, 1617760800, 1617764400, 'Meeting', ''),
(6056, 2, 302, 1617933600, 1617937200, 'Signing of LOA', ''),
(6057, 1, 7, 1617933600, 1617937200, 'CTI Training', ''),
(6058, 1, 7, 1617937200, 1617940800, 'CTI Training', ''),
(6059, 1, 7, 1617944400, 1617948000, 'BizSafe 2019 Briefing', ''),
(6060, 1, 7, 1617948000, 1617951600, 'BizSafe 2019 Briefing', ''),
(6061, 1, 7, 1617951600, 1617955200, 'BizSafe 2019 Briefing', ''),
(6062, 1, 7, 1617955200, 1617958800, 'BizSafe 2019 Briefing', ''),
(6063, 2, 302, 1617780600, 1617786000, 'Orientation', ''),
(6064, 1, 65, 1617850800, 1617854400, 'Meeting with Jeremy PlanSee', ''),
(6065, 2, 302, 1618210800, 1618214400, 'Interview - For Cheok', ''),
(6066, 2, 302, 1622505600, 1622514600, 'Orientation', ''),
(6067, 2, 302, 1623630600, 1623637800, 'Orientation', ''),
(6068, 2, 7, 1618185600, 1618189200, 'Micron Vendor Safety Training using Skype', ''),
(6069, 2, 7, 1618189200, 1618192800, 'Micron Vendor Safety Training using Skype', ''),
(6070, 2, 7, 1618192800, 1618196400, 'Micron Vendor Safety Training using Skype', ''),
(6071, 2, 7, 1618196400, 1618200000, 'Micron Vendor Safety Training using Skype', ''),
(6072, 2, 302, 1618797600, 1618801200, 'Interview - For Ronald', ''),
(6073, 2, 313, 1618282800, 1618288200, 'Onsemi - KLA Zeta Meeting', ''),
(6074, 2, 302, 1618455600, 1618459200, 'Interview - For Cheok', ''),
(6075, 2, 302, 1618970400, 1618974000, 'Interview - Echo/Nan Lee', ''),
(6076, 2, 7, 1619395200, 1619398800, 'Micron Vendor Safety Training using Skype', ''),
(6077, 2, 7, 1619398800, 1619402400, 'Micron Vendor Safety Training using Skype', ''),
(6078, 2, 7, 1619402400, 1619406000, 'Micron Vendor Safety Training using Skype', ''),
(6079, 7, 7, 1619395200, 1619398800, 'Micron Vendor Safety Training using Skype', ''),
(6080, 7, 7, 1619398800, 1619402400, 'Micron Vendor Safety Training using Skype', ''),
(6081, 7, 7, 1619402400, 1619406000, 'Micron Vendor Safety Training using Skype', ''),
(6082, 2, 313, 1618560000, 1618567200, 'Filmetrics- NexGen Meeting', ''),
(6083, 1, 255, 1618558200, 1618561800, 'Meeting', ''),
(6437, 1, 197, 1648098000, 1648112400, 'Meeting', ''),
(6436, 1, 10, 1647501300, 1647511200, 'Management Meeting', ''),
(7997, 2, 175, 1745571600, 1745596800, 'Customer Sample Testing', ''),
(6087, 1, 102, 1618900200, 1618905600, 'Meeting', ''),
(6088, 2, 302, 1619143200, 1619146800, 'Interview - For Cheok', ''),
(6089, 1, 302, 1619143200, 1619146800, 'Interview - For Ronald', ''),
(7641, 2, 313, 1728900000, 1728903600, 'Bi-weekly meeting with APP Thailand', ''),
(6091, 2, 255, 1619078400, 1619082000, 'Fluigent Meeting', ''),
(6092, 2, 302, 1621211400, 1621216800, 'Orientation', ''),
(6093, 2, 302, 1619488800, 1619492400, 'Interview - For BC', ''),
(7640, 1, 251, 1728642600, 1728646200, 'Meeting', ''),
(6095, 2, 302, 1619748000, 1619751600, 'Sign LOA', ''),
(6096, 2, 65, 1619418000, 1619422200, 'Discussion', ''),
(6097, 2, 302, 1619679600, 1619683200, 'Interview - For BC', ''),
(6098, 1, 83, 1619744400, 1619751600, 'SSB conference', ''),
(6350, 2, 123, 1641348000, 1641355200, 'Monthly Service Meeting', ''),
(6100, 2, 123, 1620180000, 1620187200, 'Meeting', ''),
(6101, 2, 313, 1619769600, 1619773200, 'SET Concall', ''),
(6435, 2, 302, 1647482400, 1647486000, 'Interview - For Kian', ''),
(6104, 2, 313, 1620010800, 1620014400, 'APP India- SG Internal Training', ''),
(6105, 2, 313, 1620093600, 1620100800, 'KLA Forecast Meeting', ''),
(6106, 2, 302, 1620282600, 1620284400, 'Signing of LOA', ''),
(6107, 2, 302, 1623025800, 1623033000, 'Orientation', ''),
(6108, 2, 313, 1620262800, 1620270000, 'KLA Meeting', ''),
(6348, 1, 83, 1639980000, 1639990800, 'Meeting', ''),
(6111, 2, 302, 1621216800, 1621224000, 'Audit', ''),
(6112, 2, 302, 1621303200, 1621306800, 'Interview - For Cheok', ''),
(7639, 2, 313, 1728572400, 1728576000, 'Meeting with Buhler Germany', ''),
(6114, 2, 302, 1621321200, 1621324800, 'Interview - For Cheok', ''),
(6899, 2, 302, 1682503200, 1682506800, 'Interview - For HR', ''),
(6116, 1, 313, 1621324800, 1621328400, 'KITEC Meeting', ''),
(6434, 1, 233, 1647498600, 1647500400, 'SAP SQ Approval Limits', ''),
(6433, 2, 123, 1647414000, 1647421200, 'Monthly Service meeting', ''),
(6898, 1, 313, 1682672400, 1682704800, 'Scientech Principal Visit and Meeting', ''),
(6897, 1, 313, 1682604000, 1682618400, 'Scientech Principal Visitation', ''),
(6896, 1, 313, 1682586000, 1682604000, 'SETNA Principal Visitation', ''),
(6126, 2, 255, 1621913400, 1621917000, 'Fluigent Meeting', ''),
(6127, 2, 302, 1622602800, 1622606400, 'Interview - For Cheok', ''),
(6128, 1, 251, 1622340000, 1622347200, 'Meeting', ''),
(6129, 2, 302, 1623222000, 1623225600, 'Interview - For Cheok', ''),
(6130, 2, 302, 1623051000, 1623052800, 'Exit Interview', ''),
(6135, 2, 313, 1623308400, 1623315600, 'SET-IME Live Demo Presentation', ''),
(6133, 2, 313, 1623115800, 1623121200, 'KLA Meeting', ''),
(6432, 2, 302, 1647313200, 1647316800, 'Interview - For Cheok', ''),
(6139, 2, 129, 1623823200, 1623830400, 'Meeting', ''),
(7638, 1, 130, 1728919800, 1728927000, 'Meeting', ''),
(6141, 2, 302, 1624345200, 1624347000, 'Signing of LOA', ''),
(6142, 2, 302, 1624431600, 1624435200, 'Signing of LOA', ''),
(6144, 1, 313, 1624413600, 1624420800, 'Semi Webinar (Vietnam)', ''),
(6145, 1, 123, 1624428000, 1624435200, 'Meet with principle( Pfeiffer)', ''),
(6147, 1, 40, 1624586400, 1624590000, 'Meeting', ''),
(6346, 1, 229, 1639969200, 1639974600, 'meeting', ''),
(6345, 2, 302, 1639360800, 1639364400, 'Interview - For Cheok', ''),
(6150, 2, 313, 1624932000, 1624935600, 'KLA Meeting', ''),
(6151, 2, 313, 1624950000, 1624953600, 'Meeting with NTU (SET Product)', ''),
(6152, 1, 341, 1624950000, 1624955400, 'Meeting', ''),
(6153, 2, 40, 1625032800, 1625040000, 'Discussion', ''),
(6154, 2, 313, 1625124600, 1625130000, 'KITEC Meeting', ''),
(6155, 1, 255, 1625104800, 1625108400, 'Discussion', ''),
(6156, 1, 251, 1625466600, 1625475600, 'Meeting', ''),
(6157, 2, 123, 1625623200, 1625628600, 'Service Meeting', ''),
(6158, 1, 316, 1625711400, 1625715000, 'Meeting with Customer ST Engineering', ''),
(6159, 2, 302, 1625799600, 1625803200, 'Interview - For Cheok', ''),
(6160, 1, 123, 1626141600, 1626145200, 'Meeting', ''),
(6161, 1, 123, 1626145200, 1626148800, 'Meeting', ''),
(6162, 2, 126, 1625711400, 1625716800, 'Meeting with vendor', ''),
(6431, 2, 302, 1647244800, 1647248400, 'Interview - For Thiva', ''),
(6430, 2, 313, 1646965800, 1646973000, 'KLA Sales Meeting', ''),
(6275, 2, 302, 1634263200, 1634266800, 'Exit Interview', ''),
(6167, 1, 126, 1626915600, 1626946200, 'Regional Meeting', ''),
(6168, 1, 126, 1627002000, 1627032600, 'Regional Meeting', ''),
(6429, 1, 302, 1647847800, 1647853200, 'Interview - For CP', ''),
(6170, 1, 40, 1627434000, 1627441200, 'Meeting', ''),
(6171, 2, 229, 1627009200, 1627012800, 'Meeting with Foamtec (Heng)', ''),
(6172, 2, 341, 1627020000, 1627027200, 'Training', ''),
(6173, 2, 302, 1627264800, 1627268400, 'Interview - For Cheok', ''),
(6174, 1, 7, 1627862400, 1627866000, 'Micron Vendor Safety Training using Skype', ''),
(6175, 1, 7, 1627866000, 1627869600, 'Micron Vendor Safety Training using Skype', ''),
(6176, 1, 7, 1627869600, 1627873200, 'Micron Vendor Safety Training using Skype', ''),
(6177, 1, 7, 1627873200, 1627876800, 'Micron Vendor Safety Training using Skype', ''),
(6178, 2, 313, 1627365600, 1627380000, 'KITEC Training', ''),
(6179, 1, 40, 1627365600, 1627369200, 'Training', ''),
(6180, 2, 7, 1627452000, 1627455600, 'CTI Service Meeting', ''),
(6181, 2, 7, 1627455600, 1627459200, 'CTI Service Meeting', ''),
(6182, 1, 40, 1627516800, 1627524000, 'Meeting', ''),
(6183, 2, 302, 1627864200, 1627871400, 'Orientation', ''),
(6428, 1, 302, 1647831600, 1647837000, 'Interview - For CP', ''),
(6185, 2, 123, 1628128800, 1628136000, 'Service meeting', ''),
(6186, 1, 7, 1627956000, 1627959600, 'CTI Training', ''),
(6187, 1, 7, 1627959600, 1627963200, 'CTI Training', ''),
(6202, 1, 7, 1628229600, 1628233200, 'CTI Training', ''),
(6189, 1, 7, 1627966800, 1627970400, 'CTI Training', ''),
(6190, 1, 7, 1627970400, 1627974000, 'CTI Training', ''),
(6191, 1, 7, 1627974000, 1627977600, 'CTI Training', ''),
(6192, 1, 7, 1627977600, 1627981200, 'CTI Training', ''),
(6201, 1, 7, 1628226000, 1628229600, 'CTI Training', ''),
(6194, 1, 7, 1628042400, 1628046000, 'CTI Training', ''),
(6195, 1, 7, 1628046000, 1628049600, 'CTI Training', ''),
(6203, 1, 7, 1628233200, 1628236800, 'CTI Training', ''),
(6197, 1, 7, 1628053200, 1628056800, 'CTI Training', ''),
(6198, 1, 7, 1628056800, 1628060400, 'CTI Training', ''),
(6199, 1, 7, 1628060400, 1628064000, 'CTI Training', ''),
(6200, 1, 7, 1628064000, 1628067600, 'CTI Training', ''),
(6204, 1, 7, 1628236800, 1628240400, 'CTI Training', ''),
(6206, 2, 302, 1628229600, 1628233200, 'Interview - For Pei Lin', ''),
(6207, 2, 302, 1628143200, 1628146800, 'Interview - For Pei Lin', ''),
(6208, 2, 302, 1628148600, 1628152200, 'Interview - For Pei Lin', ''),
(6209, 2, 313, 1627977600, 1627981200, 'Maxeon Zeta Meeting', ''),
(7637, 1, 377, 1728554400, 1728556200, 'FocusLight - SIC Training', ''),
(6212, 2, 302, 1629856800, 1629860400, 'Exit Interview', ''),
(6213, 1, 7, 1628560800, 1628564400, 'UMC EHS Training', ''),
(6214, 1, 7, 1628564400, 1628568000, 'UMC EHS Training', ''),
(6215, 1, 7, 1628568000, 1628571600, 'UMC EHS Training', ''),
(6217, 2, 302, 1628665200, 1628668800, 'Interview - For Pei Lin', ''),
(6218, 1, 40, 1628820000, 1628827200, 'Training for Micron', ''),
(6219, 2, 302, 1629093600, 1629097200, 'Interview - For Pei Lin', ''),
(6220, 2, 302, 1629097200, 1629100800, 'Interview - For Pei Lin', ''),
(6344, 2, 302, 1639018800, 1639024200, 'Interview - For Dennis', ''),
(6222, 2, 302, 1628820000, 1628823600, 'Interview - For Pei Lin', ''),
(6223, 2, 302, 1629079200, 1629082800, 'Interview - For Pei Lin', ''),
(6224, 2, 302, 1629160200, 1629162000, 'Signing of LOA', ''),
(6232, 2, 302, 1629342000, 1629345600, 'Interview - For Cheok', ''),
(6426, 1, 302, 1647399600, 1647405000, 'Interview - For CP', ''),
(6229, 1, 7, 1629252000, 1629255600, 'AMS SIC Training', ''),
(6230, 1, 7, 1629255600, 1629259200, 'AMS SIC Training', ''),
(6231, 1, 7, 1629259200, 1629262800, 'AMS SIC Training', ''),
(6238, 1, 102, 1629442800, 1629446400, 'Meeting', ''),
(7996, 2, 307, 1745332200, 1745337600, 'Meeting', ''),
(7994, 2, 307, 1745317800, 1745323200, 'Meeting', ''),
(6236, 2, 40, 1629423000, 1629426600, 'Discussion', ''),
(6237, 2, 302, 1629871200, 1629874800, 'Interview - For Kian', ''),
(6242, 2, 302, 1630288800, 1630292400, 'Interview - For Ronald', ''),
(6243, 2, 313, 1629943200, 1629950400, 'Zeta for Regional Training', ''),
(6244, 2, 302, 1630301400, 1630305000, 'Interview - For Kian', ''),
(6245, 1, 233, 1630303200, 1630310400, 'Mgt Meeting', ''),
(6246, 2, 123, 1630461600, 1630468800, 'Service Meeting', ''),
(6247, 2, 302, 1627801200, 1627804800, 'Interview - For Kian', ''),
(6248, 2, 302, 1630652400, 1630656000, 'Interview - For Kian', ''),
(6249, 2, 302, 1630634400, 1630638000, 'Interview - For Cheok', ''),
(6425, 1, 302, 1647414000, 1647421200, 'Interview - For CP', ''),
(6251, 1, 302, 1630638000, 1630641600, 'Interview - For Kian', ''),
(6252, 2, 302, 1630897200, 1630900800, 'Interview - For Pei Lin', ''),
(7764, 1, 83, 1736244000, 1736251200, 'Meeting', ''),
(6254, 2, 302, 1631080800, 1631084400, 'Interview - For Kian', ''),
(6257, 2, 302, 1631426400, 1631430000, 'Interview - For James', ''),
(6258, 2, 302, 1631584800, 1631588400, 'Sign LOA', ''),
(6260, 2, 302, 1633307400, 1633314600, 'Orientation', ''),
(6261, 2, 302, 1632364200, 1632367800, 'Interview - For Darren', ''),
(6262, 1, 7, 1632898800, 1632902400, 'CTI /UMC meeting for MID 01', ''),
(6263, 1, 302, 1632988800, 1632992400, 'Interview - For Darren', ''),
(6264, 2, 302, 1633053600, 1633057200, 'Interview - For Dennis', ''),
(6265, 2, 123, 1633485600, 1633489200, 'Monthly Service meeting', ''),
(6266, 2, 123, 1633489200, 1633492800, 'Monthly Service meeting', ''),
(6267, 2, 228, 1633330800, 1633334400, 'Meeting', ''),
(6268, 1, 313, 1633399200, 1633406400, 'KLA Meeting', ''),
(6424, 2, 302, 1646791200, 1646794800, 'Interview - For Cheok', ''),
(6271, 2, 302, 1633572000, 1633575600, 'Exit Interview', ''),
(6272, 1, 255, 1633572000, 1633575600, 'Meeting', ''),
(6274, 2, 313, 1634022000, 1634025600, 'SET Concall with POET/NUS', ''),
(6284, 2, 123, 1635904800, 1635912000, 'Monthly Meeting', ''),
(6285, 1, 302, 1635904800, 1635908400, 'Interview - For Cheok', ''),
(6286, 2, 302, 1636092000, 1636095600, 'Interview - For Cheok', ''),
(6287, 1, 229, 1635832800, 1635847200, 'Meeting', ''),
(6423, 1, 302, 1647241200, 1647248400, 'Interview - For CP', ''),
(6289, 2, 123, 1636354800, 1636358400, 'Noah Repair Pricing', ''),
(6290, 2, 302, 1636700400, 1636704000, 'Exit Interview', ''),
(6291, 1, 302, 1636700400, 1636704000, 'Interview - For Dennis', ''),
(6292, 2, 302, 1636524000, 1636529400, 'Interview - For Cheok', ''),
(6293, 2, 302, 1636596000, 1636599600, 'Interview - For Cheok', ''),
(6294, 1, 313, 1636594200, 1636599600, 'SETNA Meeting', ''),
(6295, 2, 102, 1636599600, 1636603200, 'Foamtec Meeting', ''),
(6296, 2, 302, 1637049600, 1637053200, 'Exit Clearance', ''),
(6297, 2, 302, 1637028000, 1637031600, 'Interview - For Thiva', ''),
(6298, 2, 302, 1637200800, 1637204400, 'Interview - For Dennis', ''),
(6299, 2, 302, 1637114400, 1637118000, 'Interview - For James', ''),
(6300, 2, 302, 1637287200, 1637290800, 'Interview - For Dennis', ''),
(6301, 1, 7, 1637557200, 1637560800, 'CTI Training', ''),
(6302, 1, 7, 1637560800, 1637564400, 'CTI Training', ''),
(6303, 1, 7, 1637564400, 1637568000, 'CTI Training', ''),
(6304, 1, 7, 1637568000, 1637571600, 'CTI Training', ''),
(6305, 1, 7, 1637632800, 1637636400, 'CTI Training', ''),
(6306, 1, 7, 1637636400, 1637640000, 'CTI Training', ''),
(6307, 1, 7, 1637643600, 1637647200, 'CTI Training', ''),
(6308, 1, 7, 1637647200, 1637650800, 'CTI Training', '');
INSERT INTO `roombook` (`bookid`, `roomid`, `staffid`, `kt`, `jt`, `sd`, `ld`) VALUES
(6309, 1, 7, 1637650800, 1637654400, 'CTI Training', ''),
(6310, 1, 7, 1637654400, 1637658000, 'CTI Training', ''),
(6311, 1, 7, 1637802000, 1637805600, 'CTI Training', ''),
(6312, 1, 7, 1637805600, 1637809200, 'CTI Training', ''),
(6313, 1, 7, 1637816400, 1637820000, 'CTI Training', ''),
(6314, 1, 7, 1637820000, 1637823600, 'CTI Training', ''),
(6315, 1, 7, 1637823600, 1637827200, 'CTI Training', ''),
(6316, 1, 7, 1637827200, 1637830800, 'CTI Training', ''),
(6317, 1, 302, 1637539200, 1637548200, 'Orientation', ''),
(6318, 2, 341, 1637647200, 1637654400, 'Discussion', ''),
(6319, 2, 313, 1637656200, 1637661600, 'KITEC Skyworks Meeting', ''),
(6320, 2, 302, 1637910000, 1637913600, 'Signing of LOA', ''),
(6321, 2, 302, 1638748800, 1638757800, 'Orientation', ''),
(6322, 2, 302, 1609632000, 1609641000, 'Orientation', ''),
(6323, 1, 233, 1638320400, 1638331200, '2022 Budget Meeting', ''),
(6324, 1, 233, 1638340200, 1638349200, '2022 Budget Meeting', ''),
(6328, 1, 233, 1638406800, 1638414000, '2022 Budget Meeting', ''),
(6329, 1, 233, 1638414000, 1638421200, 'Mgt Meeting', ''),
(6330, 2, 123, 1638324000, 1638331200, 'Monthly Meeting', ''),
(6335, 2, 302, 1638842400, 1638847800, 'Interview - For Darren/Stanley', ''),
(6332, 1, 302, 1638756000, 1638761400, 'Interview - For Darren/Stanley', ''),
(6333, 2, 302, 1638774000, 1638779400, 'Interview - For Darren/Stanley', ''),
(6334, 2, 302, 1638518400, 1638522000, 'Interview - For Darren/Stanley', ''),
(6336, 2, 123, 1638424800, 1638432000, 'Meeting', ''),
(6422, 2, 302, 1648173600, 1648177200, 'Interview - For Dennis', ''),
(6356, 1, 7, 1642554000, 1642557600, 'Micron Vendor Safety Training using Skype', ''),
(6357, 1, 7, 1642557600, 1642561200, 'Micron Vendor Safety Training using Skype', ''),
(6358, 1, 7, 1642561200, 1642564800, 'Micron Vendor Safety Training using Skype', ''),
(6359, 1, 40, 1642037400, 1642042800, 'Meeting', ''),
(6360, 1, 316, 1642644000, 1642649400, 'Meeting', ''),
(6395, 2, 302, 1645581600, 1645585200, 'Interview', ''),
(6362, 2, 123, 1642489200, 1642492800, 'Service Meeting', ''),
(6363, 1, 123, 1642575600, 1642582800, 'Service Support meeting', ''),
(6364, 2, 313, 1642640400, 1642647600, 'Demo Evaluation for QES customer', ''),
(6365, 2, 313, 1642744800, 1642752000, 'StatsChipPac - KLA Meeting', ''),
(6366, 2, 255, 1643005800, 1643011200, 'Bertin Products Training', ''),
(6367, 1, 302, 1643009400, 1643013000, 'Interview - For Cheok', ''),
(6368, 1, 231, 1643076000, 1643079600, 'vendor demo', ''),
(6369, 2, 33, 1643265600, 1643269200, 'Meeting', ''),
(6370, 2, 302, 1644202800, 1644206400, 'Interview', ''),
(6371, 2, 302, 1644285600, 1644289200, 'Interview', ''),
(6379, 2, 123, 1644976800, 1644984000, 'Monthly Service Meeting', ''),
(6373, 1, 302, 1644476400, 1644481800, 'Interview', ''),
(6374, 1, 302, 1644372000, 1644377400, 'Interview', ''),
(6375, 2, 302, 1645403400, 1645410600, 'Orientation', ''),
(6377, 1, 302, 1644908400, 1644915600, 'Interview', ''),
(6378, 2, 302, 1644818400, 1644822000, 'Interview', ''),
(7636, 1, 377, 1728550800, 1728554400, 'KPTech Meeting', ''),
(6381, 1, 251, 1644544800, 1644552000, 'Meeting', ''),
(6409, 1, 233, 1646100000, 1646103600, '2022 Expenditure Budget Meeting - SSB', ''),
(6383, 1, 302, 1645671600, 1645675200, 'Interview', ''),
(6802, 1, 102, 1674093600, 1674100800, 'Kluber meeting', ''),
(6385, 2, 302, 1645149600, 1645153200, 'Interview', ''),
(6386, 2, 302, 1644994800, 1644998400, 'Interview', ''),
(6387, 1, 65, 1644894000, 1644897600, 'Conference Call', ''),
(6388, 2, 313, 1644892200, 1644899400, 'Hauman Meeting', ''),
(7993, 1, 379, 1745314200, 1745317800, 'Weekly Polycold service meeting', ''),
(7992, 2, 302, 1745310600, 1745314200, 'New Hire Orientation', ''),
(6393, 1, 302, 1645408800, 1645412400, 'Interview', ''),
(6397, 2, 40, 1645428600, 1645432200, 'Meeting', ''),
(6396, 2, 302, 1645668000, 1645671600, 'Interview', ''),
(6403, 1, 233, 1646031600, 1646038800, '2022 Exp. Budget Meeting - SSB', ''),
(6401, 1, 233, 1646013600, 1646017200, '2022 Exp. Budget Meeting - IND', ''),
(6404, 2, 302, 1645776000, 1645779600, 'Interview', ''),
(7991, 2, 175, 1745154000, 1745168400, 'Filmetrics Training', ''),
(6407, 1, 302, 1646613000, 1646620200, 'Orientation', ''),
(6408, 2, 7, 1646017200, 1646020800, 'CTI Workshop Meeting by James', ''),
(6411, 1, 173, 1646897400, 1646902800, 'APP Lifestyle - LSA Briefing', ''),
(6412, 1, 173, 1647486000, 1647489600, 'Long Service Award Presentation', ''),
(7635, 2, 313, 1728484200, 1728489600, 'Meeting with Umicore', ''),
(6414, 2, 302, 1646289000, 1646292600, 'Interview', ''),
(6415, 1, 251, 1646296200, 1646299800, 'Meeting', ''),
(6421, 2, 302, 1647237600, 1647241200, 'Interview - For Cheok', ''),
(6417, 1, 302, 1646636400, 1646643600, 'Interview - For CP', ''),
(6418, 1, 302, 1646794800, 1646800200, 'Interview - For CP', ''),
(7990, 2, 255, 1744902000, 1744912800, 'BM Sales meeting', ''),
(6571, 1, 302, 1658458800, 1658462400, 'Interview - For Roy', ''),
(6566, 1, 83, 1657764000, 1657771200, 'Meeting', ''),
(6567, 2, 313, 1657614600, 1657620000, 'KITEC Internal Meeting', ''),
(6568, 2, 123, 1657764000, 1657765800, 'Service Meeting', ''),
(6569, 2, 313, 1657782000, 1657789200, 'Skyworks SAT Acceptance', ''),
(6570, 1, 251, 1658113200, 1658116800, 'Interview', ''),
(6574, 2, 302, 1658714400, 1658718000, 'Interview - For Roy', ''),
(6575, 1, 307, 1658361600, 1658370600, 'Meeting', ''),
(6576, 2, 302, 1660291200, 1660294800, 'Exit Interview', ''),
(6577, 1, 10, 1658718000, 1658721600, 'Meeting', ''),
(6578, 1, 231, 1658887200, 1658894400, 'MEETING WITH CENTROTHERM', ''),
(6580, 2, 313, 1658899800, 1658905200, 'Reliance India- Zeta Products Introduction', ''),
(6581, 1, 251, 1662530400, 1662541200, 'Meeting', ''),
(6582, 1, 255, 1659078000, 1659081600, 'Monthly Sales meeting', ''),
(6583, 1, 232, 1659317400, 1659321000, 'RF Meeting', ''),
(6584, 1, 232, 1659922200, 1659925800, 'RF Meeting', ''),
(6585, 1, 232, 1660527000, 1660530600, 'RF Meeting', ''),
(6604, 1, 66, 1663135200, 1663149600, 'Audit', ''),
(6587, 1, 232, 1661736600, 1661740200, 'RF Meeting', ''),
(6588, 2, 123, 1659492000, 1659499200, 'Monthly Service meeting', ''),
(6589, 1, 66, 1660201200, 1660208400, 'Meeting', ''),
(6591, 2, 313, 1659664800, 1659672000, 'Meeting with Heraeus and VTEK team', ''),
(6592, 2, 313, 1659682800, 1659690000, 'Meeting with REC Solar team', ''),
(6593, 2, 313, 1660096800, 1660104000, 'KLA Meeting', ''),
(6594, 2, 313, 1660114800, 1660122000, 'Meeting with Aemulus', ''),
(6595, 2, 302, 1660528800, 1660532400, 'Interview - For Ronald', ''),
(6596, 1, 197, 1660183200, 1660192200, 'Meeting', ''),
(6597, 2, 302, 1660201200, 1660204800, 'Meeting', ''),
(6599, 2, 302, 1661137200, 1661140800, 'Interview - For CP', ''),
(6600, 1, 348, 1660788000, 1660793400, 'Meeting with Pfeiffer Principal', ''),
(6601, 2, 302, 1660874400, 1660878000, 'Interview - For James', ''),
(7634, 2, 313, 1728468000, 1728471600, 'Meeting with Buhler Frederick', ''),
(7633, 1, 233, 1728469800, 1728475200, 'John', ''),
(6605, 2, 313, 1661149800, 1661153400, 'Skyworks Meeting', ''),
(6606, 2, 200, 1661319000, 1661329800, 'Bizsafe Meeting', ''),
(6607, 2, 302, 1661479200, 1661482800, 'Interview - For Cheok', ''),
(6608, 2, 302, 1661493600, 1661497200, 'Interview - For Cheok', ''),
(6609, 1, 33, 1661824800, 1661828400, 'Bizsafe Meeting', ''),
(6610, 1, 302, 1661493600, 1661497200, 'Interview - For James', ''),
(6620, 2, 313, 1661824800, 1661832000, 'Meeting with KLA USA Team', ''),
(6619, 1, 307, 1661821200, 1661824800, 'Meeting', ''),
(6614, 1, 7, 1661907600, 1661911200, 'Bizsafe 2022 Briefing', ''),
(6615, 1, 7, 1661911200, 1661914800, 'Bizsafe 2022 Briefing', ''),
(6616, 1, 7, 1661914800, 1661918400, 'Bizsafe 2022 Briefing', ''),
(6617, 1, 7, 1661918400, 1661922000, 'Bizsafe 2022 Briefing', ''),
(6621, 2, 302, 1662942600, 1662949800, 'New Hire Orientation', ''),
(6622, 2, 255, 1662015600, 1662019200, 'Bertin Sales meeting', ''),
(6626, 1, 255, 1662363000, 1662366600, 'Monthly Sales meeting', ''),
(6624, 1, 251, 1662447600, 1662453000, 'Meeting', ''),
(6625, 2, 302, 1662710400, 1662714000, 'Exit Interview', ''),
(6627, 2, 123, 1662516000, 1662523200, 'Service Meeting', ''),
(6628, 1, 83, 1662435000, 1662438600, 'Meeting', ''),
(6629, 1, 251, 1662620400, 1662625800, 'Meeting', ''),
(6630, 2, 302, 1662688800, 1662692400, 'Interview - For Dennis', ''),
(6632, 2, 255, 1662622200, 1662625800, 'Bertin Training', ''),
(6633, 1, 313, 1663036200, 1663048800, 'Meeting with KLA Toshi Baba', ''),
(7632, 2, 313, 1728313200, 1728320400, 'Internal Meeting for Buhler Presentation', ''),
(6635, 1, 66, 1662962400, 1662966000, 'Internal Meeting', ''),
(6636, 1, 348, 1662966000, 1662973200, 'Meeting with Pfeiffer', ''),
(6637, 1, 251, 1663570800, 1663577100, 'Meeting', ''),
(6644, 2, 302, 1663657200, 1663660800, 'Interview - For Cheok', ''),
(6639, 2, 302, 1663308000, 1663311600, 'Interview - For Ronald', ''),
(6640, 2, 255, 1663146000, 1663149600, 'Fluigent_TLL Projects', ''),
(6641, 2, 66, 1663207200, 1663210800, 'Internal Meeting', ''),
(6642, 1, 10, 1663293600, 1663302600, 'Meeting with Principal', ''),
(6643, 2, 33, 1663313400, 1663317000, 'Meeting', ''),
(6645, 2, 302, 1663912800, 1663916400, 'Interview - For Cheok', ''),
(6646, 2, 302, 1663826400, 1663830000, 'Interview - For Cheok', ''),
(6647, 1, 233, 1664262000, 1664269200, 'John : Finance Briefing', ''),
(6648, 1, 233, 1664434800, 1664442000, 'John : Finance Briefing', ''),
(6649, 2, 251, 1663660800, 1663664400, 'Interview - Cheok', ''),
(6650, 1, 302, 1663916400, 1663920000, 'Opto - Internal Audit', ''),
(6651, 1, 251, 1663723800, 1663727400, 'Meeting', ''),
(6652, 1, 233, 1664348400, 1664355600, 'John : Finance Briefing', ''),
(6653, 2, 302, 1664175600, 1664179200, 'Interview - For Cheok', ''),
(6654, 1, 66, 1663898400, 1663902000, 'Meeting', ''),
(6655, 2, 66, 1663833600, 1663839000, 'Meeting', ''),
(6656, 1, 130, 1664172000, 1664182800, 'Meeting', ''),
(6657, 1, 307, 1664161200, 1664164800, 'Meeting', ''),
(6658, 1, 66, 1664246700, 1664251200, 'Meeting', ''),
(6659, 1, 65, 1664326800, 1664341200, 'Meeting', ''),
(6660, 1, 351, 1664343000, 1664346600, 'STO Meeting', ''),
(6689, 1, 10, 1664782200, 1664791200, 'Meeting with Buhler LOA (Marco Bachmann)', ''),
(6664, 1, 7, 1664863200, 1664866800, 'CTI Training', ''),
(6665, 1, 7, 1664866800, 1664870400, 'CTI Training', ''),
(6666, 1, 7, 1664870400, 1664874000, 'CTI Training', ''),
(6667, 2, 33, 1665039600, 1665043200, 'Meeting', ''),
(6668, 2, 255, 1664355600, 1664359200, 'Fluigent Meeting', ''),
(6669, 2, 302, 1664776800, 1664784000, 'Orientation', ''),
(6671, 2, 255, 1664523000, 1664526600, 'Bertin Meeting_Challenge Bioreagent', ''),
(6672, 1, 255, 1664528400, 1664532000, 'Monthly Sales meeting', ''),
(6677, 1, 7, 1664848800, 1664852400, 'CTI Training', ''),
(6675, 1, 7, 1664762400, 1664766000, 'CTI Training', ''),
(6676, 1, 7, 1664766000, 1664769600, 'CTI Training', ''),
(6678, 1, 7, 1664852400, 1664856000, 'CTI Training', ''),
(6679, 1, 7, 1664949600, 1664953200, 'CTI Training', ''),
(6680, 1, 7, 1664953200, 1664956800, 'CTI Training', ''),
(6681, 1, 7, 1664956800, 1664960400, 'CTI Training', ''),
(6682, 1, 7, 1665021600, 1665025200, 'CTI Training', ''),
(6683, 1, 7, 1665025200, 1665028800, 'CTI Training', ''),
(6684, 1, 7, 1665036000, 1665039600, 'CTI Training', ''),
(6685, 1, 7, 1665039600, 1665043200, 'CTI Training', ''),
(6686, 1, 7, 1665043200, 1665046800, 'CTI Training', ''),
(6687, 1, 7, 1664935200, 1664938800, 'CTI Training', ''),
(6688, 1, 7, 1664938800, 1664942400, 'CTI Training', ''),
(6697, 2, 66, 1665468000, 1665471600, 'Meeting', ''),
(6691, 1, 182, 1665363600, 1665396000, 'Training', ''),
(6692, 1, 182, 1665450000, 1665482400, 'Training', ''),
(6693, 1, 182, 1665536400, 1665568800, 'Training', ''),
(6694, 1, 182, 1665622800, 1665655200, 'Training', ''),
(6695, 1, 182, 1665709200, 1665741600, 'Training', ''),
(6696, 2, 123, 1665457200, 1665462600, 'service Monthly meeting', ''),
(6699, 2, 228, 1665561600, 1665565200, 'Meeting', ''),
(6700, 2, 302, 1665640800, 1665644400, 'Meeting with Vendor', ''),
(6701, 2, 229, 1665626400, 1665633600, 'Meeting with Foamtec Heng', ''),
(6702, 1, 348, 1666234800, 1666238400, 'Meeting with Customer', ''),
(6703, 2, 307, 1666659600, 1666692000, 'Meeting', ''),
(6704, 2, 307, 1666746000, 1666778400, 'Meeting', ''),
(6705, 2, 307, 1666832400, 1666864800, 'Meeting', ''),
(6706, 2, 307, 1666918800, 1666951200, 'Meeting', ''),
(6708, 2, 307, 1667178000, 1667210400, 'Meeting', ''),
(6709, 2, 307, 1667264400, 1667296800, 'Meeting', ''),
(6738, 1, 233, 1667376000, 1667383200, 'Mgt Meeting', ''),
(6711, 2, 40, 1666053000, 1666063800, 'Online Training', ''),
(6712, 1, 351, 1666076400, 1666083600, 'Meeting', ''),
(6714, 1, 351, 1666319400, 1666324800, 'Meeting', ''),
(6715, 1, 351, 1666143000, 1666148400, 'Meeting', ''),
(6720, 1, 302, 1666663200, 1666666800, 'Interview- Cheok', ''),
(6721, 1, 302, 1666836000, 1666839600, 'Interview- Cheok', ''),
(6722, 1, 302, 1666854000, 1666857600, 'Interview - For Cheok', ''),
(6723, 1, 351, 1666850400, 1666854000, 'Meeting', ''),
(6724, 1, 302, 1667952000, 1667988000, 'Excel Course', ''),
(6725, 1, 302, 1668038400, 1668074400, 'Excel Course', ''),
(6726, 1, 302, 1668124800, 1668160800, 'Excel Course', ''),
(6732, 1, 102, 1666922400, 1666929600, 'Solvay Principal meeting', ''),
(6729, 1, 302, 1668384000, 1668420000, 'Excel Course', ''),
(6730, 1, 302, 1668470400, 1668506400, 'Excel Course', ''),
(6731, 1, 302, 1668556800, 1668592800, 'Excel Course', ''),
(6736, 1, 302, 1667368800, 1667372400, 'Interview - For Cheok', ''),
(6734, 1, 123, 1667354400, 1667361600, 'Service Monthly Meeting', ''),
(6997, 2, 302, 1689926400, 1689933600, 'New Hire Orientation', ''),
(6737, 1, 302, 1667808000, 1667811600, 'Interview - For Roy', ''),
(6739, 2, 228, 1667379600, 1667383200, 'Meeting', ''),
(6741, 2, 255, 1667458800, 1667462400, 'UV Light installation training', ''),
(6742, 2, 255, 1667809800, 1667811600, 'Fluigent_TLL Projects', ''),
(6743, 2, 255, 1667811600, 1667815200, 'Bertin Bioreagent Training', ''),
(6744, 1, 316, 1667887200, 1667890800, 'Internal Meeting', ''),
(6748, 2, 255, 1667898000, 1667901600, 'Bertin Meeting_Training of Bioreagent', ''),
(6747, 2, 255, 1667894400, 1667898000, 'Fluigent training of Droplet generator', ''),
(6749, 2, 255, 1667980800, 1667984400, 'Bertin Products Training', ''),
(6750, 2, 302, 1668394800, 1668398400, 'Interview - For Cheok', ''),
(6751, 1, 197, 1668646800, 1668679200, 'Meeting with Lauda', ''),
(6801, 2, 313, 1674007200, 1674014400, 'System General Monthly Sales Meeting', ''),
(6753, 1, 302, 1669096800, 1669100400, 'Interview - For James', ''),
(7631, 2, 302, 1729699200, 1729702800, 'Exit Interview', ''),
(6755, 1, 302, 1668736800, 1668740400, 'Interview - For Dennis', ''),
(6756, 1, 65, 1668751200, 1668758400, 'Meeting', ''),
(6895, 1, 313, 1682348400, 1682355600, 'KLA Meeting for Reliance Case', ''),
(6894, 1, 302, 1682436600, 1682440200, 'For Eric Loke', ''),
(6759, 1, 233, 1669878000, 1669885200, 'MVision', ''),
(6762, 1, 83, 1669186800, 1669194000, 'Meeting with Principal', ''),
(6996, 2, 302, 1690560000, 1690563600, 'Exit Interview', ''),
(6764, 2, 302, 1670306400, 1670310000, 'Interview - For Dennis', ''),
(6765, 2, 302, 1669788000, 1669791600, 'Interview - For Roy', ''),
(6767, 1, 302, 1669356000, 1669361400, 'RC Meeting', ''),
(6892, 2, 302, 1682416800, 1682420400, 'Interview - For HR', ''),
(6769, 2, 302, 1669946400, 1669950000, 'Interview - For Dennis', ''),
(6770, 1, 233, 1669617000, 1669624200, '2023 Budget Meeting', ''),
(6771, 1, 233, 1669703400, 1669710600, '2023 Budget Meeting', ''),
(6772, 1, 233, 1669685400, 1669692600, '2023 Budget Meeting', ''),
(6773, 1, 313, 1669770000, 1669802400, 'Meeting with Principal', ''),
(6774, 2, 313, 1669698000, 1669716000, 'Meeting with KLA Principal', ''),
(6775, 2, 302, 1670396400, 1670400000, 'Interview - For CP', ''),
(6776, 1, 313, 1670209200, 1670234400, 'Meeting with Principal', ''),
(6777, 2, 40, 1670551200, 1670554800, 'Meeting', ''),
(6778, 1, 9, 1670896800, 1670904000, 'Meeting', ''),
(6779, 1, 302, 1670824800, 1670832000, 'Lifestyle Committee Meeting', ''),
(6784, 2, 302, 1671501600, 1671505200, 'Interview - For Dennis', ''),
(6781, 2, 83, 1670896800, 1670900400, 'meeting', ''),
(6782, 1, 351, 1670911200, 1670914800, 'Meeting', ''),
(6783, 2, 123, 1670983200, 1670990400, 'Monthly Service Meeting', ''),
(6785, 2, 302, 1671516000, 1671519600, 'Interview - For Dennis', ''),
(6786, 1, 351, 1672293600, 1672300800, 'Meeting', ''),
(6787, 2, 123, 1673402400, 1673409600, 'Service Monthly meeting', ''),
(6788, 1, 302, 1672902000, 1672909200, 'Lifestyle Committee Meeting', ''),
(6891, 2, 359, 1681983000, 1681984800, 'Conference Call', ''),
(6790, 2, 302, 1673251200, 1673256600, 'Interview - For Cheok', ''),
(6791, 2, 302, 1673244000, 1673247600, 'Interview - For Cheok', ''),
(6792, 2, 197, 1673506800, 1673514000, 'Meeting', ''),
(6793, 1, 351, 1673226000, 1673233200, 'Internal Audit Meeting', ''),
(6795, 2, 313, 1673487000, 1673494200, 'KLA Meeting', ''),
(6796, 1, 351, 1673406000, 1673413200, 'Meeting', ''),
(7630, 1, 233, 1728318600, 1728324000, 'John', ''),
(6798, 1, 345, 1673917200, 1673931600, 'Meeting with AEM', ''),
(6799, 1, 102, 1673575200, 1673582400, 'Foamtec meeting', ''),
(6800, 2, 313, 1673942400, 1673949600, 'Meeting with New Principal Plan Optik', ''),
(6807, 2, 302, 1675666800, 1675670400, 'Interview - For Ronald', ''),
(6808, 2, 302, 1677571200, 1677574800, 'Exit Interview', ''),
(6809, 2, 302, 1675735200, 1675738800, 'Interview - For Ronald', ''),
(6810, 1, 233, 1676860200, 1676863800, '2023 Expenditure Budget Meeting', ''),
(6811, 1, 233, 1676874600, 1676881800, '2023 Expenditure Budget Meeting', ''),
(6812, 2, 123, 1676426400, 1676433600, 'Monthly Service meeting', ''),
(6813, 2, 66, 1675670400, 1675674000, 'discussion', ''),
(6814, 1, 313, 1675737000, 1675742400, 'KLA Meeting', ''),
(6815, 2, 66, 1675749600, 1675753200, 'discussion', ''),
(6816, 2, 302, 1676275200, 1676278800, 'Interview - For Dr Law', ''),
(6817, 2, 302, 1676340000, 1676343600, 'Interview - For Dennis & Kian', ''),
(6818, 2, 313, 1675836000, 1675846800, 'Internal Training for Regional', ''),
(6819, 1, 197, 1675926000, 1675929600, 'Lifestyle', ''),
(6820, 2, 302, 1676253600, 1676257200, 'Interview - For Cheok', ''),
(6821, 1, 83, 1675911600, 1675915200, 'meeting', ''),
(6822, 1, 302, 1676275200, 1676278800, 'Interview - For Cheok', ''),
(6823, 1, 302, 1676343600, 1676347200, 'Interview - For Cheok', ''),
(6824, 2, 302, 1676512800, 1676516400, 'Interview - For Applications', ''),
(6825, 2, 302, 1676448000, 1676451600, 'Exit Interview', ''),
(6826, 2, 255, 1675929600, 1675935000, 'Products Training', ''),
(6827, 1, 302, 1676530800, 1676534400, 'Interview - For CP', ''),
(6828, 2, 313, 1676016000, 1676023200, 'SET Sales Forecast Meeting', ''),
(6829, 1, 302, 1676358000, 1676361600, 'Interview - For Roy', ''),
(6830, 1, 302, 1676602800, 1676606400, 'Interview - For CP', ''),
(6831, 1, 197, 1677164400, 1677168000, 'Shawn- Lifestyle', ''),
(6832, 1, 197, 1677245400, 1677263400, 'UMC CTI Training', ''),
(6834, 1, 233, 1677236400, 1677240000, 'Meeting with CP and Ronnie', ''),
(6835, 2, 126, 1677769200, 1677776400, 'Meeting', ''),
(6836, 1, 40, 1678284000, 1678287600, 'Training Regional Staffs', ''),
(6837, 2, 341, 1678716000, 1678721400, 'TigerOptics training', ''),
(6838, 7, 341, 1678716000, 1678721400, 'TigerOptics training', ''),
(6839, 1, 359, 1678712400, 1678730400, 'Meeting with Principal', ''),
(6840, 1, 255, 1678791600, 1678797000, 'Bertin Meeting', ''),
(6841, 2, 66, 1678804200, 1678809600, 'Quality', ''),
(6842, 1, 173, 1678878000, 1678899600, 'IND Training', ''),
(6843, 1, 173, 1678957200, 1678986000, 'IND Training', ''),
(6844, 1, 10, 1679652000, 1679661000, 'Meeting with Wushi Semiconductor', ''),
(6845, 2, 302, 1679666400, 1679670000, 'Interview - For HR', ''),
(6847, 2, 302, 1679562000, 1679565600, 'Interview - For HR', ''),
(6850, 2, 302, 1679497200, 1679500800, 'Interview - For CP', ''),
(7629, 2, 341, 1728295200, 1728302400, 'Customer meeting', ''),
(6852, 2, 302, 1679925600, 1679929200, 'Interview - For HR', ''),
(6853, 2, 302, 1680080400, 1680084000, 'Interview - For HR', ''),
(6854, 2, 302, 1679929200, 1679932800, 'Interview - For HR', ''),
(6855, 1, 302, 1679929200, 1679932800, 'Interview - For CP', ''),
(6856, 2, 302, 1679932800, 1679936400, 'Exit Interview', ''),
(6857, 2, 313, 1680017400, 1680026400, 'Filmetrics Training for RayBan Luxottica India', ''),
(6858, 2, 302, 1680188400, 1680192000, 'Interview - For HR', ''),
(6859, 1, 302, 1680012000, 1680015600, 'Interview - For HR', ''),
(6860, 2, 123, 1680688800, 1680696000, 'Service Monthly meeting', ''),
(6864, 2, 313, 1680267600, 1680274800, 'KLA Meeting for India Market', ''),
(6862, 2, 302, 1680537600, 1680541200, 'Interview - For Kian', ''),
(6863, 2, 302, 1680516000, 1680519600, 'HR - Signing of LOA', ''),
(6865, 1, 302, 1681718400, 1681729200, 'Orientation', ''),
(6866, 2, 302, 1680777000, 1680780600, 'Interview - Roy', ''),
(6868, 1, 302, 1680274800, 1680278400, 'Interview - For Pei Lin', ''),
(6870, 2, 313, 1680604200, 1680609600, 'KLA Sales Meeting', ''),
(6871, 1, 10, 1681401600, 1681408800, 'Meeting with Cheersonics', ''),
(6873, 2, 83, 1681295400, 1681299000, 'Interview', ''),
(6875, 1, 10, 1681209000, 1681216200, 'Meeting with Lebo Optical', ''),
(7628, 1, 341, 1728309600, 1728316800, 'Supplier Meeting', ''),
(6877, 2, 9, 1681401600, 1681407000, 'Interview', ''),
(7667, 1, 379, 1730194200, 1730197800, 'Polycold service meeting', ''),
(6879, 2, 83, 1681902000, 1681905600, 'Interview', ''),
(6880, 2, 302, 1681815600, 1681819200, 'Interview', ''),
(6881, 2, 302, 1682344800, 1682350200, 'Interview', ''),
(6882, 1, 255, 1681729200, 1681740000, 'Meeting with Principal_Fluigent', ''),
(6885, 1, 7, 1681812000, 1681815600, 'CTI Training', ''),
(6886, 1, 7, 1681815600, 1681819200, 'CTI Training', ''),
(6887, 1, 7, 1681819200, 1681840800, 'CTI Training', ''),
(6888, 2, 302, 1683298800, 1683302400, 'Opto Audit', ''),
(6995, 1, 367, 1689602400, 1689606000, 'interview - Dr Law / Eric', ''),
(7029, 2, 173, 1691487000, 1691490600, 'meeting - White Knight', ''),
(7024, 2, 367, 1691661600, 1691665200, 'interview - Dr Law / Eric', ''),
(7025, 1, 359, 1691161200, 1691168400, 'Meeting', ''),
(7026, 1, 359, 1691402400, 1691431200, 'Meeting & Training', ''),
(7030, 2, 367, 1691748000, 1691751600, 'interview - ong pei lin', ''),
(7028, 1, 197, 1691488800, 1691492400, 'Shawn- CTI disccusion for UMC', ''),
(7031, 1, 65, 1691492400, 1691496000, 'meeting', ''),
(7032, 2, 367, 1692021600, 1692025200, 'interview - Kian', ''),
(7033, 2, 302, 1692090000, 1692097200, 'Signing of LOA', ''),
(7034, 2, 302, 1692606600, 1692613800, 'New Hire Orientation', ''),
(7035, 2, 302, 1695025800, 1695033000, 'New Hire Orientation', ''),
(7037, 2, 302, 1692367200, 1692374400, 'Signing of LOA', ''),
(7626, 1, 379, 1729591200, 1729594800, 'Polycold service meeting', ''),
(7039, 2, 313, 1692180000, 1692187200, 'System General Monthly Sales Meeting', ''),
(7040, 1, 137, 1692284400, 1692288000, 'Pixel Mechanics Meeting', ''),
(7646, 1, 379, 1729071000, 1729074600, 'Polycold weekly service meeting', ''),
(7042, 2, 147, 1692694800, 1692698400, 'Meeting', ''),
(7043, 2, 147, 1692698400, 1692702000, 'Meeting', ''),
(7044, 2, 147, 1692702000, 1692705600, 'Meeting', ''),
(7045, 2, 367, 1692712800, 1692716400, 'interview - Dr Law / Eric', ''),
(7046, 1, 302, 1692613800, 1692619200, 'Hayden - Meeting', ''),
(7047, 1, 197, 1692712800, 1692716400, 'Shawn- Lifestyle', ''),
(7048, 1, 313, 1692698400, 1692705600, 'KLA Meeting', ''),
(7049, 2, 367, 1692892800, 1692896400, 'interview - Dr Law / Eric', ''),
(7050, 1, 366, 1692799200, 1692811800, 'Meeting', ''),
(7051, 2, 367, 1692957600, 1692961200, 'interview - ong pei lin', ''),
(7052, 2, 367, 1692972000, 1692975600, 'interview - ong pei lin', ''),
(7053, 1, 313, 1692972000, 1692979200, 'Internal Meeting', ''),
(7054, 2, 367, 1693490400, 1693494000, 'Interview - Dennis Li', ''),
(7055, 1, 83, 1693314000, 1693321200, 'Meeting', ''),
(7056, 1, 65, 1693321200, 1693324800, 'meeting', ''),
(7057, 2, 367, 1693836000, 1693839600, 'interview - ong pei lin', ''),
(7058, 2, 367, 1693821600, 1693825200, 'interview - ong pei lin', ''),
(7059, 2, 302, 1693908000, 1693911600, 'Interview - For Wai Cheung', ''),
(7069, 1, 302, 1693904400, 1693908000, 'Signing of LOA', ''),
(7064, 1, 197, 1693839600, 1693846800, 'Shawn- Lifestyle', ''),
(7673, 2, 313, 1730300400, 1730311200, 'Sales Training for New Principal DIP-View France', ''),
(7068, 2, 367, 1693922400, 1693926000, 'Interview - Dennis Li', ''),
(7624, 1, 379, 1728381600, 1728385200, 'Polycold service meeting', ''),
(7072, 2, 302, 1693989000, 1693996200, 'New Hire Orientation', ''),
(7073, 2, 126, 1694080800, 1694088000, 'meeting', ''),
(7074, 1, 345, 1694167200, 1694178000, 'meeting', ''),
(7076, 1, 316, 1694523600, 1694530800, 'meeting', ''),
(7077, 2, 367, 1695117600, 1695121200, 'interview - Kian', ''),
(7078, 2, 367, 1695132000, 1695135600, 'Interview - Cheok', ''),
(7623, 2, 313, 1727967600, 1727971200, 'MS Team meeting for Application Candidates', ''),
(7083, 1, 367, 1695045600, 1695049200, 'interview - John', ''),
(7081, 2, 175, 1695376800, 1695385800, 'Conduct CTI Training', ''),
(7084, 2, 229, 1695045600, 1695060000, 'Plan Optik visit', ''),
(7085, 1, 313, 1695119400, 1695124800, 'KLA Meeting', ''),
(7086, 1, 313, 1695132000, 1695146400, 'Plan Optik Principal Visit and Meeting', ''),
(7087, 2, 313, 1695204000, 1695211200, 'System General Monthly Sales Meeting', ''),
(7088, 2, 233, 1695135600, 1695139200, 'John - Interview', ''),
(7089, 2, 302, 1697036400, 1697040000, 'Exit Interview', ''),
(7090, 2, 352, 1695391200, 1695394800, 'meeting', ''),
(7091, 1, 341, 1695207600, 1695213000, 'meeting', ''),
(7092, 1, 130, 1696338000, 1696356000, 'meeting', ''),
(7622, 2, 33, 1727964000, 1727967600, 'Meeting with forwarder', ''),
(7094, 1, 351, 1695726000, 1695729600, 'meeting', ''),
(7095, 1, 316, 1695821400, 1695825000, 'meeting', ''),
(7096, 1, 302, 1697531400, 1697565600, 'Digital Workplace 2.0', ''),
(7101, 1, 302, 1697704200, 1697738400, 'Digital Workplace 2.0', ''),
(7098, 2, 367, 1696327200, 1696330800, 'interview - Dr Law / Eric', ''),
(7099, 2, 367, 1696500000, 1696503600, 'interview - Dr Law / Eric', ''),
(7100, 2, 367, 1696341600, 1696345200, 'interview - Dr Law / Eric', ''),
(7621, 1, 341, 1727793000, 1727794800, 'meeting', ''),
(7103, 1, 313, 1696329000, 1696336200, 'KLA Sales Meeting', ''),
(7620, 1, 341, 1727794800, 1727798400, 'meeting', ''),
(7105, 2, 367, 1697454000, 1697457600, 'interview - Sandy', ''),
(7106, 1, 10, 1697022000, 1697027400, 'Meeting with Wushi Semiconductor', ''),
(7107, 1, 341, 1696935600, 1696941000, 'Process Insight supplier meeting', ''),
(7108, 2, 255, 1697212800, 1697216400, 'Microfluidic discussion', ''),
(7109, 1, 359, 1697450400, 1697479200, 'For Principal Meeting', ''),
(7110, 2, 359, 1697536800, 1697542200, 'For Principal Meeting', ''),
(7111, 2, 341, 1697731200, 1697734800, 'Customer Meeting', ''),
(7112, 1, 233, 1698163200, 1698168600, 'Meeting', ''),
(7113, 2, 367, 1698674400, 1698678000, 'interview - Kian', ''),
(7114, 1, 367, 1699345800, 1699378200, 'Digital Workplace 2.0', ''),
(7115, 1, 367, 1699518600, 1699551000, 'Digital Workplace 2.0', ''),
(7116, 1, 367, 1699950600, 1699983000, 'Digital Workplace 2.0', ''),
(7117, 1, 367, 1700123400, 1700155800, 'Digital Workplace 2.0', ''),
(7118, 1, 367, 1700555400, 1700587800, 'Digital Workplace 2.0', ''),
(7119, 1, 367, 1700728200, 1700760600, 'Digital Workplace 2.0', ''),
(7120, 1, 367, 1701765000, 1701797400, 'Digital Workplace 2.0', ''),
(7121, 1, 367, 1701937800, 1701970200, 'Digital Workplace 2.0', ''),
(7122, 1, 367, 1702974600, 1703007000, 'Digital Workplace 2.0', ''),
(7123, 1, 367, 1703147400, 1703179800, 'Digital Workplace 2.0', ''),
(7124, 2, 302, 1699023600, 1699027200, 'Opto - Internal Audit', ''),
(7131, 2, 302, 1700641800, 1700676000, 'CPP Program', ''),
(7126, 1, 7, 1699275600, 1699279200, 'CTI Training', ''),
(7127, 1, 7, 1699279200, 1699282800, 'CTI Training', ''),
(7128, 1, 7, 1699282800, 1699293600, 'CTI Training', ''),
(7129, 2, 7, 1699362000, 1699380000, 'CTI Training', ''),
(7130, 2, 7, 1699624800, 1699635600, 'CTI Training', ''),
(7156, 2, 302, 1700728200, 1700735400, 'New Hire Orientation', ''),
(7133, 2, 302, 1700814600, 1700848800, 'CCP Program', ''),
(7619, 2, 313, 1727778600, 1727784000, 'KLA Bi-weekly meeting', ''),
(7135, 2, 123, 1698919200, 1698926400, 'Service meeting', ''),
(7136, 2, 313, 1698748200, 1698753600, 'KLA Sales Meeting', ''),
(7138, 1, 233, 1698847200, 1698854400, 'Meeting', ''),
(7139, 1, 366, 1699005600, 1699011000, 'Meeting ILC DOVER', ''),
(7672, 1, 359, 1731060000, 1731069000, 'Meeting and Discussion', ''),
(7146, 1, 233, 1699453800, 1699459200, 'Meeting', ''),
(7147, 1, 9, 1700661600, 1700672400, 'meeting', ''),
(7618, 2, 379, 1727877600, 1727881200, 'Polycold service regional meeting', ''),
(7149, 2, 313, 1699957800, 1699963200, 'KLA Meeting', ''),
(7150, 2, 302, 1701073800, 1701075600, 'Signing of LOA', ''),
(7151, 1, 251, 1700229600, 1700240400, 'Meeting', ''),
(7152, 2, 313, 1700497800, 1700503200, 'SET Sales Forecast Meeting', ''),
(7153, 2, 302, 1701678600, 1701685800, 'New Hire Orientation', ''),
(7154, 2, 313, 1701180000, 1701194400, 'KLA-APP-Reliance FAT Meeting', ''),
(7161, 2, 313, 1701252000, 1701255600, 'Meeting with APPM CH and Steven', ''),
(7617, 1, 379, 1727776800, 1727780400, 'Polycold service meeting', ''),
(7158, 1, 102, 1701079200, 1701088200, 'Kluber meeting', ''),
(7159, 2, 40, 1701160200, 1701171000, 'meeting', ''),
(7160, 1, 302, 1701167400, 1701172800, 'Lifestyle Committee Meeting', ''),
(7162, 2, 313, 1701275400, 1701280800, 'Meeting with Reliance India', ''),
(7163, 1, 233, 1701439200, 1701446400, 'Budget Meeting', ''),
(7164, 1, 233, 1701334800, 1701345600, 'Budget Meeting', ''),
(7165, 1, 233, 1701352800, 1701360000, 'Budget Meeting', ''),
(7167, 1, 316, 1701874800, 1701878400, 'meeting', ''),
(7168, 1, 123, 1701680400, 1701684000, 'Meeting', ''),
(7169, 2, 123, 1701856800, 1701864000, 'Monthly Service meeting', ''),
(7170, 2, 313, 1701874800, 1701878400, 'KLA Meeting', ''),
(7171, 2, 363, 1701943200, 1701950400, 'meeting', ''),
(7616, 1, 383, 1727708400, 1727712000, 'meeting', ''),
(7174, 1, 302, 1702638000, 1702641600, 'For Ong WK - Customer Visit', ''),
(7671, 2, 359, 1730710800, 1730728800, 'Product Training', ''),
(7615, 2, 313, 1727712000, 1727719200, 'Sales Meeting with SET Principal', ''),
(7179, 2, 126, 1702911600, 1702915200, 'meeting', ''),
(7669, 1, 251, 1730286000, 1730289600, 'Meeting', ''),
(7670, 2, 377, 1730197800, 1730203200, 'KLA Meeting', ''),
(7183, 1, 359, 1703077200, 1703095200, 'Meeting with Xonox Principal', ''),
(7184, 2, 313, 1703068200, 1703073600, 'KLA Sales Meeting', ''),
(7185, 2, 147, 1703156400, 1703160000, 'Meeting', ''),
(7186, 2, 147, 1703160000, 1703163600, 'Meeting', ''),
(7188, 1, 302, 1704450600, 1704454200, 'Meeting Raymond Lee', ''),
(7189, 2, 123, 1704276000, 1704283200, 'Monthly Service Meeting', ''),
(7666, 2, 130, 1730113200, 1730118600, 'Meeting', ''),
(7191, 1, 123, 1704898800, 1704906000, 'Lifestyle committee meeting', ''),
(7664, 2, 102, 1729760400, 1729771200, 'Foamtec Training', ''),
(7196, 1, 351, 1706104800, 1706108400, 'management review meeting', ''),
(7197, 2, 341, 1704898800, 1704902400, 'Customer Meeting', ''),
(7198, 2, 175, 1706256000, 1706288400, 'Demo Filmetric Machine to Customers', ''),
(7199, 2, 175, 1705564800, 1705601100, 'regional training', ''),
(7200, 2, 175, 1705651200, 1705687500, 'regional training', ''),
(7201, 2, 367, 1705336200, 1705339800, 'interview - Sandy', ''),
(7202, 1, 363, 1705309200, 1705341900, 'training', ''),
(7204, 1, 363, 1705395600, 1705428300, 'training', ''),
(7205, 1, 363, 1705482000, 1705514700, 'training', ''),
(7665, 1, 233, 1730199600, 1730203200, 'John', ''),
(7662, 1, 123, 1729695600, 1729702800, 'Lifestyle meeting', ''),
(7208, 2, 251, 1705485600, 1705489200, 'Meeting', ''),
(7212, 1, 102, 1705568400, 1705581000, 'meeting', ''),
(7210, 2, 359, 1705500000, 1705509000, 'Meeting', ''),
(7211, 1, 83, 1705662000, 1705665600, 'Training for SSB', ''),
(7215, 2, 302, 1705935600, 1705939200, 'Signing of LOA', ''),
(7242, 1, 130, 1707318000, 1707328800, 'meeting with principal', ''),
(7614, 2, 313, 1727708400, 1727712000, 'Bi-weekly meeting with APP Thailand', ''),
(7217, 1, 341, 1706608800, 1706616000, 'PI TigerOptics Meeting', ''),
(7218, 1, 65, 1706018400, 1706029200, 'meeting', ''),
(7219, 2, 302, 1706517000, 1706524200, 'New Hire Orientation', ''),
(7220, 1, 173, 1706005800, 1706011200, 'white knight', ''),
(7221, 2, 10, 1706007600, 1706011200, 'Meeting with James, Raymond, Rudy & Khor (Solvay Matters)', ''),
(7222, 2, 348, 1706016600, 1706022000, 'Meeting with Customer to DEMO HiScroll Pump', ''),
(7223, 2, 313, 1706112000, 1706119200, 'Meeting with P+F Germany for System General Proposal', ''),
(7224, 2, 367, 1706176800, 1706180400, 'interview - Michael Toy', ''),
(7225, 1, 65, 1706536800, 1706544000, 'meeting', ''),
(7226, 2, 367, 1706781600, 1706785200, 'interview - Michael Toy', ''),
(7227, 1, 341, 1706695200, 1706713200, 'PI TigerOptics Supplier Visit and Meeting', ''),
(7228, 2, 123, 1706693400, 1706698800, 'Service meeting', ''),
(7229, 2, 367, 1706882400, 1706886000, 'interview - James Lee / Dennis Li', ''),
(7230, 1, 302, 1708606800, 1708621200, 'TEWP Training', ''),
(7613, 2, 313, 1727686800, 1727690400, 'Meeting call with KLA Filmetrics', ''),
(7237, 2, 367, 1707314400, 1707318000, 'Interview - Dennis Li', ''),
(7235, 2, 313, 1707138000, 1707141600, 'KLA Urgent Meeting', ''),
(7236, 1, 367, 1707147000, 1707150600, 'interview - Sandy', ''),
(7238, 2, 123, 1707300000, 1707307200, 'Service Meeting', ''),
(7239, 2, 175, 1707206400, 1707238800, 'Conduct Filmetric Training to APP Philippines', ''),
(7240, 1, 102, 1707296400, 1707318000, 'training', ''),
(7241, 2, 123, 1707318000, 1707325200, 'lifestyle meeting', ''),
(7243, 2, 367, 1708005600, 1708009200, 'Interview - Cheok', ''),
(7244, 2, 367, 1707904800, 1707908400, 'interview - Sandy', ''),
(7245, 2, 367, 1708437600, 1708441200, 'interview - Sandy', ''),
(7246, 2, 367, 1708446600, 1708450200, 'interview-Cheok', ''),
(7247, 2, 367, 1708596000, 1708599600, 'interview - Sandy', ''),
(7249, 2, 367, 1708610400, 1708614000, 'interview - Sandy', ''),
(7250, 2, 255, 1708095600, 1708099200, 'Discussion of BM plan for 2024', ''),
(7251, 2, 255, 1708102800, 1708106400, 'Fluigent Zoom Meeting', ''),
(7611, 1, 123, 1727863200, 1727870400, 'Service Monthly Meeting', ''),
(7253, 1, 302, 1708340400, 1708344000, 'Meeting - Ong WK', ''),
(7254, 2, 313, 1708425000, 1708430400, 'KLA Sales Meeting', ''),
(7255, 1, 351, 1708934400, 1708970700, 'ISO external Audit', ''),
(7256, 2, 182, 1708700400, 1708707600, 'VEO PV Group Meeting', ''),
(7258, 1, 255, 1708621200, 1708624800, 'Fluigent Zoom Meeting', ''),
(7259, 2, 367, 1709130600, 1709134200, 'interview - Darren | Stanley | Michael', ''),
(7260, 2, 313, 1708938000, 1708970400, 'Training for APPM Sales Jason Koay', ''),
(7261, 2, 313, 1709024400, 1709056800, 'Training for APPM Sales Jason Koay', ''),
(7262, 1, 233, 1709546400, 1709551800, '2024 Expenditure Budget Meeting', ''),
(7265, 1, 233, 1709649000, 1709654400, '2024 Expenditure Budget Meeting', ''),
(7264, 1, 233, 1709632800, 1709638200, '2024 Expenditure Budget Meeting', ''),
(7266, 2, 147, 1709200800, 1709204400, 'Meeting', ''),
(7267, 2, 147, 1709204400, 1709208000, 'Meeting', ''),
(7268, 1, 363, 1709735400, 1709742600, 'meeting', ''),
(7269, 2, 147, 1709546400, 1709553600, 'meeting', ''),
(7281, 1, 359, 1709557200, 1709564400, 'Meeting and Discussion with SCI Principal', ''),
(7271, 1, 307, 1710154800, 1710158400, 'meeting', ''),
(7272, 1, 307, 1710759600, 1710763200, 'meeting', ''),
(7273, 1, 307, 1711364400, 1711368000, 'meeting', ''),
(7274, 2, 7, 1709560800, 1709568000, 'meeting', ''),
(7275, 1, 307, 1711969200, 1711972800, 'meeting', ''),
(7276, 1, 307, 1712574000, 1712577600, 'meeting', ''),
(7277, 1, 307, 1713178800, 1713182400, 'meeting', ''),
(7278, 1, 307, 1713783600, 1713787200, 'meeting', ''),
(7279, 1, 307, 1714388400, 1714392000, 'meeting', ''),
(7280, 2, 359, 1709631000, 1709640000, 'Meeting with Umicore Principal', ''),
(7282, 1, 65, 1709564400, 1709575200, 'meeting with principal', ''),
(7283, 2, 123, 1710324000, 1710331200, 'Service Monthly Meeting', ''),
(7284, 2, 367, 1709733600, 1709737200, 'Interview - Dennis Li', ''),
(7285, 2, 367, 1709823600, 1709827200, 'Interview - Cheok', ''),
(7286, 1, 83, 1710237600, 1710266400, 'Meeting with PH Instru', ''),
(7287, 1, 83, 1711447200, 1711465200, 'Meeting with Proterial', ''),
(7288, 2, 33, 1709650800, 1709654400, 'MEETING', ''),
(7289, 1, 341, 1709722800, 1709726400, 'PI TigerOptics Meeting', ''),
(7290, 1, 313, 1709823600, 1709830800, 'Meeting with Applied Materials for Stylus Demo', ''),
(7291, 1, 83, 1711533600, 1711562400, 'Meeting with Proterial', ''),
(7292, 1, 83, 1710342000, 1710352800, 'Meeting with PH Instru', ''),
(7293, 2, 313, 1710259200, 1710273600, 'KLA Principal Visit', ''),
(7294, 2, 175, 1710495000, 1710522000, 'Demo Filmetric Machine to Customers', ''),
(7295, 2, 147, 1710151200, 1710158400, 'Meeting', ''),
(7296, 1, 367, 1710511200, 1710514800, 'interview - James Lee', ''),
(7297, 2, 367, 1710237600, 1710241200, 'interview - Sandy', ''),
(7298, 2, 367, 1710414000, 1710417600, 'interview - Sandy', ''),
(7299, 2, 147, 1710169200, 1710172800, 'Meeting', ''),
(7301, 1, 367, 1710514800, 1710518400, 'interview - Michael Toy / Darren / Stanley', ''),
(7302, 2, 302, 1710252000, 1710255600, 'Michael Toy - KLA Principal Visit', ''),
(7303, 1, 123, 1710428400, 1710435600, 'Lifestyle Meeting', ''),
(7660, 2, 390, 1731315600, 1731326400, 'ISO Audit', ''),
(7306, 1, 366, 1710945000, 1710952200, 'Hannve Tec training', ''),
(7610, 2, 302, 1727863200, 1727866800, 'Interview - For Cheok', ''),
(7308, 1, 307, 1714993200, 1714996800, 'meeting', ''),
(7309, 1, 307, 1715598000, 1715601600, 'meeting', ''),
(7310, 1, 307, 1716202800, 1716206400, 'meeting', ''),
(7311, 1, 307, 1716807600, 1716811200, 'meeting', ''),
(7312, 1, 363, 1710928800, 1710937800, 'meeting', ''),
(7313, 1, 10, 1711119600, 1711126800, 'Meeting with Buhler SEA (Rafael Diem)', ''),
(7314, 2, 147, 1711105200, 1711112400, 'Meeting', ''),
(7315, 2, 302, 1711465200, 1711468800, 'Interview - For Dennis Li', ''),
(7316, 1, 173, 1712066400, 1712073600, 'Meeting with Dalgakiran', ''),
(7317, 1, 173, 1712073600, 1712080800, 'Meeting with Enterprise Singapore', ''),
(7609, 1, 313, 1727362800, 1727370000, 'Meeting with DIP-View Prinicipal', ''),
(7319, 2, 367, 1712588400, 1712592000, 'interview - CP Lee', ''),
(7321, 2, 313, 1711989000, 1711992600, 'Meeting with SG Principal and Sanmina SCI', ''),
(7323, 2, 313, 1712052000, 1712055600, 'KLA Sales Meeting', ''),
(7324, 2, 313, 1712154600, 1712161800, 'iStar New Principal for Company Introduction', ''),
(7325, 1, 255, 1712156400, 1712160000, 'Fluigent Zoom Meeting', ''),
(7326, 1, 83, 1712313000, 1712318400, 'CTI Meeting', ''),
(7327, 1, 251, 1712588400, 1712592000, 'Meeting', ''),
(7328, 2, 123, 1712656800, 1712664000, 'Service Monthly meeting', ''),
(7329, 2, 367, 1713537000, 1713540600, 'Interview - Cheok', ''),
(7330, 2, 175, 1713949200, 1713978000, 'Filmetrics Training', ''),
(7331, 2, 175, 1714035600, 1714064400, 'Filmetrics Training', ''),
(7332, 2, 175, 1714122000, 1714134600, 'Filmetrics Training', ''),
(7335, 2, 302, 1712916000, 1712919600, 'Meeting with Vendor', ''),
(7334, 2, 313, 1712851200, 1712858400, 'Meeting with new supplier iSTAR', ''),
(7608, 1, 313, 1727346600, 1727352000, 'Meeting with TDK Philippines for KLA Stylus Discussion', ''),
(7337, 2, 313, 1712937600, 1712944800, 'Meeting with New Principal Dip-View France', ''),
(7338, 2, 367, 1713178800, 1713182400, 'interview - Michael Toy / Darren / Stanley', ''),
(7606, 1, 233, 1727262000, 1727265600, 'John', ''),
(7340, 2, 367, 1713366000, 1713369600, 'interview - Michael Toy / Darren / Stanley', ''),
(7341, 2, 313, 1713263400, 1713268800, 'KLA Bi-weekly Sales Meeting', ''),
(7352, 1, 251, 1713456000, 1713461400, 'Meeting', ''),
(7346, 2, 367, 1713452400, 1713456000, 'interview - Michael Toy / Darren / Stanley', ''),
(7347, 2, 367, 1713434400, 1713438000, 'interview - Sandy', ''),
(7348, 2, 367, 1713780000, 1713783600, 'interview - Sandy', ''),
(7349, 2, 367, 1713868200, 1713873600, 'interview - Sandy / Kelly', ''),
(7350, 2, 65, 1713445200, 1713452400, 'meeting', ''),
(7351, 1, 367, 1713952800, 1713956400, 'interview - Sandy / Kelly', ''),
(7605, 1, 302, 1727254800, 1727262000, 'HR/Admin Meeting', ''),
(7354, 2, 302, 1713886200, 1713889800, 'Discussion', ''),
(7355, 1, 367, 1713868200, 1713871800, 'interview - Michael Toy / Darren / Stanley', ''),
(7357, 1, 367, 1714127400, 1714131000, 'interview - Michael Toy / Darren', ''),
(7358, 1, 65, 1715263200, 1715274000, 'meeting', ''),
(7359, 2, 367, 1714645800, 1714649400, 'interview - Michael Toy / Darren', ''),
(7360, 1, 307, 1717412400, 1717416000, 'meeting', ''),
(7361, 1, 307, 1718017200, 1718020800, 'meeting', ''),
(7362, 1, 307, 1719226800, 1719230400, 'meeting', ''),
(7363, 2, 123, 1715180400, 1715187600, 'Service Monthly Meeting', ''),
(7364, 1, 251, 1714644000, 1714653000, 'Meeting', ''),
(7365, 2, 367, 1714730400, 1714734000, 'interview - Sandy/Kelly', ''),
(7366, 1, 302, 1714752000, 1714755600, 'Interview - For CP', ''),
(7367, 2, 367, 1714991400, 1714995000, 'interview - Michael Toy / Darren', ''),
(7368, 2, 302, 1717167600, 1717171200, 'Exit Interview - Danial Hakim', ''),
(7369, 1, 302, 1715011200, 1715014800, 'Interview - For CP', ''),
(7370, 2, 367, 1715162400, 1715166000, 'Interview- Sandy / Kelly', ''),
(7371, 2, 302, 1715070600, 1715074200, 'New Hire Orientation - Mritenya', ''),
(7372, 1, 302, 1715166000, 1715171400, 'Interview - For CP', ''),
(7377, 2, 313, 1715335200, 1715342400, 'Bi-weekly meeting with Thailand and Philippines', ''),
(7374, 2, 197, 1715587200, 1715623200, 'Noah Service Training', ''),
(7375, 2, 197, 1715673600, 1715709600, 'Noah Service Training', ''),
(7604, 1, 10, 1727173800, 1727199000, 'Meeting with SCI (USA)', ''),
(7378, 1, 197, 1715351400, 1715355000, 'Noah Discussion', ''),
(7379, 2, 367, 1715356800, 1715364000, 'interview - Sandy / Kelly', ''),
(7380, 2, 302, 1715848200, 1715855400, 'Orientation', ''),
(7381, 1, 313, 1715616000, 1715619600, 'Meeting with Adaptsys Principal', ''),
(7382, 1, 313, 1715682600, 1715688000, 'KLA Bi-weekly Sales Meeting', ''),
(7383, 2, 367, 1715868000, 1715871600, 'Interview - Dennis Li', ''),
(7384, 1, 363, 1715769000, 1715776200, 'meeting', ''),
(7385, 2, 313, 1715788800, 1715792400, 'Meeting with Adaptsys Principal', ''),
(7386, 1, 102, 1715855400, 1715862600, 'Solvay Meeting', ''),
(7387, 1, 313, 1715871600, 1715878800, 'Product Training with APPM from AMTEC.Pro Principal', ''),
(7388, 2, 313, 1715940000, 1715943600, 'Meeting with Ells Worth for Filmetrics Introduction', ''),
(7389, 2, 313, 1715959800, 1715963400, 'Meeting with New Supplier MEL SRL', ''),
(7390, 2, 255, 1716202800, 1716210000, 'meeting', ''),
(7391, 1, 363, 1716301800, 1716305400, 'meeting', ''),
(7393, 2, 255, 1716309000, 1716314400, 'meeting', ''),
(7394, 2, 123, 1716562800, 1716570000, 'LIfestyle meeting', ''),
(7603, 2, 123, 1727103600, 1727110800, 'Lifestyle meeting', ''),
(7678, 2, 123, 1730887200, 1730894400, 'Service Monthly meeting', ''),
(7677, 2, 147, 1730804400, 1730808000, 'Meeting with Distributor', ''),
(7400, 2, 367, 1718708400, 1718712000, 'interview - Dennis Li', ''),
(7401, 2, 123, 1720000800, 1720008000, 'Monthly Service meeting', ''),
(7402, 2, 345, 1717509600, 1717513200, 'meeting', ''),
(7403, 2, 123, 1717581600, 1717588800, 'Service Monthly meeting', ''),
(7404, 2, 313, 1717516800, 1717524000, 'XTPL Meeting', ''),
(7405, 1, 313, 1717599600, 1717606800, 'KLA Meeting for India Territory', ''),
(7406, 2, 345, 1717685100, 1717696800, 'meeting', ''),
(7407, 2, 341, 1717772400, 1717777800, 'Customer Meeting', ''),
(7408, 2, 255, 1717750800, 1717754400, 'NUS Customer Meeting', ''),
(7409, 2, 313, 1717758000, 1717761600, 'Bi-weekly meeting with APP Philippines', ''),
(7410, 1, 313, 1717768800, 1717772400, 'Meeting for Thailand Candidate', ''),
(7412, 1, 255, 1717774200, 1717777800, 'Monthly Sales Update', ''),
(7413, 1, 251, 1720173600, 1720179000, 'Meeting', ''),
(7602, 1, 255, 1726844400, 1726848000, 'BM sales discussion', ''),
(7416, 1, 130, 1718101800, 1718107200, 'meeting', ''),
(7417, 2, 313, 1718100000, 1718107200, 'meeting', ''),
(7418, 2, 328, 1718116200, 1718119800, 'meeting', ''),
(7419, 1, 197, 1718361000, 1718366400, 'Shawn Meeting', ''),
(7420, 1, 363, 1718877600, 1718884800, 'meeting', ''),
(7421, 2, 10, 1719225000, 1719230400, 'Meeting with XTPL', ''),
(7422, 2, 367, 1719309600, 1719313200, 'Interview - Dennis Li', ''),
(7423, 1, 137, 1719313200, 1719316800, 'meeting', ''),
(7424, 1, 307, 1719498600, 1719502200, 'meeting', ''),
(7425, 2, 359, 1719325800, 1719330300, 'Meeting', ''),
(7426, 2, 367, 1719414000, 1719417600, 'interview - James Lee', ''),
(7428, 1, 307, 1719831600, 1719835200, 'meeting', ''),
(7429, 2, 307, 1719824400, 1719828000, 'meeting', ''),
(7676, 2, 147, 1730800800, 1730804400, 'Meeting with Distributor', ''),
(7431, 1, 307, 1720429200, 1720440000, 'meeting', ''),
(7432, 1, 307, 1721034000, 1721044800, 'meeting', ''),
(7433, 1, 307, 1721638800, 1721649600, 'meeting', ''),
(7434, 1, 307, 1722243600, 1722254400, 'meeting', ''),
(7763, 1, 251, 1736418600, 1736424000, 'Meeting with JCI', ''),
(7436, 2, 341, 1719829800, 1719831600, 'Customer meeting', ''),
(7437, 1, 313, 1719842400, 1719856800, 'Training for Gina', ''),
(7438, 2, 123, 1719916200, 1719923400, 'Lifestyle meeting', ''),
(7439, 2, 137, 1719928800, 1719943200, 'meeting', ''),
(7444, 1, 147, 1720090800, 1720094400, 'Meeting', ''),
(7441, 1, 307, 1720017000, 1720024200, 'SAP Training', ''),
(7443, 1, 217, 1719928800, 1719936000, 'SAP Training', ''),
(7445, 1, 233, 1720188000, 1720191600, 'John - Briefing of finance policies and forms', ''),
(7446, 2, 359, 1720107000, 1720110600, 'Meeting', ''),
(7454, 2, 201, 1720432800, 1720440000, 'Discussion', ''),
(7448, 2, 255, 1720090800, 1720094400, 'BM sales discussion', ''),
(7449, 1, 316, 1720103400, 1720107000, 'meeting', ''),
(7675, 2, 307, 1730903400, 1730910600, 'Meeting', ''),
(7451, 2, 313, 1720173600, 1720177200, 'Meeting with AMS Osram Malaysia for Filmetrics Discussion', ''),
(7452, 2, 313, 1720177200, 1720180800, 'Bi-weekly meeting with APP Philippines', ''),
(7456, 2, 341, 1720605600, 1720609200, 'Meeting with Reliya', ''),
(7457, 1, 9, 1720710000, 1720715400, 'meeting', ''),
(7458, 2, 313, 1720630800, 1720634400, 'Meeting with SET Principal Francois', ''),
(7459, 2, 313, 1720713600, 1720720800, 'Meeting for SET Principal', ''),
(7460, 2, 359, 1720798200, 1720801800, 'Meeting', ''),
(7461, 2, 359, 1721055600, 1721059200, 'Meeting', ''),
(7462, 1, 367, 1721289600, 1721322000, 'regional meeting', ''),
(7463, 1, 367, 1721376000, 1721394000, 'regional meeting', ''),
(7464, 1, 130, 1721224800, 1721235600, 'meeting', ''),
(7465, 1, 173, 1721401200, 1721408400, 'meeting', ''),
(7466, 2, 379, 1721311200, 1721316600, 'Polycold service discussion', ''),
(7467, 1, 173, 1721656800, 1721660400, 'Supplier Visit', ''),
(7468, 2, 10, 1721644200, 1721649600, 'Training', ''),
(7469, 2, 359, 1721746800, 1721752200, 'Meeting', ''),
(7471, 2, 341, 1721818800, 1721822400, 'Meeting with GF Giga and K-max', ''),
(7472, 1, 341, 1721750400, 1721754000, 'Meeting with GF Procurement', ''),
(7473, 2, 175, 1722006000, 1722016800, 'Filmetrics Training', ''),
(7474, 1, 379, 1721815200, 1721818800, 'for meeting w WD Penang', ''),
(7475, 1, 379, 1721894400, 1721901600, 'for Edwards online meeting', ''),
(7476, 1, 123, 1722006000, 1722013200, 'Lifestyle Meeting', ''),
(7477, 1, 351, 1721905200, 1721908800, 'meeting', ''),
(7478, 1, 307, 1722848400, 1722859200, 'meeting', ''),
(7479, 1, 307, 1723453200, 1723464000, 'meeting', ''),
(7480, 1, 307, 1724058000, 1724068800, 'meeting', ''),
(7481, 1, 307, 1724662800, 1724673600, 'meeting', ''),
(7482, 1, 307, 1725267600, 1725278400, 'meeting', ''),
(7483, 1, 307, 1725872400, 1725883200, 'meeting', ''),
(7484, 1, 307, 1726477200, 1726488000, 'meeting', ''),
(7485, 1, 307, 1727082000, 1727092800, 'meeting', ''),
(7486, 1, 307, 1727686800, 1727697600, 'meeting', ''),
(7487, 1, 307, 1728291600, 1728302400, 'meeting', ''),
(7488, 1, 307, 1728896400, 1728907200, 'meeting', ''),
(7489, 1, 307, 1729501200, 1729512000, 'meeting', ''),
(7490, 1, 307, 1730106000, 1730116800, 'meeting', ''),
(7491, 1, 307, 1730710800, 1730721600, 'meeting', ''),
(7492, 1, 307, 1731315600, 1731326400, 'meeting', ''),
(7493, 1, 307, 1731920400, 1731931200, 'meeting', ''),
(7494, 1, 307, 1732545000, 1732548600, 'meeting', ''),
(7495, 1, 307, 1733130000, 1733140800, 'meeting', ''),
(7496, 1, 307, 1733734800, 1733745600, 'meeting', ''),
(7497, 1, 307, 1734339600, 1734350400, 'meeting', ''),
(7498, 1, 307, 1734944400, 1734955200, 'meeting', ''),
(7499, 1, 307, 1735549200, 1735560000, 'meeting', ''),
(7501, 2, 379, 1721991600, 1721995200, 'regional conference meeting', ''),
(7502, 1, 175, 1721991600, 1721997000, 'Filmetrics Training', ''),
(7503, 2, 255, 1722002400, 1722006000, 'BM sales discussion', ''),
(7504, 1, 379, 1722002400, 1722004200, 'for online meeting with Kurz', ''),
(7505, 1, 123, 1722013200, 1722016800, 'NOAH Service meeting', ''),
(7506, 2, 102, 1722250800, 1722258000, 'Solvay Meeting', ''),
(7674, 2, 313, 1730473200, 1730480400, 'Meeting with iSTAR Principal for i3D Product Discussion', ''),
(7510, 1, 313, 1722351600, 1722355200, 'Meeting with Ells Worth for Filmetrics Proposal Discussion', ''),
(7511, 1, 363, 1722510000, 1722515400, 'meeting', ''),
(7512, 2, 359, 1722423600, 1722427200, 'Meeting', ''),
(7513, 2, 313, 1722434400, 1722438000, 'Meeting with Ellsworth and Dyson for Filmetrics Project', ''),
(7514, 2, 367, 1722584700, 1722589200, 'interview - John / Sandy', ''),
(7515, 2, 367, 1722610800, 1722614400, 'interview - John / Sandy', ''),
(7516, 2, 348, 1722522600, 1722529800, 'Meeting with Pfeiffer Vacuum', ''),
(7517, 1, 10, 1722940200, 1722947400, 'Training', ''),
(7518, 1, 341, 1722592800, 1722596400, 'PI TigerOptics Meeting', ''),
(7519, 1, 83, 1723111200, 1723118400, 'Meeting', ''),
(7520, 1, 359, 1722866400, 1722873600, 'Meeting', ''),
(7521, 2, 313, 1722936600, 1722940200, 'KLA Bi-weekly Sales Meeting', ''),
(7522, 2, 123, 1723024800, 1723032000, 'Monthly Service meeting', ''),
(7523, 1, 379, 1722960000, 1722963600, 'Polycold service meeting', ''),
(7524, 2, 359, 1723561200, 1723570200, 'Meeting', ''),
(7525, 1, 313, 1723024800, 1723032000, 'Meeting with Intel Penang for KLA Filmetrics Products', ''),
(7526, 2, 102, 1723456800, 1723467600, 'Supplier Meeting', ''),
(7527, 1, 363, 1723464000, 1723467600, 'meeting', ''),
(7528, 1, 123, 1723474800, 1723482000, 'Lifestyle', ''),
(7529, 1, 379, 1723543200, 1723546800, 'Polycold service meeting', ''),
(7530, 2, 366, 1723545000, 1723550400, 'Meeting of fitting manufacturer', ''),
(7531, 2, 367, 1724151600, 1724155200, 'interview - Eric', ''),
(7532, 1, 385, 1723716000, 1723723200, 'meeting', '');
INSERT INTO `roombook` (`bookid`, `roomid`, `staffid`, `kt`, `jt`, `sd`, `ld`) VALUES
(7533, 2, 175, 1725958800, 1725987600, 'Filmetrics Training', ''),
(7535, 2, 367, 1724148000, 1724151600, 'interview - Cheok', ''),
(7536, 2, 175, 1726045200, 1726074000, 'Filmetrics Training', ''),
(7537, 2, 367, 1724079600, 1724083200, 'interview - Eric', ''),
(7538, 2, 359, 1723820400, 1723825800, 'Meeting', ''),
(7539, 2, 175, 1725872400, 1725901200, 'Filmetrics Training', ''),
(7540, 2, 175, 1726131600, 1726160400, 'Filmetrics Training', ''),
(7541, 2, 175, 1726218000, 1726246800, 'Filmetrics Training', ''),
(7544, 7, 102, 1724061600, 1724068800, 'Kluber Meeting', ''),
(7543, 2, 102, 1724061600, 1724068800, 'Kluber Meeting', ''),
(7545, 2, 367, 1724432400, 1724436000, 'Interview - Cheok', ''),
(7546, 1, 379, 1724148000, 1724151600, 'Polycold service meeting', ''),
(7547, 1, 359, 1724248800, 1724252400, 'Meeting', ''),
(7659, 2, 377, 1729612800, 1729616400, 'Meeting', ''),
(7550, 2, 197, 1724662800, 1724691600, 'training for regional VN+ Indo', ''),
(7551, 7, 197, 1724662800, 1724691600, 'Service meeting room training', ''),
(7552, 1, 341, 1724320800, 1724328000, 'PI TigerOptics Meeting', ''),
(7553, 1, 359, 1724767200, 1724781600, 'Meeting and Discussion', ''),
(7557, 1, 379, 1724752800, 1724756400, 'Polycold service meeting', ''),
(7556, 1, 255, 1724423400, 1724427000, 'BM sales discussion', ''),
(7558, 1, 379, 1722679200, 1722682800, 'Polycold service meeting', ''),
(7559, 1, 379, 1723284000, 1723287600, 'Polycold service meeting', ''),
(7560, 1, 379, 1723888800, 1723892400, 'Polycold service meeting', ''),
(7561, 2, 197, 1724749200, 1724778000, 'training for regional VN+ Indo', ''),
(7562, 2, 197, 1724835600, 1724864400, 'training for regional VN+ Indo', ''),
(7563, 2, 197, 1724922000, 1724950800, 'training for regional VN+ Indo', ''),
(7564, 2, 197, 1725008400, 1725037200, 'training for regional VN+ Indo', ''),
(7565, 7, 197, 1724749200, 1724778000, 'service meeting room training', ''),
(7566, 7, 197, 1724835600, 1724864400, 'service meeting room training', ''),
(7567, 7, 197, 1724922000, 1724950800, 'service meeting room training', ''),
(7568, 7, 197, 1725008400, 1725037200, 'service meeting room training', ''),
(7569, 1, 197, 1724749200, 1724752800, 'Shawn Meeting with Naura', ''),
(7573, 1, 313, 1724837400, 1724868000, 'Product Training with APP Thailand', ''),
(7571, 1, 173, 1724947200, 1724950800, 'Meeting with Won Hi Tech', ''),
(7574, 1, 9, 1725548400, 1725553800, 'meeting', ''),
(7575, 1, 367, 1724925600, 1724929200, 'Interview - Cheok', ''),
(7576, 2, 367, 1725361200, 1725364800, 'Interview - Cheok', ''),
(7577, 1, 316, 1724922000, 1724925600, 'Training', ''),
(7578, 1, 316, 1724929200, 1724943600, 'Training', ''),
(7579, 1, 123, 1724943600, 1724947200, 'Lifestyle Meeting', ''),
(7580, 1, 379, 1725357600, 1725361200, 'Polycold service meeting', ''),
(7581, 1, 233, 1725894000, 1725899400, 'Meeting', ''),
(7583, 1, 123, 1726048800, 1726056000, 'Service Monthly Meeting', ''),
(7584, 1, 233, 1725447600, 1725451200, 'Meeting', ''),
(7585, 2, 33, 1725447600, 1725451200, 'meeting', ''),
(7586, 1, 233, 1725634800, 1725642000, 'Meeting', ''),
(7587, 1, 379, 1725962400, 1725966000, 'Polycold service meeting', ''),
(7588, 1, 83, 1725960600, 1725962400, 'CTI Meeting', ''),
(7589, 1, 302, 1726135200, 1726138800, 'Interview - For Cheok', ''),
(7590, 1, 302, 1725976800, 1725980400, 'Interview - For Dennis Li', ''),
(7591, 1, 233, 1726502400, 1726509600, 'John', ''),
(7592, 1, 363, 1726567200, 1726570800, 'meeting', ''),
(7593, 2, 302, 1728554400, 1728558000, 'Exit Interview', ''),
(7594, 1, 341, 1726740000, 1726747200, 'Reliya particle counter training', ''),
(7595, 2, 341, 1726761600, 1726767000, 'TigerOptics training for Thailand sales team', ''),
(7596, 1, 379, 1726736400, 1726740000, 'Polycold online meeting with Edwards', ''),
(7597, 1, 363, 1726754400, 1726758000, 'meeting', ''),
(7598, 2, 102, 1726653600, 1726664400, 'Foamtec meeting', ''),
(7599, 2, 341, 1726758000, 1726761600, 'TigerOptics training for Thailand sales team', ''),
(7600, 2, 377, 1726740000, 1726747200, 'KLA Meeting', ''),
(7601, 2, 367, 1727344800, 1727348400, 'Interview - Cheok', ''),
(7785, 1, 379, 1737016200, 1737019800, 'conference meeting with edwards', ''),
(7790, 2, 367, 1737457200, 1737460800, 'interview - James Lee', ''),
(7788, 1, 182, 1737626400, 1737633600, 'Meeting with PVS New GM', ''),
(7789, 2, 182, 1737385200, 1737392400, 'PV Presentation Discussion', ''),
(7791, 2, 175, 1737468000, 1737478800, 'Filmetrics R54 Testing', ''),
(7793, 1, 228, 1737473400, 1737475200, 'meeting', ''),
(7794, 2, 33, 1737558900, 1737561600, 'meeting', ''),
(7795, 2, 102, 1737644400, 1737651600, 'Solvay Meeting', ''),
(7796, 1, 178, 1737640800, 1737644400, 'meeting', ''),
(7797, 1, 373, 1737729000, 1737734400, 'SSB', ''),
(7798, 2, 182, 1738665000, 1738668600, 'Lifestyle 2025 Meeting', ''),
(7799, 1, 102, 1738922400, 1738929600, 'Kluber Meeting', ''),
(7800, 2, 123, 1738749600, 1738756800, 'Service Monthly Meeting', ''),
(7801, 2, 302, 1739196000, 1739203200, 'Signing of LOA', ''),
(7802, 1, 102, 1738836000, 1738843200, 'Foamtec meeting', ''),
(7803, 2, 313, 1738857600, 1738861200, 'Meeting with XTPL Principal', ''),
(7804, 2, 313, 1738929600, 1738933200, 'Meeting with Foxsemicon Thailand', ''),
(7805, 2, 302, 1739349000, 1739356200, 'New Hire Orientation', ''),
(7806, 1, 379, 1739354400, 1739358000, 'Polycold monthly meeting', ''),
(7861, 1, 307, 1740060000, 1740063600, 'Meeting with PilotPulse AI', ''),
(7809, 2, 7, 1739358000, 1739361600, 'CTI Training', ''),
(7810, 2, 7, 1739361600, 1739365200, 'CTI Training', ''),
(7811, 2, 7, 1739365200, 1739368800, 'CTI Training', ''),
(7812, 2, 7, 1739372400, 1739376000, 'CTI Training', ''),
(7813, 2, 7, 1739376000, 1739379600, 'CTI Training', ''),
(7814, 2, 7, 1739379600, 1739383200, 'CTI Training', ''),
(7815, 7, 7, 1739358000, 1739361600, 'CTI Training', ''),
(7816, 7, 7, 1739361600, 1739365200, 'CTI Training', ''),
(7817, 7, 7, 1739365200, 1739368800, 'CTI Training', ''),
(7818, 7, 7, 1739368800, 1739372400, 'CTI Training', ''),
(7819, 7, 7, 1739372400, 1739376000, 'CTI Training', ''),
(7820, 7, 7, 1739376000, 1739379600, 'CTI Training', ''),
(7821, 7, 7, 1739379600, 1739383200, 'CTI Training', ''),
(7822, 2, 7, 1739437200, 1739440800, 'CTI Training', ''),
(7823, 2, 7, 1739440800, 1739444400, 'CTI Training', ''),
(7824, 2, 7, 1739444400, 1739448000, 'CTI Training', ''),
(7825, 2, 7, 1739448000, 1739451600, 'CTI Training', ''),
(7826, 2, 7, 1739451600, 1739455200, 'CTI Training', ''),
(7827, 2, 7, 1739458800, 1739462400, 'CTI Training', ''),
(7828, 2, 7, 1739462400, 1739466000, 'CTI Training', ''),
(7829, 2, 7, 1739466000, 1739469600, 'CTI Training', ''),
(7831, 7, 7, 1739437200, 1739440800, 'CTI Training', ''),
(7832, 7, 7, 1739440800, 1739444400, 'CTI Training', ''),
(7833, 7, 7, 1739444400, 1739448000, 'CTI Training', ''),
(7834, 7, 7, 1739448000, 1739451600, 'CTI Training', ''),
(7835, 7, 7, 1739451600, 1739455200, 'CTI Training', ''),
(7836, 7, 7, 1739455200, 1739458800, 'CTI Training', ''),
(7837, 7, 7, 1739458800, 1739462400, 'CTI Training', ''),
(7838, 7, 7, 1739462400, 1739466000, 'CTI Training', ''),
(7839, 7, 7, 1739466000, 1739469600, 'CTI Training', ''),
(7840, 2, 7, 1739455200, 1739458800, 'CTI Training', ''),
(7841, 2, 7, 1739869200, 1739872800, 'CTI Training', ''),
(7842, 2, 7, 1739872800, 1739876400, 'CTI Training', ''),
(7843, 2, 7, 1739876400, 1739880000, 'CTI Training', ''),
(7844, 2, 7, 1739880000, 1739883600, 'CTI Training', ''),
(7845, 2, 7, 1739883600, 1739887200, 'CTI Training', ''),
(7846, 2, 7, 1739887200, 1739890800, 'CTI Training', ''),
(7847, 2, 7, 1739890800, 1739894400, 'CTI Training', ''),
(7848, 2, 7, 1739894400, 1739898000, 'CTI Training', ''),
(7849, 2, 7, 1739898000, 1739901600, 'CTI Training', ''),
(7850, 7, 7, 1739869200, 1739872800, 'CTI Training', ''),
(7851, 7, 7, 1739876400, 1739880000, 'CTI Training', ''),
(7852, 7, 7, 1739883600, 1739887200, 'CTI Training', ''),
(7853, 7, 7, 1739887200, 1739890800, 'CTI Training', ''),
(7854, 7, 7, 1739872800, 1739876400, 'CTI Training', ''),
(7855, 7, 7, 1739890800, 1739894400, 'CTI Training', ''),
(7856, 7, 7, 1739894400, 1739898000, 'CTI Training', ''),
(7858, 7, 7, 1739898000, 1739901600, 'CTI Training', ''),
(7859, 7, 7, 1739880000, 1739883600, 'CTI Training', ''),
(7860, 2, 7, 1739368800, 1739372400, 'CTI Training', ''),
(7862, 1, 83, 1739444400, 1739448000, 'Vistor -Endress', ''),
(7863, 1, 83, 1739529000, 1739532600, 'Visitor - Lighthouse', ''),
(7864, 2, 302, 1741186800, 1741190400, 'Exit Interview', ''),
(7865, 2, 40, 1739540700, 1739543400, 'Meeting', ''),
(7866, 2, 175, 1739955600, 1739984400, 'Filmetric Testing', ''),
(7867, 1, 137, 1739890800, 1739894400, 'SEMICON SEA Meeting', ''),
(7868, 1, 341, 1739959200, 1739968200, 'PI TigerOptics Meeting', ''),
(7869, 2, 313, 1740069000, 1740072600, 'Meeting', ''),
(7870, 2, 377, 1740132000, 1740137400, 'Meeting', ''),
(7871, 1, 255, 1744012800, 1744041600, 'Fluigent products demonstration and experimental session', ''),
(7872, 1, 255, 1744185600, 1744214400, 'Fluigent products demonstration and experimental session', ''),
(7873, 2, 182, 1740394800, 1740400200, 'VC Internal Meeting', ''),
(7874, 2, 182, 1740481200, 1740486600, 'VC Internal Meeting', ''),
(7875, 2, 313, 1740407400, 1740420000, 'BE Training for APPM Winson', ''),
(7876, 1, 385, 1740474000, 1740484800, 'meeting', ''),
(7877, 2, 379, 1740475800, 1740479400, 'Polycold service meeting', ''),
(7878, 1, 233, 1741014000, 1741021200, 'Expenditure Budget Meeting', ''),
(7879, 1, 233, 1741098600, 1741109400, 'Expenditure Budget Meeting', ''),
(7880, 1, 255, 1740564000, 1740571200, 'Introduction of Revealer High Speed Camera', ''),
(7881, 1, 130, 1740668400, 1740679200, 'meeting', ''),
(7882, 2, 377, 1740672000, 1740679200, 'Training', ''),
(7883, 2, 313, 1740999600, 1741003200, 'Meeting with Chipbond Taiwan/Malaysia', ''),
(7884, 1, 379, 1741168800, 1741172400, 'Polycold Monthly meeting', ''),
(7885, 2, 313, 1741017600, 1741021200, 'Meeting with Rockwell Xue Feng', ''),
(7886, 2, 341, 1741015800, 1741017600, 'Meeting with GF CVD manager', ''),
(7887, 1, 359, 1741273200, 1741284300, 'Meeting and Discussion', ''),
(7888, 2, 359, 1741165200, 1741177800, 'Meeting and Discussion', ''),
(7889, 2, 123, 1741255200, 1741262400, 'VEO/IND Monthly Service meeting', ''),
(7890, 1, 313, 1741179600, 1741197600, 'KLA Business Review Meeting', ''),
(7891, 2, 302, 1742914800, 1742918400, 'Exit Interview', ''),
(7892, 2, 251, 1741273200, 1741275000, 'Meeting', ''),
(7893, 2, 377, 1741276800, 1741280400, 'Meeting', ''),
(7894, 1, 307, 1741597200, 1741608000, 'meeting', ''),
(7895, 1, 307, 1742202000, 1742212800, 'meeting', ''),
(7896, 1, 307, 1742806800, 1742817600, 'meeting', ''),
(7897, 2, 307, 1744016400, 1744027200, 'meeting', ''),
(7898, 1, 307, 1744621200, 1744632000, 'meeting', ''),
(7899, 1, 367, 1741939200, 1741975200, 'Gen AI course', ''),
(7900, 1, 367, 1742544000, 1742580000, 'Gen AI course', ''),
(7901, 1, 367, 1743062400, 1743098400, 'Gen AI course', ''),
(7902, 1, 367, 1743667200, 1743703200, 'Gen AI course', ''),
(7903, 1, 367, 1743148800, 1743184800, 'Gen AI course', ''),
(7904, 1, 367, 1743753600, 1743789600, 'Gen AI course', ''),
(7905, 1, 367, 1744272000, 1744308000, 'Gen AI course', ''),
(7906, 1, 367, 1744876800, 1744912800, 'Gen AI course', ''),
(7907, 1, 367, 1747296000, 1747332000, 'Gen AI course', ''),
(8001, 1, 367, 1748250000, 1748282400, 'Gen AI course', ''),
(7909, 1, 367, 1747382400, 1747418400, 'Gen AI course', ''),
(7910, 1, 367, 1747987200, 1748023200, 'Gen AI course', ''),
(7911, 1, 367, 1748505600, 1748541600, 'Gen AI course', ''),
(8062, 1, 363, 1749133800, 1749141000, 'meeting', ''),
(7913, 1, 367, 1749196800, 1749232800, 'Gen AI course', ''),
(7914, 1, 367, 1748592000, 1748628000, 'Gen AI course', ''),
(7915, 1, 313, 1741359600, 1741370400, 'KLA Principal Visit and Meeting', ''),
(7916, 2, 348, 1741361400, 1741365000, 'Teams Meeting with APP Thailand', ''),
(7917, 2, 175, 1741597200, 1741626000, 'Filmetrics Training', ''),
(7918, 2, 126, 1741705200, 1741712400, 'meeting', ''),
(7919, 2, 379, 1741685400, 1741689000, 'Polycold weekly meeting', ''),
(7920, 1, 102, 1741687200, 1741694400, 'Kluber Meeting', ''),
(7921, 1, 197, 1741705200, 1741708800, 'Noah Meeting', ''),
(7922, 2, 255, 1744192800, 1744200000, 'BM discussion', ''),
(7923, 2, 367, 1741946400, 1741950000, 'interview - Thiva', ''),
(7924, 2, 379, 1741854600, 1741860000, 'for meeting with Edwards', ''),
(7925, 2, 367, 1742464800, 1742468400, 'interview - Thiva', ''),
(7926, 1, 229, 1741872600, 1741878000, 'meeting', ''),
(7927, 2, 367, 1742382000, 1742385600, 'interview - Eric Loke', ''),
(7938, 1, 363, 1742464800, 1742472000, 'meeting', ''),
(7943, 2, 7, 1742896800, 1742900400, 'Micron VSO Training', ''),
(7930, 2, 313, 1741950000, 1741953600, 'Meeting with Chipbond Taiwan/Malaysia', ''),
(7931, 2, 313, 1742202000, 1742216400, 'Meeting with New Principal XTPL Poland', ''),
(7932, 1, 233, 1742225400, 1742234400, 'Meeting', ''),
(7933, 1, 233, 1742306400, 1742317200, 'Meeting', ''),
(7934, 2, 379, 1742290200, 1742293800, 'Polycold weekly service meeting', ''),
(7935, 2, 359, 1742223600, 1742227200, 'Meeting and Discussion', ''),
(7936, 1, 313, 1742382000, 1742385600, 'KLA Meeting for KPTec Finalization', ''),
(7937, 2, 313, 1742394600, 1742398200, 'Meeting with Chipbond Taiwan/Malaysia', ''),
(7940, 1, 367, 1742896800, 1742900400, 'interview - Eric Loke', ''),
(7942, 2, 7, 1742889600, 1742893200, 'Micron VSO Training', ''),
(7944, 2, 7, 1742893200, 1742896800, 'Micron VSO Training', ''),
(7945, 2, 7, 1742900400, 1742904000, 'Micron VSO Training', ''),
(7946, 1, 307, 1742826600, 1742830200, 'Meeting', ''),
(7948, 1, 255, 1742983200, 1742990400, 'Megarobo training', ''),
(7949, 1, 379, 1742895000, 1742896800, 'Polycold weekly service meeting', ''),
(7950, 1, 65, 1742900400, 1742911200, 'Meeting', ''),
(7951, 1, 65, 1742979600, 1742983200, 'Meeting', ''),
(7952, 2, 255, 1744027200, 1744030800, 'BM Sales meeting', ''),
(7954, 2, 341, 1743156000, 1743163200, 'PI TigerOptics Meeting', ''),
(7955, 2, 359, 1743069600, 1743075000, 'Meeting and Discussion', ''),
(7956, 2, 377, 1743087600, 1743091200, 'XTPL-Meeting', ''),
(7957, 2, 123, 1743588000, 1743595200, 'Monthly Service Meeting', ''),
(7958, 1, 379, 1743499800, 1743503400, 'For Polycold weekly meeting', ''),
(7959, 2, 313, 1743517800, 1743523200, 'Meeting with Delta Thailand', ''),
(7960, 1, 379, 1744106400, 1744110000, 'POLYCOLD monthly meeting', ''),
(7961, 2, 251, 1743669600, 1743670500, 'Meeting', ''),
(7962, 2, 313, 1743674400, 1743678000, 'Meeting with Seagate Thailand', ''),
(7963, 2, 302, 1744988400, 1744992000, 'Exit Interview', ''),
(7964, 1, 83, 1744381800, 1744387200, 'Meeting on Chillers', ''),
(7965, 1, 307, 1745226000, 1745236800, 'meeting', ''),
(7966, 1, 307, 1745830800, 1745841600, 'meeting', ''),
(7967, 1, 307, 1746435600, 1746446400, 'meeting', ''),
(7968, 1, 307, 1747645200, 1747656000, 'meeting', ''),
(7969, 2, 307, 1748250000, 1748260800, 'meeting', ''),
(7970, 2, 302, 1745506800, 1745510400, 'Exit Interview', ''),
(7971, 2, 182, 1744385400, 1744389000, 'Lifestyle 2025 Meeting', ''),
(7972, 2, 377, 1744108200, 1744113600, 'KLA Meeting', ''),
(8015, 2, 313, 1746457200, 1746460800, 'Meeting with Buhler Germany', ''),
(7974, 2, 123, 1749031200, 1749038400, 'Monthly service meeting', ''),
(7975, 2, 123, 1751450400, 1751457600, 'Monthly service meeting', ''),
(7976, 2, 123, 1754474400, 1754481600, 'Monthly service meeting', ''),
(7977, 2, 123, 1756893600, 1756900800, 'Monthly service meeting', ''),
(7978, 2, 123, 1759312800, 1759320000, 'Monthly service meeting', ''),
(7979, 2, 123, 1762336800, 1762344000, 'Monthly service meeting', ''),
(7980, 2, 123, 1764756000, 1764763200, 'Monthly service meeting', ''),
(7981, 2, 367, 1744365600, 1744369200, 'Interview - Cheok', ''),
(7982, 1, 173, 1744641000, 1744650000, 'IR SVT Training', ''),
(7983, 2, 341, 1744293600, 1744300800, 'UMC Customer Meeting', ''),
(7985, 2, 251, 1744621200, 1744626600, 'Meeting', ''),
(7986, 2, 302, 1744797600, 1744801200, 'Interview - For Cheok', ''),
(7987, 2, 393, 1744639200, 1744646400, 'Application meeting', ''),
(7988, 2, 367, 1744725600, 1744729200, 'Interview - Cheok', ''),
(7989, 1, 379, 1744709400, 1744713000, 'POLYCOLD WEEKLY MEETING', ''),
(8002, 1, 313, 1747656000, 1747677600, 'KLA USA Products Training', ''),
(8003, 2, 313, 1747645200, 1747656000, 'KLA USA Products Training', ''),
(8004, 2, 255, 1745510400, 1745514000, 'BM sales discussion', ''),
(8005, 1, 251, 1746198000, 1746205200, 'Meeting', ''),
(8006, 2, 313, 1745852400, 1745856000, 'Meeting with DIP-View Principal for Sales Updates', ''),
(8007, 2, 302, 1745920800, 1745924400, 'Interview - For Cheok', ''),
(8008, 2, 302, 1746010800, 1746014400, 'Signing of LOA', ''),
(8009, 1, 313, 1745917200, 1745924400, 'Meeting with Optikos Principal', ''),
(8010, 2, 228, 1745938800, 1745946000, 'meeting', ''),
(8011, 1, 313, 1745942400, 1745946000, 'Meeting with XTPL Principal', ''),
(8012, 2, 373, 1746007200, 1746010800, 'Meeting', ''),
(8013, 1, 65, 1746714600, 1746721800, 'BM meeting', ''),
(8014, 2, 123, 1747216800, 1747224000, 'Monthly Service meeting', ''),
(8016, 2, 341, 1746543600, 1746549000, 'Customer Meeting', ''),
(8017, 1, 313, 1747144800, 1747159200, 'Meeting with Skyworks Global Sourcing Director', ''),
(8018, 2, 302, 1746712800, 1746716400, 'Signing of LOA', ''),
(8019, 1, 302, 1747823400, 1747827000, 'Interview - For Cheok', ''),
(8020, 2, 377, 1746700200, 1746705600, 'KLA Meeting', ''),
(8021, 2, 341, 1746716400, 1746720000, 'Customer Meeting', ''),
(8022, 2, 385, 1746784800, 1746788400, 'meeting', ''),
(8023, 2, 302, 1747130400, 1747134000, 'Interview - For Dennis', ''),
(8024, 1, 302, 1747134000, 1747137600, 'Meeting with Agent', ''),
(8025, 2, 175, 1747134000, 1747137600, 'Review', ''),
(8026, 1, 379, 1747128600, 1747132200, 'POlycold weekly meeting', ''),
(8030, 2, 379, 1747384200, 1747387800, 'for Edwards conference call', ''),
(8028, 2, 182, 1747666800, 1747674000, 'Meeting with Technoorg Linda MD', ''),
(8029, 2, 367, 1747238400, 1747242000, 'interview - Thiva', ''),
(8031, 2, 7, 1747731600, 1747735200, 'CTI Training', ''),
(8032, 2, 7, 1747735200, 1747738800, 'CTI Training', ''),
(8033, 2, 7, 1747738800, 1747742400, 'CTI Training', ''),
(8034, 2, 7, 1747742400, 1747746000, 'CTI Training', ''),
(8035, 2, 7, 1747746000, 1747749600, 'CTI Training', ''),
(8036, 2, 7, 1747749600, 1747753200, 'CTI Training', ''),
(8037, 2, 7, 1747753200, 1747756800, 'CTI Training', ''),
(8038, 2, 7, 1747756800, 1747760400, 'CTI Training', ''),
(8039, 2, 7, 1747760400, 1747764000, 'CTI Training', ''),
(8040, 2, 7, 1747987200, 1747990800, 'CTI Training', ''),
(8041, 2, 7, 1747990800, 1747994400, 'CTI Training', ''),
(8042, 2, 7, 1747994400, 1747998000, 'CTI Training', ''),
(8043, 2, 7, 1747998000, 1748001600, 'CTI Training', ''),
(8044, 2, 7, 1748005200, 1748008800, 'CTI Training', ''),
(8045, 2, 7, 1748001600, 1748005200, 'CTI Training', ''),
(8046, 2, 7, 1748008800, 1748012400, 'CTI Training', ''),
(8047, 2, 7, 1748012400, 1748016000, 'CTI Training', ''),
(8048, 2, 7, 1748016000, 1748019600, 'CTI Training', ''),
(8049, 2, 7, 1748019600, 1748023200, 'CTI Training', ''),
(8050, 2, 7, 1747656000, 1747659600, 'CTI Training', ''),
(8051, 2, 7, 1747659600, 1747663200, 'CTI Training', ''),
(8052, 2, 7, 1747663200, 1747666800, 'CTI Training', ''),
(8053, 1, 233, 1747737000, 1747742400, 'Meeting Auditors', ''),
(8054, 1, 379, 1747733400, 1747737000, 'POlycold weekly meeting', ''),
(8055, 1, 33, 1747751400, 1747755000, 'Meeting with forwarder', ''),
(8056, 2, 302, 1747825200, 1747828800, 'Interview - For CP', ''),
(8057, 1, 65, 1748354400, 1748361600, 'Meeting', ''),
(8058, 1, 379, 1748338200, 1748341800, 'meeting', ''),
(8059, 1, 392, 1748426400, 1748430000, 'bizsafe meeting', ''),
(8060, 2, 379, 1748426400, 1748430000, 'meeting', ''),
(8061, 1, 251, 1748442600, 1748449800, 'meeting', ''),
(8063, 2, 363, 1748599200, 1748606400, 'meeting', ''),
(8064, 2, 9, 1748358000, 1748361600, 'meeting', '');

-- --------------------------------------------------------

--
-- Table structure for table `staff`
--

CREATE TABLE `staff` (
  `staffid` int(10) NOT NULL,
  `firstname` varchar(100) NOT NULL DEFAULT '',
  `lastname` varchar(100) NOT NULL DEFAULT '',
  `staffname` varchar(30) NOT NULL DEFAULT '',
  `staffpass` varchar(100) NOT NULL DEFAULT '',
  `recep` int(1) NOT NULL DEFAULT '0'
) ENGINE=MyISAM DEFAULT CHARSET=latin1;

--
-- Dumping data for table `staff`
--

INSERT INTO `staff` (`staffid`, `firstname`, `lastname`, `staffname`, `staffpass`, `recep`) VALUES
(10, 'Darren', 'Tan', 'darren.tan', 'berger24', 0),
(7, 'Gim Chwee', 'Cheok', 'gimchwee.cheok', 'spring68', 0),
(352, 'Chloe', 'Yap', 'chloe.yap', '123456', 1),
(9, 'CP', 'Lee', 'cp.lee', 'leep9982', 0),
(354, 'Yin Wen', 'Chia', 'yinwen.chia', 'Vam58632', 1),
(328, 'Zhi Yong', 'Woon', 'zhiyong.woon', '123456', 1),
(178, 'Angeline', 'Sapida', 'angeline.de', '122178', 0),
(76, 'Opto', 'Precision', 'Opto', 'optoprecision', 0),
(20, 'Lian Eng', 'Hoong', 'lianeng.hoong', 'huihui', 0),
(21, 'James', 'Lee', 'james.lee', 'casino118', 0),
(302, 'Kelly', 'Sih', 'kelly.sih', 'Kskl1390', 0),
(23, 'Jasmani', 'H', 'jasmani.h', '123456', 0),
(25, 'Jeffrey', 'Osman', 'jeffrey.osman', '2158565', 0),
(26, 'Jennifer', 'Yap', 'jennifer.yap', 'SMARTIE', 0),
(29, 'Karen', 'Peh', 'karen.peh', '121083', 0),
(32, 'Shivin', 'Lay', 'shivin.lay', '7585978', 0),
(33, 'Nan Lee', 'Liau', 'nanlee.liau', 'nanlee33', 0),
(40, 'Sutjipto', 'U', 'sutjipto.u', 'asui', 0),
(317, 'Yong Soon', 'Chin', 'yongsoon.chin', '123456', 0),
(48, 'SL', 'Lee', 'sl.lee', '111981', 0),
(233, 'John ', 'Ooi', 'John', '2416828', 0),
(179, 'Seng Chee ', 'So', 'sengchee.so', 'orange', 0),
(326, 'Chris ', 'Ong', 'chris.ong', 'Cho12078', 1),
(58, 'Hassan', 'A', 'hassan.a', '123456', 0),
(311, 'Ruhi ', 'Tan', 'ruhi.tan', '860929', 0),
(248, 'Jesus', 'Flora', 'jesus.flora', '082581', 0),
(65, 'Wei Kiong', 'Ong', 'weikiong.ong', '80106996', 0),
(66, 'Peilin', 'Ong', 'peilin.ong', 'service', 0),
(102, 'Rudy', 'Johari', 'Rudy', '123456', 0),
(70, 'recep', 'recep', 'recep', 'appsystems', 1),
(123, 'Soon Hung', 'Kian', 'soonhung.kian', '19740712', 0),
(126, 'Stephen', 'Wong', 'stephen.wong', 'sf', 0),
(150, 'Alvin', 'Vergara', 'alvin.vergara', 'vincel001', 0),
(83, 'Roy', 'Koh', 'roy.koh', '123456', 0),
(86, 'Amit', 'Kumar', 'axon', 'dev', 1),
(301, 'Madhavan Pillai ', 'Sarakkumar', 'sarakkumar.m', 'msarakkumar', 0),
(336, 'Mohamed Faaiz ', 'Bin Haja Junaid', 'faaiz.h', '123456', 1),
(341, 'Catherine', 'Ang', 'catherine.ang', 'app918', 1),
(232, 'James', 'Tay', 'james.tay', 'james822', 0),
(129, 'Htet Hlaing', 'Zaw', 'htethlaing.zaw', 'zhh123', 0),
(130, 'Morris', 'Phang', 'morris.phang', 'tepl02', 0),
(137, 'Pei Lin', 'Lim', 'peilin.lim', 'atabeyergul', 0),
(180, 'Sulami', 'As', 'sulami.as', 'op103', 0),
(251, 'Sandy', 'Tan', 'sandy.tan', 't0219993e', 0),
(147, 'Eric', 'Loke', 'eric.loke', 'ericloke', 0),
(321, 'William', 'Ng', 'william.ng', 'ngsy1980', 1),
(223, 'Myo Min', 'Aung', 'myomin.aung', '123456', 0),
(344, 'Abdul Wahid ', 'Bin Mohd Kadar', 'wahid.a', 'awsygabg', 1),
(172, 'Pitchaimani', 'Regu', 'regu.p', 'sindhu91', 0),
(173, 'Ronald', 'Yeu', 'ronald.yeu', '123456', 0),
(175, 'Dennis', 'Hou', 'dennis.hou', 'dennis07', 0),
(345, 'Hayden', 'Tan', 'hayden.tan', 'Hayden4', 1),
(182, 'Meng Tin', 'Lim', 'mengtin.lim', '123456', 0),
(229, 'Peng Hua', 'Khor', 'penghua.khor', '123456', 0),
(267, 'Steven', 'Thian', 'steven.thian', 'westgate', 0),
(228, 'Allan Pastor Manago', 'Manago', 'allan.m', 'allan12345', 0),
(197, 'Shawn ', 'Chan', 'shawn.chan', '123456', 0),
(201, 'Janice', 'Chua', 'janice.chua', '693624', 0),
(200, 'Thiva', 'S', 'thiva.s', '123456', 0),
(255, 'Ken', 'Chan', 'ken.chan', 'S7607932C', 1),
(275, 'May See', 'Tam', 'maysee.tam', '7788403', 0),
(307, 'Dennis ', 'Li', 'dennis.li', '123456', 1),
(224, 'Joanne', 'Lee', 'aichuen.lee', '123456', 0),
(217, 'Consesa', 'Pascua Concepcion', 'consesa.p', 'andi09', 0),
(231, 'Alex ', 'See', 'alex.see', 'a080277a', 0),
(288, 'Herwan ', 'Bin Mohamad Yusoff', 'herwan.my', '123456', 0),
(348, 'Kee Hong', 'Ng', 'keehong.ng', 'snkhlfcf88', 1),
(242, 'Mylene ', 'Jacinto', 'mylene.jacinto', 'MYleave123', 1),
(366, 'David', 'Hor', 'david.hor', '123456', 1),
(313, 'Michael', 'Toy', 'michael.toy', '12345678', 0),
(282, 'Nur Zalikha', 'J', 'nurzalikha.j', 'Leave123', 1),
(320, 'Thiha', 'Aung ', 'thiha.aung', 'aungthiha175', 0),
(353, 'Chun Yu', 'Wong', 'chunyu.wong', '123456', 1),
(395, 'Anastasia Irene', 'Handoyo', 'irene.handoyo', '123456', 0),
(316, 'Mervyn ', 'De Silva', 'mervyn.ds', '5358818', 0),
(325, 'Shueng Cheng', 'Kiu ', 'shuengcheng.kiu', '123456', 1),
(351, 'Raymond', 'Lee', 'raymond.lee', 'Rlclcsy75', 0),
(335, 'Yit Ning', 'Loh', 'yitning.loh', '123456', 1),
(339, 'Jimmy ', 'Ho', 'jimmy.ho', 'jimmy99', 1),
(340, 'Chee Wee', 'Lee', 'cheewee.lee', '123456', 1),
(342, 'Qinglin', 'Chen', 'qinglin.chen', '123456', 1),
(396, 'Seng Peng', 'Beh ', 'sengpeng.beh', '123456', 0),
(356, 'Mohammad Haziq Hakim', 'Bin Mohd Zareie', 'haziq.h', '123456', 1),
(358, 'Vignesswaran ', 'Mogan', 'vignesswaran.m', '123456', 1),
(359, 'Bladen', 'Ng', 'bladen.ng', 'Bl@d3n123!', 1),
(363, 'Ronnie', 'Tan', 'ronnie.tan', '97477600', 1),
(364, 'Muhammad Hazwan ', 'Bin Salleh', 'hazwan.s', '123456', 1),
(367, 'Siti Khadijah ', 'Binte Haron', 'sitikhadijah.h', '123456', 1),
(393, 'Zhan Peng', 'Chin ', 'zhanpeng.chin', 'chin0470', 0),
(373, 'Alan ', 'Lee', 'alan.lee', 'Crsz0101', 0),
(372, 'Janice', 'Lee', 'janice.lee', '123456', 1),
(394, 'Guang', 'Zhai', 'guang.zhai', 'Tracy080611', 0),
(378, 'Boyang', 'Zheng ', 'boyang.zheng', '123456', 0),
(377, 'Gina Bianca Pangsengim', 'Ardiente', 'gina.bianca', '123456', 0),
(379, 'Joseph', 'Kaung', 'Joseph ', 'kaung1982', 0),
(380, 'Hee Wee', 'Low', 'heewee.low', '123456', 0),
(381, 'Rubenkumar', 'Kamaraj', 'ruben.k', '123456', 0),
(382, 'Hoi Leong', 'Cheah', 'hoileong.cheah', '123456', 0),
(383, 'Dave', 'Chin', 'dave.chin', '123456', 0),
(384, 'Alex', 'Goh', 'alex.goh', '123456', 0),
(385, 'Kian Seng', 'Loh', 'kianseng.loh', '123456', 0),
(386, 'Jia Sin', 'Liang', 'jiasin.liang', '123456', 0),
(388, 'Zhi Hao', 'Ong', 'zhihao.ong', '123456', 0),
(389, 'Paskaran', 'S/O Krishnan', 'paskaran.k', '123456', 0),
(390, 'Wei Ting', 'Tay', 'weiting.tay', '123456', 0),
(391, 'Sin Hooi', 'Toh', 'sinhooi.toh', '123456', 0),
(392, 'Jessica', 'Wong', 'jessica.wong', '123456', 0);

-- --------------------------------------------------------

--
-- Table structure for table `test`
--

CREATE TABLE `test` (
  `moveid` int(11) NOT NULL,
  `staffid` int(11) NOT NULL
) ENGINE=MyISAM DEFAULT CHARSET=latin1;

--
-- Indexes for dumped tables
--

--
-- Indexes for table `application`
--
ALTER TABLE `application`
  ADD PRIMARY KEY (`appid`),
  ADD UNIQUE KEY `appid` (`appid`);

--
-- Indexes for table `cats`
--
ALTER TABLE `cats`
  ADD PRIMARY KEY (`catid`),
  ADD UNIQUE KEY `catid` (`catid`);

--
-- Indexes for table `events`
--
ALTER TABLE `events`
  ADD PRIMARY KEY (`eventid`),
  ADD UNIQUE KEY `eventid` (`eventid`);

--
-- Indexes for table `job`
--
ALTER TABLE `job`
  ADD PRIMARY KEY (`jobid`),
  ADD UNIQUE KEY `jobid` (`jobid`);

--
-- Indexes for table `jobcat`
--
ALTER TABLE `jobcat`
  ADD PRIMARY KEY (`jobcatid`),
  ADD UNIQUE KEY `jobcatid` (`jobcatid`);

--
-- Indexes for table `job_application`
--
ALTER TABLE `job_application`
  ADD PRIMARY KEY (`jobid`,`appid`);

--
-- Indexes for table `job_cat`
--
ALTER TABLE `job_cat`
  ADD PRIMARY KEY (`jobid`,`jobcatid`);

--
-- Indexes for table `media_category`
--
ALTER TABLE `media_category`
  ADD PRIMARY KEY (`categoryID`),
  ADD UNIQUE KEY `categoryID` (`categoryID`);

--
-- Indexes for table `media_media`
--
ALTER TABLE `media_media`
  ADD PRIMARY KEY (`mediaID`),
  ADD UNIQUE KEY `mediaID` (`mediaID`);

--
-- Indexes for table `move`
--
ALTER TABLE `move`
  ADD PRIMARY KEY (`moveid`),
  ADD UNIQUE KEY `moveid` (`moveid`);

--
-- Indexes for table `movetype`
--
ALTER TABLE `movetype`
  ADD PRIMARY KEY (`typeid`),
  ADD UNIQUE KEY `typeid` (`typeid`);

--
-- Indexes for table `move_staff`
--
ALTER TABLE `move_staff`
  ADD PRIMARY KEY (`moveid`,`staffid`);

--
-- Indexes for table `move_type`
--
ALTER TABLE `move_type`
  ADD PRIMARY KEY (`moveid`,`typeid`);

--
-- Indexes for table `news`
--
ALTER TABLE `news`
  ADD PRIMARY KEY (`id`),
  ADD UNIQUE KEY `id` (`id`);

--
-- Indexes for table `news_category`
--
ALTER TABLE `news_category`
  ADD PRIMARY KEY (`categoryID`),
  ADD UNIQUE KEY `categoryID` (`categoryID`),
  ADD UNIQUE KEY `categoryName` (`categoryName`);

--
-- Indexes for table `products`
--
ALTER TABLE `products`
  ADD PRIMARY KEY (`productid`),
  ADD UNIQUE KEY `productid` (`productid`);

--
-- Indexes for table `room`
--
ALTER TABLE `room`
  ADD PRIMARY KEY (`roomid`),
  ADD UNIQUE KEY `roomid` (`roomid`);

--
-- Indexes for table `roombook`
--
ALTER TABLE `roombook`
  ADD PRIMARY KEY (`bookid`),
  ADD UNIQUE KEY `bookid` (`bookid`);

--
-- Indexes for table `staff`
--
ALTER TABLE `staff`
  ADD PRIMARY KEY (`staffid`),
  ADD UNIQUE KEY `staffid` (`staffid`);

--
-- AUTO_INCREMENT for dumped tables
--

--
-- AUTO_INCREMENT for table `application`
--
ALTER TABLE `application`
  MODIFY `appid` int(20) NOT NULL AUTO_INCREMENT, AUTO_INCREMENT=85;

--
-- AUTO_INCREMENT for table `cats`
--
ALTER TABLE `cats`
  MODIFY `catid` int(10) NOT NULL AUTO_INCREMENT, AUTO_INCREMENT=577;

--
-- AUTO_INCREMENT for table `events`
--
ALTER TABLE `events`
  MODIFY `eventid` int(10) NOT NULL AUTO_INCREMENT, AUTO_INCREMENT=1660;

--
-- AUTO_INCREMENT for table `job`
--
ALTER TABLE `job`
  MODIFY `jobid` int(20) NOT NULL AUTO_INCREMENT, AUTO_INCREMENT=27;

--
-- AUTO_INCREMENT for table `jobcat`
--
ALTER TABLE `jobcat`
  MODIFY `jobcatid` int(10) NOT NULL AUTO_INCREMENT, AUTO_INCREMENT=11;

--
-- AUTO_INCREMENT for table `media_category`
--
ALTER TABLE `media_category`
  MODIFY `categoryID` int(10) UNSIGNED NOT NULL AUTO_INCREMENT, AUTO_INCREMENT=4;

--
-- AUTO_INCREMENT for table `media_media`
--
ALTER TABLE `media_media`
  MODIFY `mediaID` bigint(20) UNSIGNED NOT NULL AUTO_INCREMENT, AUTO_INCREMENT=42;

--
-- AUTO_INCREMENT for table `move`
--
ALTER TABLE `move`
  MODIFY `moveid` int(20) NOT NULL AUTO_INCREMENT, AUTO_INCREMENT=87751;

--
-- AUTO_INCREMENT for table `movetype`
--
ALTER TABLE `movetype`
  MODIFY `typeid` int(10) NOT NULL AUTO_INCREMENT, AUTO_INCREMENT=24;

--
-- AUTO_INCREMENT for table `news`
--
ALTER TABLE `news`
  MODIFY `id` int(11) NOT NULL AUTO_INCREMENT, AUTO_INCREMENT=7;

--
-- AUTO_INCREMENT for table `news_category`
--
ALTER TABLE `news_category`
  MODIFY `categoryID` int(10) NOT NULL AUTO_INCREMENT, AUTO_INCREMENT=4;

--
-- AUTO_INCREMENT for table `products`
--
ALTER TABLE `products`
  MODIFY `productid` int(20) NOT NULL AUTO_INCREMENT, AUTO_INCREMENT=441;

--
-- AUTO_INCREMENT for table `room`
--
ALTER TABLE `room`
  MODIFY `roomid` int(10) NOT NULL AUTO_INCREMENT, AUTO_INCREMENT=8;

--
-- AUTO_INCREMENT for table `roombook`
--
ALTER TABLE `roombook`
  MODIFY `bookid` int(20) NOT NULL AUTO_INCREMENT, AUTO_INCREMENT=8065;

--
-- AUTO_INCREMENT for table `staff`
--
ALTER TABLE `staff`
  MODIFY `staffid` int(10) NOT NULL AUTO_INCREMENT, AUTO_INCREMENT=397;
COMMIT;

